{"id":56130,"guid":{"rendered":"https:\/\/graf.cat\/?post_type=event&#038;p=56130"},"modified":"2026-04-07T15:32:33","modified_gmt":"2026-04-07T13:32:33","slug":"las-enumeraciones","status":"publish","type":"event","link":"https:\/\/graf.cat\/en\/events\/event\/las-enumeraciones\/","title":{"rendered":"Las enumeraciones"},"content":{"rendered":"","protected":false},"excerpt":{"rendered":"","protected":false},"author":19,"featured_media":56137,"template":"","meta":{"_acf_changed":false,"_monsterinsights_skip_tracking":false,"_monsterinsights_sitenote_active":false,"_monsterinsights_sitenote_note":"","_monsterinsights_sitenote_category":0},"event-venues":[],"event-tags":[],"class_list":["post-56130","event","type-event","status-publish","has-post-thumbnail","hentry","event-category-arts-in-viu"],"acf":{"title_ca":"Las enumeraciones","title_es":"Las enumeraciones","title_en":"Las enumeraciones","desc_ca":"DIMECRES DE SO I COS - Concert de sintetitzador modular amb Luis Codera Puzo\r\n\r\nLuis Codera Puzo ha estat una figura especialment activa en l\u2019\u00e0mbit dels sintetitzadors modulars, per als quals ha compost nombroses obres en una \u00e0mplia varietat de formats, des de peces solistes fins a l\u2019estrena d\u2019una de les primeres obres escrites per a sintetitzador modular i orquestra.\r\n\r\nEl seu enfocament de la s\u00edntesi modular posa l\u2019\u00e8mfasi en la performativitat per maximitzar la interacci\u00f3 en directe amb l\u2019instrument i desenvolupar una t\u00e8cnica instrumental que permet un alt grau de control del so en temps real.\r\n\r\nLa primera part del programa,\u00a0<i>Splendor<\/i>, \u00e9s una exploraci\u00f3 hipn\u00f2tica de m\u00faltiples oscil\u00b7ladors anal\u00f2gics que realitzen un glissando continu. La configuraci\u00f3 ideal implica una sala completament a les fosques, on l\u2019oient queda immers en una massa sonora en transformaci\u00f3 constant i transita per diversos estats de tr\u00e0nsit i \u00e8xtasi. La segona pe\u00e7a,\u00a0<i>Las enumeraciones<\/i>, t\u00e9 un car\u00e0cter m\u00e9s expansiu i un fort component performatiu.\r\n\r\nConsisteix en una s\u00e8rie de situacions sonores que emergeixen de configuracions precises per\u00f2 vol\u00e0tils del sintetitzador: sons min\u00fasculs o massius que sorgeixen de modulacions dr\u00e0stiques d\u2019oscil\u00b7ladors anal\u00f2gics i de seq\u00fc\u00e8ncies extremadament r\u00e0pides, i que desapareixen o es transformen amb el m\u00e9s m\u00ednim ajust de par\u00e0metres.\r\n\r\n&nbsp;\r\n\r\nActivitat oberta a tothom i gratu\u00efta amb aforament limitat a 55 persones\r\n<b>Idioma:\u00a0<\/b>catal\u00e0 i castell\u00e0","desc_es":"MI\u00c9RCOLES DE SONIDO Y CUERO - Concierto de sintetizador modular con Luis Codera Puzo\r\n<div class=\"text aem-GridColumn aem-GridColumn--default--12\">\r\n<div id=\"text-6b72492a75\" class=\"cmp-text margin-container\" data-cmp-data-layer=\"{&quot;text-6b72492a75&quot;:{&quot;@type&quot;:&quot;aem-arts\/components\/content\/text\/v1\/text&quot;,&quot;repo:modifyDate&quot;:&quot;2026-03-24T10:32:01Z&quot;,&quot;xdm:text&quot;:&quot;&lt;p&gt;Luis Codera Puzo ha sido una figura especialmente activa en el \u00e1mbito de los sintetizadores modulares, para los que ha compuesto numerosas obras en una amplia variedad de formatos, desde piezas solistas hasta el estreno de una de las primeras obras escritas para sintetizador modular y orquesta.&lt;\/p&gt;\\r\\n&lt;p&gt;Su enfoque de la s\u00edntesis modular pone el \u00e9nfasis en la performatividad para maximizar la interacci\u00f3n en directo con el instrumento y desarrollar una t\u00e9cnica instrumental que permite un alto grado de control del sonido en tiempo real.&lt;\/p&gt;\\r\\n&lt;p&gt;La primera parte del programa, &lt;i&gt;Splendor&lt;\/i&gt;, es una exploraci\u00f3n hipn\u00f3tica de m\u00faltiples osciladores anal\u00f3gicos que realizan un &lt;i&gt;glissando&lt;\/i&gt; continuo. La configuraci\u00f3n ideal implica una sala completamente a oscuras, donde el oyente queda inmerso en una masa sonora en transformaci\u00f3n constante y transita por varios estados de trance y \u00e9xtasis. La segunda pieza, &lt;i&gt;Las enumeraciones&lt;\/i&gt;, tiene un car\u00e1cter m\u00e1s expansivo y un fuerte componente performativo.&lt;\/p&gt;\\r\\n&lt;p&gt;Consiste en una serie de situaciones sonoras que emergen de configuraciones precisas pero vol\u00e1tiles del sintetizador: sonidos min\u00fasculos o masivos que surgen de modulaciones dr\u00e1sticas de osciladores anal\u00f3gicos y de secuencias extremadamente r\u00e1pidas, que desaparecen o se transforman con el m\u00e1s m\u00ednimo ajuste de par\u00e1metros.&lt;\/p&gt;\\r\\n&quot;}}\">\r\n\r\nLuis Codera Puzo ha sido una figura especialmente activa en el \u00e1mbito de los sintetizadores modulares, para los que ha compuesto numerosas obras en una amplia variedad de formatos, desde piezas solistas hasta el estreno de una de las primeras obras escritas para sintetizador modular y orquesta.\r\n\r\nSu enfoque de la s\u00edntesis modular pone el \u00e9nfasis en la performatividad para maximizar la interacci\u00f3n en directo con el instrumento y desarrollar una t\u00e9cnica instrumental que permite un alto grado de control del sonido en tiempo real.\r\n\r\nLa primera parte del programa,\u00a0<i>Splendor<\/i>, es una exploraci\u00f3n hipn\u00f3tica de m\u00faltiples osciladores anal\u00f3gicos que realizan un\u00a0<i>glissando<\/i>\u00a0continuo. La configuraci\u00f3n ideal implica una sala completamente a oscuras, donde el oyente queda inmerso en una masa sonora en transformaci\u00f3n constante y transita por varios estados de trance y \u00e9xtasis. La segunda pieza,\u00a0<i>Las enumeraciones<\/i>, tiene un car\u00e1cter m\u00e1s expansivo y un fuerte componente performativo.\r\n\r\nConsiste en una serie de situaciones sonoras que emergen de configuraciones precisas pero vol\u00e1tiles del sintetizador: sonidos min\u00fasculos o masivos que surgen de modulaciones dr\u00e1sticas de osciladores anal\u00f3gicos y de secuencias extremadamente r\u00e1pidas, que desaparecen o se transforman con el m\u00e1s m\u00ednimo ajuste de par\u00e1metros.\r\n\r\n<\/div>\r\n<\/div>\r\n<div class=\"cmp-separator\"><\/div>\r\n<div>\r\n\r\nActividad abierta a todo el mundo y gratuita con aforo limitado a 55 personas\r\n<b>Idioma:<\/b>\u00a0catal\u00e1n y castellano\r\n\r\n<\/div>","desc_en":"WEDNESDAYS OF SOUND AND BODY - Modular synthesiser concert with Luis Codera Puzo\r\n\r\nLuis Codera Puzo has been a particularly active figure in the field of modular synthesisers, for which he has composed numerous works in a wide variety of formats, from solo pieces to the premiere of one of the first works written for modular synthesiser and orchestra.\r\n\r\nHis approach to modular synthesis emphasises performativity to maximise live interaction with the instrument and develop an instrumental technique that allows a high degree of real-time control of the sound.\r\n\r\nThe first part of the programme,\u00a0<i>Splendor<\/i>, is a hypnotic exploration of multiple analogue oscillators performing a continuous glissando. The ideal configuration involves a completely darkened room, where the listener is immersed in a constantly transforming mass of sound and passes through various states of transit and ecstasy. The second piece,\u00a0<i>Las enumeraciones<\/i>, has a more expansive character and a strong performative component.\r\n\r\nIt consists of a series of sound situations that emerge from precise but volatile synthesiser configurations: tiny or massive sounds arising from drastic modulations of analogue oscillators and extremely fast sequences, disappearing or transforming with the slightest adjustment of parameters.\r\n\r\n&nbsp;\r\n<div class=\"cmp-richtext\">\r\n\r\nActivity open to all and free of charge, limited to 55 people\r\n<b>Language:\u00a0<\/b>Catalan and Spanish\r\n\r\n<\/div>\r\n<div class=\"image__wrapper\"><\/div>","event_category":440,"event_show_only_own_date":false,"_event_confirmed":true,"_event_public":true,"_event_free":true,"_event_price-min":"","_event_price-max":"","_event_web_ca":"https:\/\/www.santamonica.cat\/ca\/exposicions-i-activitats\/dimecres-de-so-i-cos\/2026\/las-enumeraciones","_event_web_es":"https:\/\/www.santamonica.cat\/es\/exposicions-i-activitats\/dimecres-de-so-i-cos\/2026\/las-enumeraciones","_event_web_en":"https:\/\/www.santamonica.cat\/en\/exposicions-i-activitats\/dimecres-de-so-i-cos\/2026\/las-enumeraciones","event_contact_email":"","event_apply_email":"","is_online_event":false,"is_art_nou_event":false,"is_bgw_event":false,"date_text":"","register_deadline":null,"altres_organitzadors":""},"abe_event_venue":null,"abe_event_category":"Arts en Viu","start":"2026-04-15 19:00:00","end":"2026-04-15 20:15:00","schedule":"once","schedule_meta":"","frequency":1,"all_day":0,"until":"2026-04-15 19:00:00","include":[],"exclude":[],"_links":{"self":[{"href":"https:\/\/graf.cat\/en\/wp-json\/wp\/v2\/events\/56130","targetHints":{"allow":["GET"]}}],"collection":[{"href":"https:\/\/graf.cat\/en\/wp-json\/wp\/v2\/events"}],"about":[{"href":"https:\/\/graf.cat\/en\/wp-json\/wp\/v2\/types\/event"}],"author":[{"embeddable":true,"href":"https:\/\/graf.cat\/en\/wp-json\/wp\/v2\/users\/19"}],"occurrences":[{"embeddable":true,"href":"https:\/\/graf.cat\/en\/wp-json\/wp\/v2\/events\/56130\/occurrences"}],"acf:term":[{"embeddable":true,"taxonomy":"event-category","href":"https:\/\/graf.cat\/en\/wp-json\/wp\/v2\/event-category\/440"}],"wp:featuredmedia":[{"embeddable":true,"href":"https:\/\/graf.cat\/en\/wp-json\/wp\/v2\/media\/56137"}],"wp:attachment":[{"href":"https:\/\/graf.cat\/en\/wp-json\/wp\/v2\/media?parent=56130"}],"wp:term":[{"taxonomy":"event-venue","embeddable":true,"href":"https:\/\/graf.cat\/en\/wp-json\/wp\/v2\/event-venues?post=56130"},{"taxonomy":"event-tag","embeddable":true,"href":"https:\/\/graf.cat\/en\/wp-json\/wp\/v2\/event-tags?post=56130"}],"curies":[{"name":"wp","href":"https:\/\/api.w.org\/{rel}","templated":true}]}}

DIMECRES DE SO I COS - Concert de sintetitzador modular amb Luis Codera Puzo

Luis Codera Puzo ha estat una figura especialment activa en l’àmbit dels sintetitzadors modulars, per als quals ha compost nombroses obres en una àmplia varietat de formats, des de peces solistes fins a l’estrena d’una de les primeres obres escrites per a sintetitzador modular i orquestra.

El seu enfocament de la síntesi modular posa l’èmfasi en la performativitat per maximitzar la interacció en directe amb l’instrument i desenvolupar una tècnica instrumental que permet un alt grau de control del so en temps real.

La primera part del programa, <i>Splendor</i>, és una exploració hipnòtica de múltiples oscil·ladors analògics que realitzen un glissando continu. La configuració ideal implica una sala completament a les fosques, on l’oient queda immers en una massa sonora en transformació constant i transita per diversos estats de trànsit i èxtasi. La segona peça, <i>Las enumeraciones</i>, té un caràcter més expansiu i un fort component performatiu.

Consisteix en una sèrie de situacions sonores que emergeixen de configuracions precises però volàtils del sintetitzador: sons minúsculs o massius que sorgeixen de modulacions dràstiques d’oscil·ladors analògics i de seqüències extremadament ràpides, i que desapareixen o es transformen amb el més mínim ajust de paràmetres.

&nbsp;

Activitat oberta a tothom i gratuïta amb aforament limitat a 55 persones
<b>Idioma: </b>català i castellà

MIÉRCOLES DE SONIDO Y CUERO - Concierto de sintetizador modular con Luis Codera Puzo
<div class="text aem-GridColumn aem-GridColumn--default--12">
<div id="text-6b72492a75" class="cmp-text margin-container" data-cmp-data-layer="{&quot;text-6b72492a75&quot;:{&quot;@type&quot;:&quot;aem-arts/components/content/text/v1/text&quot;,&quot;repo:modifyDate&quot;:&quot;2026-03-24T10:32:01Z&quot;,&quot;xdm:text&quot;:&quot;&lt;p&gt;Luis Codera Puzo ha sido una figura especialmente activa en el ámbito de los sintetizadores modulares, para los que ha compuesto numerosas obras en una amplia variedad de formatos, desde piezas solistas hasta el estreno de una de las primeras obras escritas para sintetizador modular y orquesta.&lt;/p&gt;\r\n&lt;p&gt;Su enfoque de la síntesis modular pone el énfasis en la performatividad para maximizar la interacción en directo con el instrumento y desarrollar una técnica instrumental que permite un alto grado de control del sonido en tiempo real.&lt;/p&gt;\r\n&lt;p&gt;La primera parte del programa, &lt;i&gt;Splendor&lt;/i&gt;, es una exploración hipnótica de múltiples osciladores analógicos que realizan un &lt;i&gt;glissando&lt;/i&gt; continuo. La configuración ideal implica una sala completamente a oscuras, donde el oyente queda inmerso en una masa sonora en transformación constante y transita por varios estados de trance y éxtasis. La segunda pieza, &lt;i&gt;Las enumeraciones&lt;/i&gt;, tiene un carácter más expansivo y un fuerte componente performativo.&lt;/p&gt;\r\n&lt;p&gt;Consiste en una serie de situaciones sonoras que emergen de configuraciones precisas pero volátiles del sintetizador: sonidos minúsculos o masivos que surgen de modulaciones drásticas de osciladores analógicos y de secuencias extremadamente rápidas, que desaparecen o se transforman con el más mínimo ajuste de parámetros.&lt;/p&gt;\r\n&quot;}}">

Luis Codera Puzo ha sido una figura especialmente activa en el ámbito de los sintetizadores modulares, para los que ha compuesto numerosas obras en una amplia variedad de formatos, desde piezas solistas hasta el estreno de una de las primeras obras escritas para sintetizador modular y orquesta.

Su enfoque de la síntesis modular pone el énfasis en la performatividad para maximizar la interacción en directo con el instrumento y desarrollar una técnica instrumental que permite un alto grado de control del sonido en tiempo real.

La primera parte del programa, <i>Splendor</i>, es una exploración hipnótica de múltiples osciladores analógicos que realizan un <i>glissando</i> continuo. La configuración ideal implica una sala completamente a oscuras, donde el oyente queda inmerso en una masa sonora en transformación constante y transita por varios estados de trance y éxtasis. La segunda pieza, <i>Las enumeraciones</i>, tiene un carácter más expansivo y un fuerte componente performativo.

Consiste en una serie de situaciones sonoras que emergen de configuraciones precisas pero volátiles del sintetizador: sonidos minúsculos o masivos que surgen de modulaciones drásticas de osciladores analógicos y de secuencias extremadamente rápidas, que desaparecen o se transforman con el más mínimo ajuste de parámetros.

</div>
</div>
<div class="cmp-separator"></div>
<div>

Actividad abierta a todo el mundo y gratuita con aforo limitado a 55 personas
<b>Idioma:</b> catalán y castellano

</div>
