{"id":59588,"guid":{"rendered":"https:\/\/graf.cat\/?post_type=event&#038;p=59588"},"modified":"2026-09-01T03:44:45","modified_gmt":"2026-09-01T01:44:45","slug":"velar-carlos-herraiz-visita-guiada-2","status":"publish","type":"event","link":"https:\/\/graf.cat\/en\/events\/event\/velar-carlos-herraiz-visita-guiada-2\/","title":{"rendered":"Visita guiada a &#8216;Velar&#8217; amb Carlos Herraiz"},"content":{"rendered":"","protected":false},"excerpt":{"rendered":"","protected":false},"author":197,"featured_media":59589,"template":"","meta":{"_acf_changed":false,"_monsterinsights_skip_tracking":false},"event-venues":[938],"event-tags":[],"class_list":["post-59588","event","type-event","status-publish","has-post-thumbnail","hentry","event-venue-beta-contemporary","event-category-visita-guiada-es"],"acf":{"title_ca":"Visita guiada a 'Velar' amb Carlos Herraiz","title_es":"Visita guiada a 'Velar' con Carlos Herraiz","title_en":"Guided tour to 'Velar' with Carlos Herraiz","desc_ca":"<div id=\"attachment_57750\" class=\"wp-caption alignnone\" style=\"width: 1290px\">\r\n<p class=\"isSelectedEnd\">Visita guiada i <em>Finissage<\/em>:\r\nDurant l\u2019\u00faltima setmana de <em>Velar<\/em>, us convidem a una darrera visita guiada a l\u2019exposici\u00f3 amb l\u2019artista Carlos Herraiz, abans del tancament d\u2019aquest projecte delicat i \u00edntim.<\/p>\r\n<p class=\"isSelectedEnd\">Ser\u00e0 una \u00faltima oportunitat per endinsar-se en l\u2019univers creat per a la mostra i con\u00e8ixer de prop els processos, les decisions i les inquietuds que han donat forma a les obres i a l\u2019exposici\u00f3, el mateix dia del tancament que ser\u00e0 des de les 19 fins a les 22h.<\/p>\r\nRSVP via DM a Instagram @betacontemporary o escrivint a <a href=\"mailto:hello@betacontemporary.com\">hello@betacontemporary.com<\/a>\r\n\r\n<\/div>","desc_es":"<p class=\"isSelectedEnd\">Visita guiada + <em>Finissage<\/em>:\r\nEn la \u00faltima semana de <em>Velar<\/em>, los invitamos a una \u00faltima visita guiada de la exposici\u00f3n junto al artista Carlos Herraiz, antes del cierre de este delicado e \u00edntimo proyecto.<\/p>\r\n<p class=\"isSelectedEnd\">Ser\u00e1 una \u00faltima oportunidad para adentrarse en el universo creado para la muestra y conocer de cerca los procesos, decisiones e inquietudes que han dado forma a las obras y a la exposici\u00f3n, el mismo d\u00eda de su cierre que ser\u00e1 desde las 19 hasta las 22h.<\/p>\r\nRSVP v\u00eda DM en Instagram @betacontemporary o escribiendo a <a href=\"mailto:hello@betacontemporary.com\">hello@betacontemporary.com<\/a>","desc_en":"<p class=\"isSelectedEnd\">Guided Tour &amp; Finissage:\r\nDuring the final week of <em>Velar<\/em>, we invite you to join artist Carlos Herraiz for one last guided tour of the exhibition before this delicate and intimate project comes to a close.<\/p>\r\n<p class=\"isSelectedEnd\">This will be a final opportunity to step into the world created for the exhibition and gain a closer understanding of the processes, decisions and ideas that have shaped both the works and the show. The closing event will start at 7pm until 10pm.<\/p>\r\nRSVP via DM on Instagram @betacontemporary or by email at <a href=\"mailto:hello@betacontemporary.com\">hello@betacontemporary.com<\/a>","event_category":342,"event_show_only_own_date":true,"_event_confirmed":true,"_event_public":true,"_event_free":true,"_event_price-min":"","_event_price-max":"","_event_web_ca":"https:\/\/betacontemporary.com\/","_event_web_es":"https:\/\/betacontemporary.com\/","_event_web_en":"https:\/\/betacontemporary.com\/","event_contact_email":"hello@betacontemporary.com","event_apply_email":"","is_online_event":false,"is_art_nou_event":true,"is_bgw_event":false,"date_text":"","register_deadline":null,"altres_organitzadors":""},"abe_event_venue":"BETA Contemporary","abe_event_category":"Visita guiada","start":"2026-09-02 20:00:00","end":"2026-09-02 21:00:00","schedule":"once","schedule_meta":"","frequency":1,"all_day":0,"until":"2026-09-02 20:00:00","include":[],"exclude":[],"_links":{"self":[{"href":"https:\/\/graf.cat\/en\/wp-json\/wp\/v2\/events\/59588","targetHints":{"allow":["GET"]}}],"collection":[{"href":"https:\/\/graf.cat\/en\/wp-json\/wp\/v2\/events"}],"about":[{"href":"https:\/\/graf.cat\/en\/wp-json\/wp\/v2\/types\/event"}],"author":[{"embeddable":true,"href":"https:\/\/graf.cat\/en\/wp-json\/wp\/v2\/users\/197"}],"occurrences":[{"embeddable":true,"href":"https:\/\/graf.cat\/en\/wp-json\/wp\/v2\/events\/59588\/occurrences"}],"acf:term":[{"embeddable":true,"taxonomy":"event-category","href":"https:\/\/graf.cat\/en\/wp-json\/wp\/v2\/event-category\/342"}],"wp:featuredmedia":[{"embeddable":true,"href":"https:\/\/graf.cat\/en\/wp-json\/wp\/v2\/media\/59589"}],"wp:attachment":[{"href":"https:\/\/graf.cat\/en\/wp-json\/wp\/v2\/media?parent=59588"}],"wp:term":[{"taxonomy":"event-venue","embeddable":true,"href":"https:\/\/graf.cat\/en\/wp-json\/wp\/v2\/event-venues?post=59588"},{"taxonomy":"event-tag","embeddable":true,"href":"https:\/\/graf.cat\/en\/wp-json\/wp\/v2\/event-tags?post=59588"}],"curies":[{"name":"wp","href":"https:\/\/api.w.org\/{rel}","templated":true}]}}

<div id="attachment_57750" class="wp-caption alignnone" style="width: 1290px">
<p class="isSelectedEnd">Visita guiada i <em>Finissage</em>:
Durant l’última setmana de <em>Velar</em>, us convidem a una darrera visita guiada a l’exposició amb l’artista Carlos Herraiz, abans del tancament d’aquest projecte delicat i íntim.</p>
<p class="isSelectedEnd">Serà una última oportunitat per endinsar-se en l’univers creat per a la mostra i conèixer de prop els processos, les decisions i les inquietuds que han donat forma a les obres i a l’exposició, el mateix dia del tancament que serà des de les 19 fins a les 22h.</p>
RSVP via DM a Instagram @betacontemporary o escrivint a <a href="mailto:hello@betacontemporary.com">hello@betacontemporary.com</a>

</div>

<p class="isSelectedEnd">Visita guiada + <em>Finissage</em>:
En la última semana de <em>Velar</em>, los invitamos a una última visita guiada de la exposición junto al artista Carlos Herraiz, antes del cierre de este delicado e íntimo proyecto.</p>
<p class="isSelectedEnd">Será una última oportunidad para adentrarse en el universo creado para la muestra y conocer de cerca los procesos, decisiones e inquietudes que han dado forma a las obras y a la exposición, el mismo día de su cierre que será desde las 19 hasta las 22h.</p>
RSVP vía DM en Instagram @betacontemporary o escribiendo a <a href="mailto:hello@betacontemporary.com">hello@betacontemporary.com</a>
