{"id":59632,"guid":{"rendered":"https:\/\/graf.cat\/?post_type=event&#038;p=59632"},"modified":"2026-09-03T10:25:55","modified_gmt":"2026-09-03T08:25:55","slug":"jo-tambe-subscric-la-teoria-de-la-bossa-isabel-banal-xifre","status":"publish","type":"event","link":"https:\/\/graf.cat\/en\/events\/event\/jo-tambe-subscric-la-teoria-de-la-bossa-isabel-banal-xifre\/","title":{"rendered":"Jo tamb\u00e9 subscric la teoria de la bossa. Isabel Banal Xifr\u00e9"},"content":{"rendered":"","protected":false},"excerpt":{"rendered":"","protected":false},"author":102,"featured_media":59633,"template":"","meta":{"_acf_changed":false,"_monsterinsights_skip_tracking":false},"event-venues":[641],"event-tags":[],"class_list":["post-59632","event","type-event","status-publish","has-post-thumbnail","hentry","event-venue-centre-cultural-la-merce","event-category-exposicio"],"acf":{"title_ca":"Jo tamb\u00e9 subscric la teoria de la bossa. Isabel Banal Xifr\u00e9","title_es":"Yo tambi\u00e9n suscribo la teor\u00eda de la bolsa. Isabel Banal Xifr\u00e9","title_en":"I Also Subscribe to the Bag Theory. Isabel Banal Xifr\u00e9","desc_ca":"Isabel Banal (Castellfollit de la Roca, 1963) \u00e9s artista visual i professora de a l'Escola Massana que ha gaudit de la beca B\u00f2lit Resid\u00e8ncia Girona Creativa 2025. L' exposici\u00f3 incideix en un tema en el qual porta temps treballant, la idea de c\u00e0rrega: tothom tragina coses constantment, tant per necessitat com per mer consumisme. Es planteja explorar la idea de rastre, treballar amb l'empremta que poden deixar els estris de c\u00e0rrega: un cab\u00e0s, una galleda, una bossa de paper, una caixa... Fer visible el pes i entendre el rastre com a mem\u00f2ria.\r\n\r\nEl projecte parteix de l'observaci\u00f3 de les diferents empremtes que deixen les coses en una superf\u00edcie tova, com \u00e9s la sorra...Del contacte de la part inferior dels objectes de c\u00e0rrega amb el terra. Generalment en els \u00e0mbits que ens movem tractem amb superf\u00edcies dures: els panots de les voreres, l'asfalt dels carrers, els paviments de les estacions, aeroports, el terra de l'ascensor...Quasi mai visualitzem els rastres que anem deixant.\r\n\r\nHo organitza: Escola Municipal d'Art (EMA)","desc_es":"Isabel Banal (Castellfollit de la Roca, 1963) es artista visual y profesora de la Escola Massana que ha disfrutado de la beca B\u00f2lit Resid\u00e8ncia Girona Creativa 2025. La exposici\u00f3n incide en un tema en el que lleva tiempo trabajando: la idea de carga. Todo el mundo transporta cosas constantemente, tanto por necesidad como por puro consumismo. Se plantea explorar la idea de rastro, trabajar con la huella que pueden dejar los utensilios de carga: un capazo, un cubo, una bolsa de papel, una caja... Hacer visible el peso y entender el rastro como memoria.\r\n\r\nEl proyecto parte de la observaci\u00f3n de las diferentes huellas que dejan las cosas sobre una superficie blanda, como la arena... Del contacto de la parte inferior de los objetos de carga con el suelo. Generalmente, en los \u00e1mbitos en los que nos movemos, tratamos con superficies duras: las baldosas de las aceras, el asfalto de las calles, los pavimentos de las estaciones, aeropuertos, el suelo del ascensor... Casi nunca visualizamos los rastros que vamos dejando.\r\n\r\nOrganiza: Escola Municipal d'Art (EMA)","desc_en":"Isabel Banal (Castellfollit de la Roca, 1963) is a visual artist and professor at Escola Massana who was awarded the B\u00f2lit Resid\u00e8ncia Girona Creativa 2025 grant. The exhibition focuses on a theme she has been exploring for some time: the idea of carrying. Everyone constantly transports things, both out of necessity and as a result of pure consumerism. The project explores the idea of traces, working with the marks that carrying objects can leave behind: a basket, a bucket, a paper bag, a box... It makes weight visible and understands the trace as a form of memory.\r\n\r\nThe project stems from observing the different marks that objects leave on a soft surface, such as sand... From the contact between the underside of carrying objects and the ground. Generally, in the environments we move through, we encounter hard surfaces: pavement tiles, asphalt roads, station platforms, airport floors, elevator floors... We almost never see the traces we leave behind.\r\n\r\nOrganised by: Escola Municipal d'Art (EMA)","event_category":103,"event_show_only_own_date":true,"_event_confirmed":true,"_event_public":true,"_event_free":true,"_event_price-min":"","_event_price-max":"","_event_web_ca":"https:\/\/web.girona.cat\/bolit","_event_web_es":"","_event_web_en":"","event_contact_email":"bolit@ajgirona.cat","event_apply_email":"bolit@ajgirona.cat","is_online_event":false,"is_art_nou_event":false,"is_bgw_event":false,"date_text":"","register_deadline":null,"altres_organitzadors":""},"abe_event_venue":"Centre Cultural La Merc\u00e8","abe_event_category":"Exposici\u00f3","start":"2026-10-07 00:00:00","end":"2026-12-18 23:59:00","schedule":"once","schedule_meta":"","frequency":1,"all_day":1,"until":"2026-10-07 00:00:00","include":[],"exclude":[],"_links":{"self":[{"href":"https:\/\/graf.cat\/en\/wp-json\/wp\/v2\/events\/59632","targetHints":{"allow":["GET"]}}],"collection":[{"href":"https:\/\/graf.cat\/en\/wp-json\/wp\/v2\/events"}],"about":[{"href":"https:\/\/graf.cat\/en\/wp-json\/wp\/v2\/types\/event"}],"author":[{"embeddable":true,"href":"https:\/\/graf.cat\/en\/wp-json\/wp\/v2\/users\/102"}],"occurrences":[{"embeddable":true,"href":"https:\/\/graf.cat\/en\/wp-json\/wp\/v2\/events\/59632\/occurrences"}],"acf:term":[{"embeddable":true,"taxonomy":"event-category","href":"https:\/\/graf.cat\/en\/wp-json\/wp\/v2\/event-category\/103"}],"wp:featuredmedia":[{"embeddable":true,"href":"https:\/\/graf.cat\/en\/wp-json\/wp\/v2\/media\/59633"}],"wp:attachment":[{"href":"https:\/\/graf.cat\/en\/wp-json\/wp\/v2\/media?parent=59632"}],"wp:term":[{"taxonomy":"event-venue","embeddable":true,"href":"https:\/\/graf.cat\/en\/wp-json\/wp\/v2\/event-venues?post=59632"},{"taxonomy":"event-tag","embeddable":true,"href":"https:\/\/graf.cat\/en\/wp-json\/wp\/v2\/event-tags?post=59632"}],"curies":[{"name":"wp","href":"https:\/\/api.w.org\/{rel}","templated":true}]}}

Jo també subscric la teoria de la bossa. Isabel Banal Xifré

Yo también suscribo la teoría de la bolsa. Isabel Banal Xifré

I Also Subscribe to the Bag Theory. Isabel Banal Xifré

Isabel Banal (Castellfollit de la Roca, 1963) és artista visual i professora de a l'Escola Massana que ha gaudit de la beca Bòlit Residència Girona Creativa 2025. L' exposició incideix en un tema en el qual porta temps treballant, la idea de càrrega: tothom tragina coses constantment, tant per necessitat com per mer consumisme. Es planteja explorar la idea de rastre, treballar amb l'empremta que poden deixar els estris de càrrega: un cabàs, una galleda, una bossa de paper, una caixa... Fer visible el pes i entendre el rastre com a memòria.

El projecte parteix de l'observació de les diferents empremtes que deixen les coses en una superfície tova, com és la sorra...Del contacte de la part inferior dels objectes de càrrega amb el terra. Generalment en els àmbits que ens movem tractem amb superfícies dures: els panots de les voreres, l'asfalt dels carrers, els paviments de les estacions, aeroports, el terra de l'ascensor...Quasi mai visualitzem els rastres que anem deixant.

Ho organitza: Escola Municipal d'Art (EMA)

Isabel Banal (Castellfollit de la Roca, 1963) es artista visual y profesora de la Escola Massana que ha disfrutado de la beca Bòlit Residència Girona Creativa 2025. La exposición incide en un tema en el que lleva tiempo trabajando: la idea de carga. Todo el mundo transporta cosas constantemente, tanto por necesidad como por puro consumismo. Se plantea explorar la idea de rastro, trabajar con la huella que pueden dejar los utensilios de carga: un capazo, un cubo, una bolsa de papel, una caja... Hacer visible el peso y entender el rastro como memoria.

El proyecto parte de la observación de las diferentes huellas que dejan las cosas sobre una superficie blanda, como la arena... Del contacto de la parte inferior de los objetos de carga con el suelo. Generalmente, en los ámbitos en los que nos movemos, tratamos con superficies duras: las baldosas de las aceras, el asfalto de las calles, los pavimentos de las estaciones, aeropuertos, el suelo del ascensor... Casi nunca visualizamos los rastros que vamos dejando.

Organiza: Escola Municipal d'Art (EMA)

Isabel Banal (Castellfollit de la Roca, 1963) is a visual artist and professor at Escola Massana who was awarded the Bòlit Residència Girona Creativa 2025 grant. The exhibition focuses on a theme she has been exploring for some time: the idea of carrying. Everyone constantly transports things, both out of necessity and as a result of pure consumerism. The project explores the idea of traces, working with the marks that carrying objects can leave behind: a basket, a bucket, a paper bag, a box... It makes weight visible and understands the trace as a form of memory.

The project stems from observing the different marks that objects leave on a soft surface, such as sand... From the contact between the underside of carrying objects and the ground. Generally, in the environments we move through, we encounter hard surfaces: pavement tiles, asphalt roads, station platforms, airport floors, elevator floors... We almost never see the traces we leave behind.

Organised by: Escola Municipal d'Art (EMA)

Centre Cultural La Mercè

Exposició
