{"id":34174,"guid":{"rendered":"https:\/\/graf.cat\/?post_type=event&#038;p=34174"},"modified":"2023-11-06T10:34:10","modified_gmt":"2023-11-06T08:34:10","slug":"mercat-del-film-vol-12","status":"publish","type":"event","link":"https:\/\/graf.cat\/es\/events\/event\/mercat-del-film-vol-12\/","title":{"rendered":"Mercat del Film. Vol.12"},"content":{"rendered":"","protected":false},"excerpt":{"rendered":"","protected":false},"author":159,"featured_media":34175,"template":"","meta":{"_acf_changed":false,"_monsterinsights_skip_tracking":false,"_monsterinsights_sitenote_active":false,"_monsterinsights_sitenote_note":"","_monsterinsights_sitenote_category":0},"event-venues":[],"event-tags":[],"class_list":["post-34174","event","type-event","status-publish","has-post-thumbnail","hentry","event-category-festival"],"acf":{"title_ca":"Mercat del Film. Vol.12","title_es":"Mercat del Film. Vol.12","title_en":"Mercat del Film. Vol.12","desc_ca":"El col\u00b7lectiu Hotel El\u00e8ctric i el M|A|C col\u00b7laboren conjuntament en l'organitzaci\u00f3 de la dotzena edici\u00f3 de la jornada de l'audiovisual local, el\u00a0<strong>Mercat del Film<\/strong>, que arriba aquest novembre a la ciutat per mostrar la producci\u00f3 audiovisual de factura mataronina i posar en valor la producci\u00f3 local amb la projecci\u00f3 d'obres de creadors mataronins de diversos g\u00e8neres: curtmetratges, documentals, videoclips, anuncis, animaci\u00f3 i videocreaci\u00f3.\r\n<div class=\"description\">\r\n\r\n<strong>Dijous 16<\/strong>\r\n<strong>Foment Mataron\u00ed<\/strong>\r\n<strong>Projecci\u00f3 i col\u00b7loqui sobre<em>\u00a0La paradoja de Antares \u00a0<\/em><\/strong><strong>| 20.15 h \u00a0 \u00a0 \u00a0\u00a0<\/strong>\r\nProjecci\u00f3 i col\u00b7loqui del film de ci\u00e8ncia-ficci\u00f3,\u00a0<em>La paradoja de Antare<\/em>s (96') del director mataron\u00ed Luis Tinoco.\r\n\r\nProjecci\u00f3 d'aquest film de ci\u00e8ncia-ficci\u00f3, \u00f2pera prima amb la direcci\u00f3 del mataron\u00ed Luis Tinoco. El film ja s\u2019ha projectat a cert\u00e0mens de cinema fant\u00e0stic com el Fantastic Fest d\u2019Austin (Texas) o el Festival de Sitges. Recentment, ha guanyat el premi Blogo d\u2019Or a la millor pel\u00b7l\u00edcula espanyola independent i \u00e9s una de les preseleccionades pels premis Goya 2024.\r\n<em>La paradoja de Antares<\/em>\u00a0narra com, en una carrera a contrarellotge, la cient\u00edfica Alexandra es veu obligada a triar com passar les hores seg\u00fcents: enfrontant-se a un drama familiar cr\u00edtic o intentant donar resposta a una de les preguntes m\u00e9s importants de la humanitat.\r\n\r\nLa sessi\u00f3 finalitzar\u00e0 amb un col\u00b7loqui posterior amb la pres\u00e8ncia del director.\r\n\r\nPreu: 6 euros | 5 euros (redu\u00efda). La venda d\u2019entrades es realitza 30 minuts abans de la sessi\u00f3.\r\n\r\n<strong>Divendres 17<\/strong>\r\n<strong>Espai Matar\u00f3 Connecta<\/strong>\r\n<strong>Marat\u00f3 d\u2019animaci\u00f3 | 19 h \u00a0 \u00a0 \u00a0 \u00a0 \u00a0 \u00a0 \u00a0 \u00a0 \u00a0 \u00a0 \u00a0 \u00a0 \u00a0 \u00a0 \u00a0 \u00a0 \u00a0 \u00a0 \u00a0 \u00a0 \u00a0 \u00a0 \u00a0 \u00a0 \u00a0 \u00a0 \u00a0\u00a0<\/strong><strong>\r\n<\/strong>L\u2019espai Matar\u00f3 Connecta acollir\u00e0 una marat\u00f3 dedicada a l\u2019animaci\u00f3. A la primera part, es projectar\u00e0 una selecci\u00f3 de deu curtmetratges d\u2019animaci\u00f3 realitzats pels alumnes del Grau de Mitjans Audiovisuals del TecnoCampus.\r\n\r\nA la segona part, es presentaran quatre peces realitzades per la productora mataronina UoU Time, fundada l\u2019any 2013, que ha desenvolupat diversos projectes de s\u00e8ries d'animaci\u00f3 per a televisi\u00f3. En concret, es podran veure les peces\u00a0<em>Baby TV<\/em>\u00a0i\u00a0<em>Hanna i els Monstres<\/em>.\r\n\r\nS'acabar\u00e0 la sessi\u00f3 amb una intervenci\u00f3 a la fa\u00e7ana arquitect\u00f2nica il\u00b7luminada per part de l\u2019estudi OuO Time.\r\n\r\n<u>Animaci\u00f3 TecnoCampus<\/u>\r\n<em>Terreno de juego\u00a0<\/em>| (3\u201912\u201d) |\u00a0<strong>Cristina Malo<em>\u00a0<\/em><\/strong>|\u00a0<em>Animaci\u00f3<\/em>\r\n<em>Una vida sense color<\/em>\u00a0| (3\u201956\u201d) |\u00a0<strong>Pau Bonet\u00a0<\/strong>i<strong>\u00a0Cristian Ruano<\/strong><em>\u00a0<\/em>|<em><strong>\u00a0<\/strong><\/em>Animaci\u00f3\r\n<em>A secas<\/em><strong>\u00a0<\/strong>| (2\u201946\u201d) |\u00a0<strong>Agatha Recuenco Fomell\u00a0<\/strong>i\u00a0<strong>Mario Ruiz<\/strong>\u00a0| Animaci\u00f3\r\n<em>La carrera interminable<strong>\u00a0<\/strong><\/em>| (3\u201957\u2019\u2019)<strong>\u00a0<\/strong>|\u00a0<strong>Pol Zapata Basco<\/strong>\u00a0| Animaci\u00f3\r\n<em>Consci\u00e8ncia\u00a0<\/em>| (1\u201950\u201d) |<strong>\u00a0Anne Marull Lamela<\/strong>\u00a0i<strong>\u00a0Marc Ruiz Berruga<\/strong>\u00a0| Animaci\u00f3\r\n<em>Deforma\u2019t<\/em><strong>\u00a0<\/strong>|<strong>\u00a0<\/strong>(2\u201954\u201d) |\u00a0<strong>Eva Vidal Rodr\u00edguez, Andrea Lobato Torres\u00a0<\/strong>i\u00a0<strong>Elia Morist<\/strong><strong>\u00a0<\/strong><strong>Mart\u00ednez<\/strong>\u00a0| Animaci\u00f3\r\n<em>Flippy<strong>\u00a0<\/strong><\/em>| (3\u201909\u201d)<strong>\u00a0<\/strong>|\u00a0<strong>Paula Moreno Pilar\u00a0<\/strong>| Animaci\u00f3\r\n<em>Ratocito P\u00e9rez<\/em>\u00a0| (1\u201957\u201d) |\u00a0<strong>Mireia Pag\u00e8s Sol\u00e9s<\/strong>\u00a0| Animaci\u00f3\r\n<em>In my head\u00a0<\/em>| (2\u201913\u201d) |\u00a0<strong>Cl\u00e0udia Blasco Gallego<\/strong>\u00a0|<em>\u00a0<\/em>Animaci\u00f3\r\n<em>Extinci\u00f3n<\/em>\u00a0| (4\u201915\u201d) |\u00a0<strong>Alumnes de 2D de 2n del Grau de Mitjans Audiovisuals del\u00a0<\/strong>TecnoCampus<strong>\u00a0<\/strong>| Animaci\u00f3<strong>\u00a0<\/strong>\r\n\r\n<u>OuO Time<\/u>\r\nSelecci\u00f3 de caretes:\u00a0<em>Little Lola visits Farm, Little Lola in the City, Snail Trail, Tiny Bunch\u00a0<\/em>i<em>\u00a0Lalekilolu\u00a0<\/em>|\u00a0<strong>OuO Time i Baby TV<\/strong>\u00a0| Animaci\u00f3\r\n<em>Baby\u2019s Mike<\/em>\u00a0(Baby TV) |(6') |\u00a0<strong>Pere Clos Muntsant\u00a0<\/strong>| Animaci\u00f3\r\n<em>Billy Bambam<\/em>\u00a0(Baby TV) | (6') |<strong>\u00a0Pere Clos Muntsant<\/strong>\u00a0| Animaci\u00f3\r\n<em>Jungle Book<\/em>\u00a0(Baby TV) | (7') |\u00a0<strong>Pere Clos Muntsant<\/strong>\u00a0| Animaci\u00f3\r\n<em>Hanna i els Monstres<\/em>\u00a0| (5') |\u00a0<strong>Lorena Ares\u00a0<\/strong>| Animaci\u00f3\r\n\r\nActe gratu\u00eft, aforament limitat, no cal reserva d'entrades\r\n\r\n<strong>Dissabte 18<\/strong><strong>\r\n<\/strong><strong>Caf\u00e8 Nou<\/strong>\r\n<strong>Projeccions Mercat del Film Vol.12 | 18 h<\/strong>\r\nProjeccions dels curts seleccionats en aquesta edici\u00f3, realitzats per creadors locals.\r\n\r\n<em>Innocents \u00a0<\/em>| (10\u2019 30\u201d) |\u00a0<strong>Alumnes de 3r<sup>\u00a0<\/sup>ESO Escola Freta<\/strong>\u00a0| No-ficci\u00f3\r\n<em>\u00c9sser(s)<\/em>\u00a0| (15\u2019) |<strong>\u00a0Pau Cara i Miquel Gomilla<\/strong>\u00a0| Thriller\r\n<em>Instantes<\/em>\u00a0| (10\u201922\u201d) |\u00a0<strong>Iker Sanchez<\/strong>\u00a0| Documental\r\n<em>Palucca<\/em>\u00a0| (14\u2019) |\u00a0<strong>Emma Morillas\u00a0<\/strong>| Curtmetratge narratiu\r\n<em>L\u2019espera<\/em>\u00a0| (1\u201910\u201d) |\u00a0<strong>Sebi Escarpenter<\/strong>\u00a0| Ficci\u00f3\r\n<em>Jump\u00a0<\/em>| (12\u201946\u201d) |\u00a0<strong>Ramon Cat\u00e0<\/strong>\u00a0| Ficci\u00f3\r\n<em>Regina i la Fontan<\/em><em>a<\/em>\u00a0| (10\u2019) |\u00a0<strong>Xavi Reyes<\/strong>\u00a0| Documental\r\n<em>El que queda<\/em>\u00a0| (14\u2019) |\u00a0<strong>Mart\u00ed Rovira Cortada<\/strong>\u00a0 | No-ficci\u00f3\r\n<em>After Gl\u00f2ria<\/em>\u00a0| (2\u201941\u201d) |\u00a0<strong>Klara Vallmajor<\/strong>\u00a0| Videodansa\r\n<em>White Hole<\/em>\u00a0| (1\u201911\u201d) |\u00a0<strong>Katerina Angeloni<\/strong>\u00a0| Tast (Teaser)\r\n<em>Exabrupte<\/em>\u00a0| (1\u2019) |\u00a0<strong>Katerina Angeloni<\/strong>\u00a0| Tast (Teaser)\r\n<em>40 anys cantant per la pau\u00a0<\/em>| (1\u201955\u2019\u2019) | \u00a0<strong>Clak\u00a0<\/strong>| Documental (tr\u00e0iler)\r\n<em>Rossso\u00a0<\/em>| (4\u2019) |\u00a0<strong>Arnau Aragon<\/strong>\u00a0| Ficci\u00f3\r\n<em>Mort\u00a0<\/em>| ( 3\u201926\u201d) |\u00a0<strong>Batista dj<\/strong>\u00a0| Videoclip\r\n<em>Agost\u00a0<\/em>| (7\u201906\u201d) |\u00a0<strong>Nil Manrique<\/strong>\u00a0| No-ficci\u00f3\r\n<em>88 tr\u00e0ilers<\/em>\u00a0| (5\u201925\u201d) |\u00a0<strong>Dani Moreno<\/strong>\u00a0| Documental (tr\u00e0iler)\r\n<em>Community\u00a0<\/em>| (6\u2019) |\u00a0<strong>Mufama\u00a0<\/strong>| Documental\r\n<em>Genesis 88, temporada 3<\/em>\u00a0| (2\u201923\u201d) |\u00a0<strong>Franc Sellers<\/strong>\u00a0| Tast (Teaser)\r\n<em>Sincopat<\/em>\u00a0| (13\u201918\u201d) |\u00a0<strong>Pol Diggler<\/strong>\u00a0| Ficci\u00f3\r\n<em>L\u2019altra Cle\u00f2patra<\/em>\u00a0| (3\u201950\u201d) |\u00a0<strong>Sandra S\u00e0rrias<\/strong>\u00a0| Videodansa\r\n<em>Inesperados\u00a0<\/em>| (10\u2019) |\u00a0<strong>\u00d3scar G\u00f3mez<\/strong>\u00a0| Ficci\u00f3\r\n<em>Sobremesa de domingo<\/em>\u00a0| ( 10\u201910\u201d) |\u00a0<strong>Adri\u00e0 Torres\u00a0<\/strong>| Ficci\u00f3\r\n<em>Mikado\u00a0<\/em>| (15\u2019) |\u00a0<strong>Miquel Gomila<\/strong>\u00a0| Documental\r\n<em>Gilipollas<\/em>\u00a0| (7\u201920\u201d) |\u00a0<strong>Pol Diggler i Joan Bentall\u00e9\u00a0<\/strong>| \u00a0Ficci\u00f3\r\n<em>Vull estar amb tu<\/em>\u00a0| (3\u201919\u2019\u2019) |\u00a0<strong>El monocle i Mufama\u00a0<\/strong>| Videoclip\r\n\r\nActe gratu\u00eft, aforament limitat, no cal reserva d'entrades\r\n\r\n<\/div>\r\n<div class=\"organizer\">Organitzen: Hotel El\u00e8ctric i M|A|C (Matar\u00f3 Art Contemporani)<\/div>","desc_es":"","desc_en":"","event_category":481,"event_show_only_own_date":true,"_event_confirmed":true,"_event_public":true,"_event_free":false,"_event_price-min":"","_event_price-max":"","_event_web_ca":"","_event_web_es":"","_event_web_en":"","event_contact_email":"","event_apply_email":"","is_online_event":false,"is_art_nou_event":false,"is_bgw_event":false,"date_text":"","register_deadline":null,"altres_organitzadors":null},"abe_event_venue":null,"abe_event_category":"Festival","start":"2023-11-16 20:15:00","end":"2023-11-18 23:55:00","schedule":"once","schedule_meta":"","frequency":1,"all_day":0,"until":"2023-11-16 20:15:00","include":[],"exclude":[],"_links":{"self":[{"href":"https:\/\/graf.cat\/es\/wp-json\/wp\/v2\/events\/34174","targetHints":{"allow":["GET"]}}],"collection":[{"href":"https:\/\/graf.cat\/es\/wp-json\/wp\/v2\/events"}],"about":[{"href":"https:\/\/graf.cat\/es\/wp-json\/wp\/v2\/types\/event"}],"author":[{"embeddable":true,"href":"https:\/\/graf.cat\/es\/wp-json\/wp\/v2\/users\/159"}],"occurrences":[{"embeddable":true,"href":"https:\/\/graf.cat\/es\/wp-json\/wp\/v2\/events\/34174\/occurrences"}],"acf:term":[{"embeddable":true,"taxonomy":"event-category","href":"https:\/\/graf.cat\/es\/wp-json\/wp\/v2\/event-category\/481"}],"wp:featuredmedia":[{"embeddable":true,"href":"https:\/\/graf.cat\/es\/wp-json\/wp\/v2\/media\/34175"}],"wp:attachment":[{"href":"https:\/\/graf.cat\/es\/wp-json\/wp\/v2\/media?parent=34174"}],"wp:term":[{"taxonomy":"event-venue","embeddable":true,"href":"https:\/\/graf.cat\/es\/wp-json\/wp\/v2\/event-venues?post=34174"},{"taxonomy":"event-tag","embeddable":true,"href":"https:\/\/graf.cat\/es\/wp-json\/wp\/v2\/event-tags?post=34174"}],"curies":[{"name":"wp","href":"https:\/\/api.w.org\/{rel}","templated":true}]}}

El col·lectiu Hotel Elèctric i el M|A|C col·laboren conjuntament en l'organització de la dotzena edició de la jornada de l'audiovisual local, el <strong>Mercat del Film</strong>, que arriba aquest novembre a la ciutat per mostrar la producció audiovisual de factura mataronina i posar en valor la producció local amb la projecció d'obres de creadors mataronins de diversos gèneres: curtmetratges, documentals, videoclips, anuncis, animació i videocreació.
<div class="description">

<strong>Dijous 16</strong>
<strong>Foment Mataroní</strong>
<strong>Projecció i col·loqui sobre<em> La paradoja de Antares  </em></strong><strong>| 20.15 h       </strong>
Projecció i col·loqui del film de ciència-ficció, <em>La paradoja de Antare</em>s (96') del director mataroní Luis Tinoco.

Projecció d'aquest film de ciència-ficció, òpera prima amb la direcció del mataroní Luis Tinoco. El film ja s’ha projectat a certàmens de cinema fantàstic com el Fantastic Fest d’Austin (Texas) o el Festival de Sitges. Recentment, ha guanyat el premi Blogo d’Or a la millor pel·lícula espanyola independent i és una de les preseleccionades pels premis Goya 2024.
<em>La paradoja de Antares</em> narra com, en una carrera a contrarellotge, la científica Alexandra es veu obligada a triar com passar les hores següents: enfrontant-se a un drama familiar crític o intentant donar resposta a una de les preguntes més importants de la humanitat.

La sessió finalitzarà amb un col·loqui posterior amb la presència del director.

Preu: 6 euros | 5 euros (reduïda). La venda d’entrades es realitza 30 minuts abans de la sessió.

<strong>Divendres 17</strong>
<strong>Espai Mataró Connecta</strong>
<strong>Marató d’animació | 19 h                                                       </strong><strong>
</strong>L’espai Mataró Connecta acollirà una marató dedicada a l’animació. A la primera part, es projectarà una selecció de deu curtmetratges d’animació realitzats pels alumnes del Grau de Mitjans Audiovisuals del TecnoCampus.

A la segona part, es presentaran quatre peces realitzades per la productora mataronina UoU Time, fundada l’any 2013, que ha desenvolupat diversos projectes de sèries d'animació per a televisió. En concret, es podran veure les peces <em>Baby TV</em> i <em>Hanna i els Monstres</em>.

S'acabarà la sessió amb una intervenció a la façana arquitectònica il·luminada per part de l’estudi OuO Time.

<u>Animació TecnoCampus</u>
<em>Terreno de juego </em>| (3’12”) | <strong>Cristina Malo<em> </em></strong>| <em>Animació</em>
<em>Una vida sense color</em> | (3’56”) | <strong>Pau Bonet </strong>i<strong> Cristian Ruano</strong><em> </em>|<em><strong> </strong></em>Animació
<em>A secas</em><strong> </strong>| (2’46”) | <strong>Agatha Recuenco Fomell </strong>i <strong>Mario Ruiz</strong> | Animació
<em>La carrera interminable<strong> </strong></em>| (3’57’’)<strong> </strong>| <strong>Pol Zapata Basco</strong> | Animació
<em>Consciència </em>| (1’50”) |<strong> Anne Marull Lamela</strong> i<strong> Marc Ruiz Berruga</strong> | Animació
<em>Deforma’t</em><strong> </strong>|<strong> </strong>(2’54”) | <strong>Eva Vidal Rodríguez, Andrea Lobato Torres </strong>i <strong>Elia Morist</strong><strong> </strong><strong>Martínez</strong> | Animació
<em>Flippy<strong> </strong></em>| (3’09”)<strong> </strong>| <strong>Paula Moreno Pilar </strong>| Animació
<em>Ratocito Pérez</em> | (1’57”) | <strong>Mireia Pagès Solés</strong> | Animació
<em>In my head </em>| (2’13”) | <strong>Clàudia Blasco Gallego</strong> |<em> </em>Animació
<em>Extinción</em> | (4’15”) | <strong>Alumnes de 2D de 2n del Grau de Mitjans Audiovisuals del </strong>TecnoCampus<strong> </strong>| Animació<strong> </strong>

<u>OuO Time</u>
Selecció de caretes: <em>Little Lola visits Farm, Little Lola in the City, Snail Trail, Tiny Bunch </em>i<em> Lalekilolu </em>| <strong>OuO Time i Baby TV</strong> | Animació
<em>Baby’s Mike</em> (Baby TV) |(6') | <strong>Pere Clos Muntsant </strong>| Animació
<em>Billy Bambam</em> (Baby TV) | (6') |<strong> Pere Clos Muntsant</strong> | Animació
<em>Jungle Book</em> (Baby TV) | (7') | <strong>Pere Clos Muntsant</strong> | Animació
<em>Hanna i els Monstres</em> | (5') | <strong>Lorena Ares </strong>| Animació

Acte gratuït, aforament limitat, no cal reserva d'entrades

<strong>Dissabte 18</strong><strong>
</strong><strong>Cafè Nou</strong>
<strong>Projeccions Mercat del Film Vol.12 | 18 h</strong>
Projeccions dels curts seleccionats en aquesta edició, realitzats per creadors locals.

<em>Innocents  </em>| (10’ 30”) | <strong>Alumnes de 3r<sup> </sup>ESO Escola Freta</strong> | No-ficció
<em>Ésser(s)</em> | (15’) |<strong> Pau Cara i Miquel Gomilla</strong> | Thriller
<em>Instantes</em> | (10’22”) | <strong>Iker Sanchez</strong> | Documental
<em>Palucca</em> | (14’) | <strong>Emma Morillas </strong>| Curtmetratge narratiu
<em>L’espera</em> | (1’10”) | <strong>Sebi Escarpenter</strong> | Ficció
<em>Jump </em>| (12’46”) | <strong>Ramon Catà</strong> | Ficció
<em>Regina i la Fontan</em><em>a</em> | (10’) | <strong>Xavi Reyes</strong> | Documental
<em>El que queda</em> | (14’) | <strong>Martí Rovira Cortada</strong>  | No-ficció
<em>After Glòria</em> | (2’41”) | <strong>Klara Vallmajor</strong> | Videodansa
<em>White Hole</em> | (1’11”) | <strong>Katerina Angeloni</strong> | Tast (Teaser)
<em>Exabrupte</em> | (1’) | <strong>Katerina Angeloni</strong> | Tast (Teaser)
<em>40 anys cantant per la pau </em>| (1’55’’) |  <strong>Clak </strong>| Documental (tràiler)
<em>Rossso </em>| (4’) | <strong>Arnau Aragon</strong> | Ficció
<em>Mort </em>| ( 3’26”) | <strong>Batista dj</strong> | Videoclip
<em>Agost </em>| (7’06”) | <strong>Nil Manrique</strong> | No-ficció
<em>88 tràilers</em> | (5’25”) | <strong>Dani Moreno</strong> | Documental (tràiler)
<em>Community </em>| (6’) | <strong>Mufama </strong>| Documental
<em>Genesis 88, temporada 3</em> | (2’23”) | <strong>Franc Sellers</strong> | Tast (Teaser)
<em>Sincopat</em> | (13’18”) | <strong>Pol Diggler</strong> | Ficció
<em>L’altra Cleòpatra</em> | (3’50”) | <strong>Sandra Sàrrias</strong> | Videodansa
<em>Inesperados </em>| (10’) | <strong>Óscar Gómez</strong> | Ficció
<em>Sobremesa de domingo</em> | ( 10’10”) | <strong>Adrià Torres </strong>| Ficció
<em>Mikado </em>| (15’) | <strong>Miquel Gomila</strong> | Documental
<em>Gilipollas</em> | (7’20”) | <strong>Pol Diggler i Joan Bentallé </strong>|  Ficció
<em>Vull estar amb tu</em> | (3’19’’) | <strong>El monocle i Mufama </strong>| Videoclip

Acte gratuït, aforament limitat, no cal reserva d'entrades

</div>
<div class="organizer">Organitzen: Hotel Elèctric i M|A|C (Mataró Art Contemporani)</div>
