{"id":35486,"guid":{"rendered":"https:\/\/graf.cat\/?post_type=event&#038;p=35486"},"modified":"2024-01-10T13:08:36","modified_gmt":"2024-01-10T11:08:36","slug":"visita-comentada-a-cable-city-dance-cable-city-sea","status":"publish","type":"event","link":"https:\/\/graf.cat\/es\/events\/event\/visita-comentada-a-cable-city-dance-cable-city-sea\/","title":{"rendered":"Visita comentada a &#8216;Cable City Dance Cable City Sea&#8217;"},"content":{"rendered":"","protected":false},"excerpt":{"rendered":"","protected":false},"author":32,"featured_media":35487,"template":"","meta":{"_acf_changed":false,"_monsterinsights_skip_tracking":false,"_monsterinsights_sitenote_active":false,"_monsterinsights_sitenote_note":"","_monsterinsights_sitenote_category":0},"event-venues":[679],"event-tags":[],"class_list":["post-35486","event","type-event","status-publish","has-post-thumbnail","hentry","event-venue-fabra-i-coats","event-category-visita-guiada"],"acf":{"title_ca":"Visita comentada a 'Cable City Dance Cable City Sea'","title_es":"Visita comentada a 'Cable City Dance Cable City Sea'","title_en":"Guided visit to 'Cable City Dance Cable City Sea'","desc_ca":"Fabra i Coats: Centre d'Art Contemporani de Barcelona comen\u00e7a l'any 2024 amb una visita comentada a c\u00e0rrec del personal de sala a l'exposici\u00f3\u00a0<a href=\"https:\/\/graf.cat\/events\/event\/cable-city-dance-cable-city-sea-rosella-biscotti\/\">Cable City Dance Cable City Sea<\/a>.\r\n\r\nPer a l\u2019exposici\u00f3 de la Fabra i Coats, <strong>Rosella Biscotti<\/strong> presenta dues grans instal\u00b7lacions que ocupen dues plantes del Centre d\u2019Art:\u00a0<em>The City<\/em>, una projecci\u00f3 multipantalla sobre una ciutat neol\u00edtica, i\u00a0<em>The Journey<\/em>, una obra sonora sobre el Mediterrani, cadascuna d\u2019elles acompanyada d\u2019una obra escult\u00f2rica:\u00a0<em>Trees on Land<\/em>\u00a0i<em>\u00a0Drifting<\/em>\u00a0respectivament, que ens porten a un cementiri d\u2019oliveres i ens endinsen en el mar. Entre els dos pisos, una obra les uneix f\u00edsicament i conceptualment des de les entranyes de l\u2019edifici:\u00a0<em>A Conductor<\/em>, un cable reciclat d\u2019una central nuclear desmantellada que est\u00e0 connectat al corrent el\u00e8ctric del Centre d\u2019Art i proporciona l\u2019electricitat de tota l\u2019exposici\u00f3.\u00a0\u200b\r\n\r\nCal reserva pr\u00e8via a\u00a0<strong><a href=\"mailto:activitats-centredart@bcn.cat\" rel=\"nofollow\">activitats-centredart@bcn.cat<\/a><\/strong>","desc_es":"Fabra i Coats: Centre d'Art Contemporani de Barcelona empieza el a\u00f1o 2024 con esta visita comentada a cargo del personal de sala en la exposici\u00f3n\u00a0<a href=\"https:\/\/graf.cat\/es\/events\/event\/cable-city-dance-cable-city-sea-rosella-biscotti\/\">Cable City Dance\u00a0Cable City Sea<\/a>.\r\n\r\nPara la exposici\u00f3n en Fabra i Coats, <strong>Rosella Biscotti<\/strong> presenta dos grandes instalaciones que ocupan dos plantas del Centre d\u2019Art:\u00a0<em>The City<\/em>, una proyecci\u00f3n multipantalla sobre una ciudad neol\u00edtica, y\u00a0<em>The Journey<\/em>, una obra sonora sobre el Mediterr\u00e1neo. Cada una de ellas se acompa\u00f1a de una obra escult\u00f3rica:\u00a0<em>Trees on Land<\/em>, que nos lleva a un cementerio de olivos, y\u00a0<em>Drifting<\/em>, que nos adentra en el mar. Ambos pisos est\u00e1n unidos f\u00edsica y conceptualmente por una misma obra que emerge de las entra\u00f1as del edificio:\u00a0<em>A Conductor<\/em>, un cable reciclado de una central nuclear desmantelada, est\u00e1 conectado a la corriente el\u00e9ctrica del centro y proporciona electricidad a toda la exposici\u00f3n.\u00a0\u200b\r\n\r\nEs necesaria reserva previa a\u00a0<a href=\"mailto:activitats-centredart@bcn.cat\" rel=\"nofollow\">activitats-centredart@bcn.cat<\/a>","desc_en":"Fabra i Coats: Center d'Art Contemporani de Barcelona starts 2024 with this visit by the centre staff to the exhibition\u00a0<a href=\"https:\/\/graf.cat\/en\/events\/event\/cable-city-dance-cable-city-sea-rosella-biscotti\/\">Cable City Dance\u00a0Cable City Sea<\/a>.\r\n\r\nFor the exhibition at Fabra i Coats, <strong>Rosella Biscotti<\/strong> presents two large installations occupying two floors of the Art Centre:\u00a0<em>The City<\/em>, a multi-screen projection of a Neolithic city, and\u00a0<em>The Journey<\/em>, a sound piece set around the Mediterranean, accompanied by two respective sculptural works,\u00a0<em>Trees on Land<\/em>\u00a0and\u00a0<em>Drifting<\/em>, which take us to an olive tree cemetery and to the currents of the sea. Between the two floors, another work connects them physically and conceptually from within the building's infrastructure: A Conductor, a recycled cable from a decommissioned nuclear power station, is connected to the Art Centre's electrical supply and provides power for the entire exhibition.\r\n\r\nPrior reservation is required at <a href=\"mailto:activitats-centredart@bcn.cat\" rel=\"nofollow\">activitats-centredart@bcn.cat<\/a>","event_category":245,"event_show_only_own_date":true,"_event_confirmed":true,"_event_public":true,"_event_free":true,"_event_price-min":"","_event_price-max":"","_event_web_ca":"https:\/\/www.barcelona.cat\/fabraicoats\/centredart\/ca\/content\/Cable-City-Rossella-Biscotti_visita14gener","_event_web_es":"https:\/\/www.barcelona.cat\/fabraicoats\/centredart\/es\/content\/Cable-City-Rossella-Biscotti_visita14enero","_event_web_en":"https:\/\/www.barcelona.cat\/fabraicoats\/centredart\/en\/content\/Cable-City-Rossella-Biscotti_visit14january","event_contact_email":"","event_apply_email":"activitats-centredart@bcn.cat","is_online_event":false,"is_art_nou_event":false,"is_bgw_event":false,"date_text":"","register_deadline":null,"altres_organitzadors":null},"abe_event_venue":"La Fabra Centre d'Art Contemporani","abe_event_category":"Visita guiada","start":"2024-01-14 12:30:00","end":"2024-01-14 13:30:00","schedule":"once","schedule_meta":"","frequency":1,"all_day":0,"until":"2024-01-14 12:30:00","include":[],"exclude":[],"_links":{"self":[{"href":"https:\/\/graf.cat\/es\/wp-json\/wp\/v2\/events\/35486","targetHints":{"allow":["GET"]}}],"collection":[{"href":"https:\/\/graf.cat\/es\/wp-json\/wp\/v2\/events"}],"about":[{"href":"https:\/\/graf.cat\/es\/wp-json\/wp\/v2\/types\/event"}],"author":[{"embeddable":true,"href":"https:\/\/graf.cat\/es\/wp-json\/wp\/v2\/users\/32"}],"occurrences":[{"embeddable":true,"href":"https:\/\/graf.cat\/es\/wp-json\/wp\/v2\/events\/35486\/occurrences"}],"acf:term":[{"embeddable":true,"taxonomy":"event-category","href":"https:\/\/graf.cat\/es\/wp-json\/wp\/v2\/event-category\/245"}],"wp:featuredmedia":[{"embeddable":true,"href":"https:\/\/graf.cat\/es\/wp-json\/wp\/v2\/media\/35487"}],"wp:attachment":[{"href":"https:\/\/graf.cat\/es\/wp-json\/wp\/v2\/media?parent=35486"}],"wp:term":[{"taxonomy":"event-venue","embeddable":true,"href":"https:\/\/graf.cat\/es\/wp-json\/wp\/v2\/event-venues?post=35486"},{"taxonomy":"event-tag","embeddable":true,"href":"https:\/\/graf.cat\/es\/wp-json\/wp\/v2\/event-tags?post=35486"}],"curies":[{"name":"wp","href":"https:\/\/api.w.org\/{rel}","templated":true}]}}

Fabra i Coats: Centre d'Art Contemporani de Barcelona comença l'any 2024 amb una visita comentada a càrrec del personal de sala a l'exposició <a href="https://graf.cat/events/event/cable-city-dance-cable-city-sea-rosella-biscotti/">Cable City Dance Cable City Sea</a>.

Per a l’exposició de la Fabra i Coats, <strong>Rosella Biscotti</strong> presenta dues grans instal·lacions que ocupen dues plantes del Centre d’Art: <em>The City</em>, una projecció multipantalla sobre una ciutat neolítica, i <em>The Journey</em>, una obra sonora sobre el Mediterrani, cadascuna d’elles acompanyada d’una obra escultòrica: <em>Trees on Land</em> i<em> Drifting</em> respectivament, que ens porten a un cementiri d’oliveres i ens endinsen en el mar. Entre els dos pisos, una obra les uneix físicament i conceptualment des de les entranyes de l’edifici: <em>A Conductor</em>, un cable reciclat d’una central nuclear desmantellada que està connectat al corrent elèctric del Centre d’Art i proporciona l’electricitat de tota l’exposició. ​

Cal reserva prèvia a <strong><a href="mailto:activitats-centredart@bcn.cat" rel="nofollow">activitats-centredart@bcn.cat</a></strong>

Fabra i Coats: Centre d'Art Contemporani de Barcelona empieza el año 2024 con esta visita comentada a cargo del personal de sala en la exposición <a href="https://graf.cat/es/events/event/cable-city-dance-cable-city-sea-rosella-biscotti/">Cable City Dance Cable City Sea</a>.

Para la exposición en Fabra i Coats, <strong>Rosella Biscotti</strong> presenta dos grandes instalaciones que ocupan dos plantas del Centre d’Art: <em>The City</em>, una proyección multipantalla sobre una ciudad neolítica, y <em>The Journey</em>, una obra sonora sobre el Mediterráneo. Cada una de ellas se acompaña de una obra escultórica: <em>Trees on Land</em>, que nos lleva a un cementerio de olivos, y <em>Drifting</em>, que nos adentra en el mar. Ambos pisos están unidos física y conceptualmente por una misma obra que emerge de las entrañas del edificio: <em>A Conductor</em>, un cable reciclado de una central nuclear desmantelada, está conectado a la corriente eléctrica del centro y proporciona electricidad a toda la exposición. ​

Es necesaria reserva previa a <a href="mailto:activitats-centredart@bcn.cat" rel="nofollow">activitats-centredart@bcn.cat</a>
