{"id":35556,"guid":{"rendered":"https:\/\/graf.cat\/?post_type=event&#038;p=35556"},"modified":"2024-01-11T15:06:04","modified_gmt":"2024-01-11T13:06:04","slug":"trobades-amb-elena-martin-gimeno","status":"publish","type":"event","link":"https:\/\/graf.cat\/es\/events\/event\/trobades-amb-elena-martin-gimeno\/","title":{"rendered":"Trobades amb&#8230;Elena Mart\u00edn Gimeno"},"content":{"rendered":"","protected":false},"excerpt":{"rendered":"","protected":false},"author":26,"featured_media":35557,"template":"","meta":{"_acf_changed":false,"_monsterinsights_skip_tracking":false,"_monsterinsights_sitenote_active":false,"_monsterinsights_sitenote_note":"","_monsterinsights_sitenote_category":0},"event-venues":[56],"event-tags":[],"class_list":["post-35556","event","type-event","status-publish","has-post-thumbnail","hentry","event-venue-caixaforum-barcelona","event-category-trobada"],"acf":{"title_ca":"Trobades amb...Elena Mart\u00edn Gimeno","title_es":"Encuentros con... Elena Mart\u00edn Gimeno","title_en":"Encuentros con... Elena Mart\u00edn Gimeno","desc_ca":"<span class=\"subtitle\">DAVANT I DARRERE DELS FOCUS<\/span>\r\n<div class=\"secondary-text\">\r\n\r\nVam con\u00e8ixer el seu rostre en una pantalla de cinema l\u2019any 2015 amb\u00a0<em>Las amigas de \u00c1gata<\/em>. L\u2019any 2017 li vam descobrir la faceta com a guionista a\u00a0<em>J\u00falia Ist<\/em>, guardonada com a millor pel\u00b7l\u00edcula i millor direcci\u00f3 al Festival de M\u00e0laga. Elena Mart\u00edn Gimeno avui ja s\u2019ha consolidat despr\u00e9s d\u2019\u00e8xits com\u00a0<em>Creatura<\/em>, pel\u00b7l\u00edcula que es va endur un premi a Canes.\r\n\r\nEn aquesta trobada, la directora, guionista i actriu compartir\u00e0 amb nosaltres la seva traject\u00f2ria davant i darrere dels focus, des de s\u00e8ries populars com\u00a0<em>La Veneno<\/em>\u00a0fins a\u00a0<em>Creatura<\/em>, amb la qual va conquerir un dels grans festivals del m\u00f3n.\r\n\r\n<\/div>\r\n<div class=\"activity-detail-block\">\r\n\r\nPresentaci\u00f3 a c\u00e0rrec d\u2019<strong>Alba Riera<\/strong>, comunicadora cultural. Actualment al Col.lapse, de TV3. Col.labora a El Suplement de Catalunya R\u00e0dio, als\u00a0<em>podcasts\u00a0<\/em>DENTRO i Tardeo de R\u00e0dio Primavera Sound i a Playground\r\n\r\n<\/div>","desc_es":"<span class=\"subtitle\">DELANTE Y DETR\u00c1S DE LOS FOCOS<\/span>\r\n<div class=\"secondary-text\">\r\n\r\nConocimos su rostro en una pantalla de cine en el a\u00f1o 2015 con\u00a0<em>Las amigas de \u00c1gata<\/em>. En el a\u00f1o 2017 descubrimos su faceta como guionista en\u00a0<em>J\u00falia Ist<\/em>, galardonada como Mejor Pel\u00edcula y Mejor Direcci\u00f3n en el Festival de M\u00e1laga. Elena Mart\u00edn Gimeno hoy ya se ha consolidado tras \u00e9xitos como\u00a0<em>Creatura,\u00a0<\/em>pel\u00edcula que se llev\u00f3 un premio en Cannes.\r\n\r\nEn este encuentro, la directora, guionista y actriz nos compartir\u00e1 su trayectoria delante y detr\u00e1s de los focos, con series populares como\u00a0<em>La Veneno<\/em>\u00a0hasta\u00a0<em>Creatura,\u00a0<\/em>conquistando<em>\u00a0<\/em>uno de los grandes festivales del mundo.\r\n\r\nPresentaci\u00f3n a cargo de\u00a0<strong>Alba Riera<\/strong>, comunicadora cultural. Actualmente al Col.lapse, de TV3. Colabora en El Suplement de Catalunya R\u00e0dio, a los<em>\u00a0podcasts<\/em> DENTRO y Tardeo de R\u00e0dio Primavera Sound y a Playground.\r\n\r\n<\/div>","desc_en":"","event_category":306,"event_show_only_own_date":true,"_event_confirmed":true,"_event_public":true,"_event_free":false,"_event_price-min":6,"_event_price-max":6,"_event_web_ca":"https:\/\/caixaforum.org\/ca\/barcelona\/p\/trobades-amb-elena-martin-gimeno_a165271354","_event_web_es":"https:\/\/caixaforum.org\/es\/barcelona\/p\/encuentros-con-elena-martin-gimeno_a165271354","_event_web_en":"","event_contact_email":"","event_apply_email":"","is_online_event":false,"is_art_nou_event":false,"is_bgw_event":false,"date_text":"","register_deadline":null,"altres_organitzadors":null},"abe_event_venue":"CaixaForum Barcelona","abe_event_category":"Trobada","start":"2024-04-12 19:00:00","end":"2024-04-12 20:30:00","schedule":"once","schedule_meta":"","frequency":1,"all_day":0,"until":"2024-04-12 19:00:00","include":[],"exclude":[],"_links":{"self":[{"href":"https:\/\/graf.cat\/es\/wp-json\/wp\/v2\/events\/35556","targetHints":{"allow":["GET"]}}],"collection":[{"href":"https:\/\/graf.cat\/es\/wp-json\/wp\/v2\/events"}],"about":[{"href":"https:\/\/graf.cat\/es\/wp-json\/wp\/v2\/types\/event"}],"author":[{"embeddable":true,"href":"https:\/\/graf.cat\/es\/wp-json\/wp\/v2\/users\/26"}],"occurrences":[{"embeddable":true,"href":"https:\/\/graf.cat\/es\/wp-json\/wp\/v2\/events\/35556\/occurrences"}],"acf:term":[{"embeddable":true,"taxonomy":"event-category","href":"https:\/\/graf.cat\/es\/wp-json\/wp\/v2\/event-category\/306"}],"wp:featuredmedia":[{"embeddable":true,"href":"https:\/\/graf.cat\/es\/wp-json\/wp\/v2\/media\/35557"}],"wp:attachment":[{"href":"https:\/\/graf.cat\/es\/wp-json\/wp\/v2\/media?parent=35556"}],"wp:term":[{"taxonomy":"event-venue","embeddable":true,"href":"https:\/\/graf.cat\/es\/wp-json\/wp\/v2\/event-venues?post=35556"},{"taxonomy":"event-tag","embeddable":true,"href":"https:\/\/graf.cat\/es\/wp-json\/wp\/v2\/event-tags?post=35556"}],"curies":[{"name":"wp","href":"https:\/\/api.w.org\/{rel}","templated":true}]}}

Trobades amb&#8230;Elena Martín Gimeno

Trobades amb...Elena Martín Gimeno

Encuentros con... Elena Martín Gimeno

<span class="subtitle">DAVANT I DARRERE DELS FOCUS</span>
<div class="secondary-text">

Vam conèixer el seu rostre en una pantalla de cinema l’any 2015 amb <em>Las amigas de Ágata</em>. L’any 2017 li vam descobrir la faceta com a guionista a <em>Júlia Ist</em>, guardonada com a millor pel·lícula i millor direcció al Festival de Màlaga. Elena Martín Gimeno avui ja s’ha consolidat després d’èxits com <em>Creatura</em>, pel·lícula que es va endur un premi a Canes.

En aquesta trobada, la directora, guionista i actriu compartirà amb nosaltres la seva trajectòria davant i darrere dels focus, des de sèries populars com <em>La Veneno</em> fins a <em>Creatura</em>, amb la qual va conquerir un dels grans festivals del món.

</div>
<div class="activity-detail-block">

Presentació a càrrec d’<strong>Alba Riera</strong>, comunicadora cultural. Actualment al Col.lapse, de TV3. Col.labora a El Suplement de Catalunya Ràdio, als <em>podcasts </em>DENTRO i Tardeo de Ràdio Primavera Sound i a Playground

</div>

<span class="subtitle">DELANTE Y DETRÁS DE LOS FOCOS</span>
<div class="secondary-text">

Conocimos su rostro en una pantalla de cine en el año 2015 con <em>Las amigas de Ágata</em>. En el año 2017 descubrimos su faceta como guionista en <em>Júlia Ist</em>, galardonada como Mejor Película y Mejor Dirección en el Festival de Málaga. Elena Martín Gimeno hoy ya se ha consolidado tras éxitos como <em>Creatura, </em>película que se llevó un premio en Cannes.

En este encuentro, la directora, guionista y actriz nos compartirá su trayectoria delante y detrás de los focos, con series populares como <em>La Veneno</em> hasta <em>Creatura, </em>conquistando<em> </em>uno de los grandes festivales del mundo.

Presentación a cargo de <strong>Alba Riera</strong>, comunicadora cultural. Actualmente al Col.lapse, de TV3. Colabora en El Suplement de Catalunya Ràdio, a los<em> podcasts</em> DENTRO y Tardeo de Ràdio Primavera Sound y a Playground.

</div>
