{"id":35781,"guid":{"rendered":"https:\/\/graf.cat\/?post_type=event&#038;p=35781"},"modified":"2024-12-18T11:30:20","modified_gmt":"2024-12-18T09:30:20","slug":"de-pedra-jordi-guillumet-i-monica-rosello-casa-elizalde","status":"publish","type":"event","link":"https:\/\/graf.cat\/es\/events\/event\/de-pedra-jordi-guillumet-i-monica-rosello-casa-elizalde\/","title":{"rendered":"De pedra. Jordi Guillumet i M\u00f2nica Rosell\u00f3"},"content":{"rendered":"","protected":false},"excerpt":{"rendered":"","protected":false},"author":125,"featured_media":35771,"template":"","meta":{"_acf_changed":false,"_monsterinsights_skip_tracking":false,"_monsterinsights_sitenote_active":false,"_monsterinsights_sitenote_note":"","_monsterinsights_sitenote_category":0},"event-venues":[268],"event-tags":[],"class_list":["post-35781","event","type-event","status-publish","has-post-thumbnail","hentry","event-venue-casa-elizalde","event-category-exposicio"],"acf":{"title_ca":"De pedra. Jordi Guillumet i M\u00f2nica Rosell\u00f3","title_es":"De pedra. Jordi Guillumet i M\u00f2nica Rosell\u00f3","title_en":"De pedra. Jordi Guillumet i M\u00f2nica Rosell\u00f3","desc_ca":"Quan mirem una imatge hi projectem les nostres experi\u00e8ncies i records, i \u00e9s aix\u00ed com contribu\u00efm a la construcci\u00f3 del seu significat. Aquesta capacitat evocadora de la imatge fotogr\u00e0fica dona origen a aquesta instal\u00b7laci\u00f3 visual.\r\n\r\n<em>De pedra<\/em> presenta un relat elaborat a base d\u2019imatges de l\u2019arxiu dels artistes, que muta amb la pres\u00e8ncia de cada visitant. El seu dispositiu i l\u2019arquitectura generen un efecte po\u00e8tic que ens permet experimentar el proc\u00e9s de construcci\u00f3 del record i intervenir f\u00edsicament en el contingut projectat, i es posa en relleu el paper actiu de l\u2019observador no nom\u00e9s en la percepci\u00f3 i interpretaci\u00f3 de la imatge, sin\u00f3 en la seva creaci\u00f3.","desc_es":"Cuando miramos una imagen proyectamos en ella nuestras experiencias y recuerdos, y es as\u00ed como contribuimos a la construcci\u00f3n de su significado. Esta capacidad evocadora de la imagen fotogr\u00e1fica da origen a esta instalaci\u00f3n visual.\r\n\r\n<em>De pedra<\/em> presenta un relato elaborado a base de im\u00e1genes del archivo de los artistas, que muta con la presencia de cada visitante. Su dispositivo y arquitectura generan un efecto po\u00e9tico que nos permite experimentar el proceso de construcci\u00f3n del recuerdo e intervenir f\u00edsicamente en el contenido proyectado, y se pone de relieve el papel activo del observador no solo en la percepci\u00f3n y interpretaci\u00f3n de la imagen, sino en su creaci\u00f3n.","desc_en":"This content is not available in English.\r\nYou can consult it in Catalan or Spanish.","event_category":103,"event_show_only_own_date":true,"_event_confirmed":true,"_event_public":true,"_event_free":true,"_event_price-min":"","_event_price-max":"","_event_web_ca":"https:\/\/ajuntament.barcelona.cat\/centrescivics\/ca\/activitat\/de-pedra","_event_web_es":"","_event_web_en":"","event_contact_email":"","event_apply_email":"","is_online_event":false,"is_art_nou_event":false,"is_bgw_event":false,"date_text":"","register_deadline":null,"altres_organitzadors":""},"abe_event_venue":"Casa Elizalde","abe_event_category":"Exposici\u00f3","start":"2024-09-18 00:00:00","end":"2024-11-01 23:59:00","schedule":"once","schedule_meta":"","frequency":1,"all_day":1,"until":"2024-09-18 00:00:00","include":[],"exclude":[],"_links":{"self":[{"href":"https:\/\/graf.cat\/es\/wp-json\/wp\/v2\/events\/35781","targetHints":{"allow":["GET"]}}],"collection":[{"href":"https:\/\/graf.cat\/es\/wp-json\/wp\/v2\/events"}],"about":[{"href":"https:\/\/graf.cat\/es\/wp-json\/wp\/v2\/types\/event"}],"author":[{"embeddable":true,"href":"https:\/\/graf.cat\/es\/wp-json\/wp\/v2\/users\/125"}],"occurrences":[{"embeddable":true,"href":"https:\/\/graf.cat\/es\/wp-json\/wp\/v2\/events\/35781\/occurrences"}],"acf:term":[{"embeddable":true,"taxonomy":"event-category","href":"https:\/\/graf.cat\/es\/wp-json\/wp\/v2\/event-category\/103"}],"wp:featuredmedia":[{"embeddable":true,"href":"https:\/\/graf.cat\/es\/wp-json\/wp\/v2\/media\/35771"}],"wp:attachment":[{"href":"https:\/\/graf.cat\/es\/wp-json\/wp\/v2\/media?parent=35781"}],"wp:term":[{"taxonomy":"event-venue","embeddable":true,"href":"https:\/\/graf.cat\/es\/wp-json\/wp\/v2\/event-venues?post=35781"},{"taxonomy":"event-tag","embeddable":true,"href":"https:\/\/graf.cat\/es\/wp-json\/wp\/v2\/event-tags?post=35781"}],"curies":[{"name":"wp","href":"https:\/\/api.w.org\/{rel}","templated":true}]}}

De pedra. Jordi Guillumet i Mònica Roselló

Quan mirem una imatge hi projectem les nostres experiències i records, i és així com contribuïm a la construcció del seu significat. Aquesta capacitat evocadora de la imatge fotogràfica dona origen a aquesta instal·lació visual.

<em>De pedra</em> presenta un relat elaborat a base d’imatges de l’arxiu dels artistes, que muta amb la presència de cada visitant. El seu dispositiu i l’arquitectura generen un efecte poètic que ens permet experimentar el procés de construcció del record i intervenir físicament en el contingut projectat, i es posa en relleu el paper actiu de l’observador no només en la percepció i interpretació de la imatge, sinó en la seva creació.

Cuando miramos una imagen proyectamos en ella nuestras experiencias y recuerdos, y es así como contribuimos a la construcción de su significado. Esta capacidad evocadora de la imagen fotográfica da origen a esta instalación visual.

<em>De pedra</em> presenta un relato elaborado a base de imágenes del archivo de los artistas, que muta con la presencia de cada visitante. Su dispositivo y arquitectura generan un efecto poético que nos permite experimentar el proceso de construcción del recuerdo e intervenir físicamente en el contenido proyectado, y se pone de relieve el papel activo del observador no solo en la percepción y interpretación de la imagen, sino en su creación.

Exposició
