{"id":35902,"guid":{"rendered":"https:\/\/graf.cat\/?post_type=event&#038;p=35902"},"modified":"2024-01-30T11:00:12","modified_gmt":"2024-01-30T09:00:12","slug":"la-preso-de-mataro-visites-a-ledifici-historic-2-3-3-2-2","status":"publish","type":"event","link":"https:\/\/graf.cat\/es\/events\/event\/la-preso-de-mataro-visites-a-ledifici-historic-2-3-3-2-2\/","title":{"rendered":"La Pres\u00f3 de Matar\u00f3. Visites a l\u2019edifici hist\u00f2ric | La pres\u00f3 sobre el paper"},"content":{"rendered":"","protected":false},"excerpt":{"rendered":"","protected":false},"author":159,"featured_media":28681,"template":"","meta":{"_acf_changed":false,"_monsterinsights_skip_tracking":false,"_monsterinsights_sitenote_active":false,"_monsterinsights_sitenote_note":"","_monsterinsights_sitenote_category":0},"event-venues":[635],"event-tags":[],"class_list":["post-35902","event","type-event","status-publish","has-post-thumbnail","hentry","event-venue-mac-preso","event-category-xerrada"],"acf":{"title_ca":"La Pres\u00f3 de Matar\u00f3. Visites a l\u2019edifici hist\u00f2ric | La pres\u00f3 sobre el paper","title_es":"La Prisi\u00f3n de Matar\u00f3. Visitas al edificio hist\u00f3rico.","title_en":"Matar\u00f3 Prison. Visits to the historic building.","desc_ca":"<strong>La Pres\u00f3 de Matar\u00f3.<\/strong>\r\n<strong>Visites a l\u2019edifici hist\u00f2ric<\/strong>\r\nA c\u00e0rrec de l\u2019escriptor i historiador\u00a0<strong>Albert G\u00fcell i Juanola\r\n21.04.24 | 12 h<\/strong>\r\n\r\n<span class=\"s1\"><b>\r\n<\/b><\/span><b>La pres\u00f3 sobre el paper\r\n<\/b>Sessi\u00f3 a l\u2019aula did\u00e0ctica en qu\u00e8 es mostrar\u00e0 la documentaci\u00f3 obtinguda en el proc\u00e9s d\u2019investigaci\u00f3 a trav\u00e9s del qual hem conegut el passat de la Pres\u00f3.\r\n\r\n<strong>La Pres\u00f3 de Matar\u00f3<\/strong>\u00a0\u00e9s una construcci\u00f3 de gran rellev\u00e0ncia en la hist\u00f2ria de l\u2019arquitectura penitenci\u00e0ria contempor\u00e0nia. Inaugurada el 1863, \u00e9s obra de l\u2019arquitecte Elies Rogent (1821-1897) i constitueix el primer exemple d\u2019aplicaci\u00f3 del model pan\u00f2ptic a l\u2019Estat espanyol, el qual segueix de forma directa les corrents penitenci\u00e0ries reformistes europees de l\u2019\u00e8poca.\r\n<p align=\"left\">Considerat un dels edificis de m\u00e9s valor patrimonial de la ciutat, la pres\u00f3 ha estat subjecte i testimoni dels batecs convulsos dels segles XIX i XX a la ciutat. L'any 2001 el govern de la Generalitat de Catalunya la declara B\u00e9 Cultural d'Inter\u00e8s Nacional (BCIN). L'any 2016 es du a terme la rehabilitaci\u00f3 de la coberta, el 2019-2020 les obres d'adequaci\u00f3 de la planta baixa i el 2022 l'obra de la instal\u00b7laci\u00f3 de l'ascensor i l'acc\u00e9s al terrat de la coberta.<\/p>\r\n<p align=\"left\">El gener de 2022 el M|A|C Matar\u00f3 Art Contemporani s'instal\u00b7la a l'edifici i la Pres\u00f3 esdev\u00e9 la seu del centre d'art.<\/p>\r\n&nbsp;\r\n\r\nActivitat gratu\u00efta\r\nAforament limitat. Cal inscripci\u00f3 pr\u00e8via\r\neducacultura@ajmataro.cat o 93 741 29 30 (de dilluns a divendres, de 9 a 14 h)\r\n\r\nPodeu consultar tots els itineraris i calendari de visites\u00a0<a href=\"https:\/\/www.mataroartcontemporani.cat\/posts_activitats\/la-preso-de-mataro-visites-a-ledifici-historic-2\/\">aqu\u00ed<\/a>\r\n\r\n<img class=\"wp-image-5846 alignnone\" src=\"https:\/\/www.mataroartcontemporani.cat\/wp-content\/uploads\/2023\/01\/mmh-logo.png\" alt=\"\" width=\"99\" height=\"33\" \/>","desc_es":"","desc_en":"","event_category":305,"event_show_only_own_date":true,"_event_confirmed":true,"_event_public":true,"_event_free":true,"_event_price-min":"","_event_price-max":"","_event_web_ca":"https:\/\/www.mataroartcontemporani.cat\/seccio\/calendari-2\/","_event_web_es":"","_event_web_en":"","event_contact_email":"","event_apply_email":"","is_online_event":false,"is_art_nou_event":false,"is_bgw_event":false,"date_text":"","register_deadline":null,"altres_organitzadors":null},"abe_event_venue":"M|A|C Pres\u00f3","abe_event_category":"Xerrada","start":"2024-04-21 12:00:00","end":"2024-04-21 14:00:00","schedule":"once","schedule_meta":"","frequency":1,"all_day":0,"until":"2024-04-21 12:00:00","include":[],"exclude":[],"_links":{"self":[{"href":"https:\/\/graf.cat\/es\/wp-json\/wp\/v2\/events\/35902","targetHints":{"allow":["GET"]}}],"collection":[{"href":"https:\/\/graf.cat\/es\/wp-json\/wp\/v2\/events"}],"about":[{"href":"https:\/\/graf.cat\/es\/wp-json\/wp\/v2\/types\/event"}],"author":[{"embeddable":true,"href":"https:\/\/graf.cat\/es\/wp-json\/wp\/v2\/users\/159"}],"occurrences":[{"embeddable":true,"href":"https:\/\/graf.cat\/es\/wp-json\/wp\/v2\/events\/35902\/occurrences"}],"acf:term":[{"embeddable":true,"taxonomy":"event-category","href":"https:\/\/graf.cat\/es\/wp-json\/wp\/v2\/event-category\/305"}],"wp:featuredmedia":[{"embeddable":true,"href":"https:\/\/graf.cat\/es\/wp-json\/wp\/v2\/media\/28681"}],"wp:attachment":[{"href":"https:\/\/graf.cat\/es\/wp-json\/wp\/v2\/media?parent=35902"}],"wp:term":[{"taxonomy":"event-venue","embeddable":true,"href":"https:\/\/graf.cat\/es\/wp-json\/wp\/v2\/event-venues?post=35902"},{"taxonomy":"event-tag","embeddable":true,"href":"https:\/\/graf.cat\/es\/wp-json\/wp\/v2\/event-tags?post=35902"}],"curies":[{"name":"wp","href":"https:\/\/api.w.org\/{rel}","templated":true}]}}

La Presó de Mataró. Visites a l’edifici històric | La presó sobre el paper

La Prisión de Mataró. Visitas al edificio histórico.

Mataró Prison. Visits to the historic building.

<strong>La Presó de Mataró.</strong>
<strong>Visites a l’edifici històric</strong>
A càrrec de l’escriptor i historiador <strong>Albert Güell i Juanola
21.04.24 | 12 h</strong>

<span class="s1"><b>
</b></span><b>La presó sobre el paper
</b>Sessió a l’aula didàctica en què es mostrarà la documentació obtinguda en el procés d’investigació a través del qual hem conegut el passat de la Presó.

<strong>La Presó de Mataró</strong> és una construcció de gran rellevància en la història de l’arquitectura penitenciària contemporània. Inaugurada el 1863, és obra de l’arquitecte Elies Rogent (1821-1897) i constitueix el primer exemple d’aplicació del model panòptic a l’Estat espanyol, el qual segueix de forma directa les corrents penitenciàries reformistes europees de l’època.
<p align="left">Considerat un dels edificis de més valor patrimonial de la ciutat, la presó ha estat subjecte i testimoni dels batecs convulsos dels segles XIX i XX a la ciutat. L'any 2001 el govern de la Generalitat de Catalunya la declara Bé Cultural d'Interès Nacional (BCIN). L'any 2016 es du a terme la rehabilitació de la coberta, el 2019-2020 les obres d'adequació de la planta baixa i el 2022 l'obra de la instal·lació de l'ascensor i l'accés al terrat de la coberta.</p>
<p align="left">El gener de 2022 el M|A|C Mataró Art Contemporani s'instal·la a l'edifici i la Presó esdevé la seu del centre d'art.</p>
&nbsp;

Activitat gratuïta
Aforament limitat. Cal inscripció prèvia
educacultura@ajmataro.cat o 93 741 29 30 (de dilluns a divendres, de 9 a 14 h)

Podeu consultar tots els itineraris i calendari de visites <a href="https://www.mataroartcontemporani.cat/posts_activitats/la-preso-de-mataro-visites-a-ledifici-historic-2/">aquí</a>

<img class="wp-image-5846 alignnone" src="https://www.mataroartcontemporani.cat/wp-content/uploads/2023/01/mmh-logo.png" alt="" width="99" height="33" />

M|A|C Presó
