{"id":35912,"guid":{"rendered":"https:\/\/graf.cat\/?post_type=event&#038;p=35912"},"modified":"2024-01-19T15:48:12","modified_gmt":"2024-01-19T13:48:12","slug":"el-cielo-las-estrellas-hamaca-pere-pruna","status":"publish","type":"event","link":"https:\/\/graf.cat\/es\/events\/event\/el-cielo-las-estrellas-hamaca-pere-pruna\/","title":{"rendered":"El cielo las estrellas. Hamaca"},"content":{"rendered":"","protected":false},"excerpt":{"rendered":"","protected":false},"author":125,"featured_media":35787,"template":"","meta":{"_acf_changed":false,"_monsterinsights_skip_tracking":false,"_monsterinsights_sitenote_active":false,"_monsterinsights_sitenote_note":"","_monsterinsights_sitenote_category":0},"event-venues":[572],"event-tags":[],"class_list":["post-35912","event","type-event","status-publish","has-post-thumbnail","hentry","event-venue-cc-pere-pruna","event-category-exposicio"],"acf":{"title_ca":"El cielo las estrellas. Hamaca","title_es":"El cielo las estrellas. Hamaca","title_en":"El cielo las estrellas. Hamaca","desc_ca":"No hi ha res m\u00e9s hum\u00e0 que mirar al cel i saber-se part, min\u00fascula aix\u00f2 s\u00ed, de la immensitat. Mirar el firmament ens absorbeix i ens porta a pensar en all\u00f2 desconegut, la mort, el pas del temps i tot all\u00f2 que ens transcendeix i que no podem comprendre.\r\n\r\n<em>El cielo las estrellas\u00a0<\/em>ens convida a relacionar all\u00f2 tangible amb all\u00f2 intangible i el cos amb l\u2019esperit, des de la contemplaci\u00f3 art\u00edstica i l\u2019experimentaci\u00f3 po\u00e8tica en diversos formats.\r\n\r\nAquesta proposta \u00e9s un assaig que ens demana que mirem cap amunt, un gest at\u00e0vic que ens connecta amb les grans preguntes que sempre ens hem fet i que encara no hem estat totalment capa\u00e7os de respondre.\r\n\r\nArtistes: <em>Llu\u00eds Escart\u00edn<\/em>, <em>Maria Molina Peir\u00f3<\/em>, <em>Helga Ju\u00e1rez<\/em> i <em>Jara Rocha<\/em>.","desc_es":"No hay nada m\u00e1s humano que mirar al cielo y saberse parte, min\u00fascula eso si, de la inmensidad. Mirar el firmamento nos absorbe y nos lleva a pensar en lo desconocido, la muerte, el paso del tiempo y todo aquello que nos transciende y que no podemos comprender.\r\n\r\n<em>El cielo las estrellas<\/em> nos invita a relacionar lo tangible con lo intangible y el cuerpo con el esp\u00edritu, desde la contemplaci\u00f3n art\u00edstica y la experimentaci\u00f3n po\u00e9tica en diversos formatos.\r\n\r\nEsta propuesta es un ensayo que nos pide que miramos hacia arriba, un gesto at\u00e1vico que nos conecta con las grandes preguntas que siempre nos hemos hecho y que todav\u00eda no hemos sido totalmente capaces de responder.\r\n\r\nArtistas: <em>Llu\u00eds Escart\u00edn<\/em>, <em>Maria Molina Peir\u00f3<\/em>, <em>Helga Ju\u00e1rez<\/em>\u00a0y\u00a0<em>Jara Rocha<\/em>.","desc_en":"This content is not available in English.\r\nYou can consult it in Catalan or Spanish.","event_category":103,"event_show_only_own_date":true,"_event_confirmed":true,"_event_public":true,"_event_free":true,"_event_price-min":"","_event_price-max":"","_event_web_ca":"https:\/\/ajuntament.barcelona.cat\/centrescivics\/ca\/activitat\/el-cielo-las-estrellas","_event_web_es":"","_event_web_en":"","event_contact_email":"","event_apply_email":"","is_online_event":false,"is_art_nou_event":false,"is_bgw_event":false,"date_text":"","register_deadline":null,"altres_organitzadors":null},"abe_event_venue":"CC Pere Pruna","abe_event_category":"Exposici\u00f3","start":"2024-09-05 00:00:00","end":"2024-10-26 23:59:00","schedule":"once","schedule_meta":"","frequency":1,"all_day":1,"until":"2024-09-05 00:00:00","include":[],"exclude":[],"_links":{"self":[{"href":"https:\/\/graf.cat\/es\/wp-json\/wp\/v2\/events\/35912","targetHints":{"allow":["GET"]}}],"collection":[{"href":"https:\/\/graf.cat\/es\/wp-json\/wp\/v2\/events"}],"about":[{"href":"https:\/\/graf.cat\/es\/wp-json\/wp\/v2\/types\/event"}],"author":[{"embeddable":true,"href":"https:\/\/graf.cat\/es\/wp-json\/wp\/v2\/users\/125"}],"occurrences":[{"embeddable":true,"href":"https:\/\/graf.cat\/es\/wp-json\/wp\/v2\/events\/35912\/occurrences"}],"acf:term":[{"embeddable":true,"taxonomy":"event-category","href":"https:\/\/graf.cat\/es\/wp-json\/wp\/v2\/event-category\/103"}],"wp:featuredmedia":[{"embeddable":true,"href":"https:\/\/graf.cat\/es\/wp-json\/wp\/v2\/media\/35787"}],"wp:attachment":[{"href":"https:\/\/graf.cat\/es\/wp-json\/wp\/v2\/media?parent=35912"}],"wp:term":[{"taxonomy":"event-venue","embeddable":true,"href":"https:\/\/graf.cat\/es\/wp-json\/wp\/v2\/event-venues?post=35912"},{"taxonomy":"event-tag","embeddable":true,"href":"https:\/\/graf.cat\/es\/wp-json\/wp\/v2\/event-tags?post=35912"}],"curies":[{"name":"wp","href":"https:\/\/api.w.org\/{rel}","templated":true}]}}

No hi ha res més humà que mirar al cel i saber-se part, minúscula això sí, de la immensitat. Mirar el firmament ens absorbeix i ens porta a pensar en allò desconegut, la mort, el pas del temps i tot allò que ens transcendeix i que no podem comprendre.

<em>El cielo las estrellas </em>ens convida a relacionar allò tangible amb allò intangible i el cos amb l’esperit, des de la contemplació artística i l’experimentació poètica en diversos formats.

Aquesta proposta és un assaig que ens demana que mirem cap amunt, un gest atàvic que ens connecta amb les grans preguntes que sempre ens hem fet i que encara no hem estat totalment capaços de respondre.

Artistes: <em>Lluís Escartín</em>, <em>Maria Molina Peiró</em>, <em>Helga Juárez</em> i <em>Jara Rocha</em>.

No hay nada más humano que mirar al cielo y saberse parte, minúscula eso si, de la inmensidad. Mirar el firmamento nos absorbe y nos lleva a pensar en lo desconocido, la muerte, el paso del tiempo y todo aquello que nos transciende y que no podemos comprender.

<em>El cielo las estrellas</em> nos invita a relacionar lo tangible con lo intangible y el cuerpo con el espíritu, desde la contemplación artística y la experimentación poética en diversos formatos.

Esta propuesta es un ensayo que nos pide que miramos hacia arriba, un gesto atávico que nos conecta con las grandes preguntas que siempre nos hemos hecho y que todavía no hemos sido totalmente capaces de responder.

Artistas: <em>Lluís Escartín</em>, <em>Maria Molina Peiró</em>, <em>Helga Juárez</em> y <em>Jara Rocha</em>.

Exposició
