{"id":36445,"guid":{"rendered":"https:\/\/graf.cat\/?post_type=event&#038;p=36445"},"modified":"2024-02-05T10:53:51","modified_gmt":"2024-02-05T08:53:51","slug":"taller-infantil-les-xarxes-5-el-filandon","status":"publish","type":"event","link":"https:\/\/graf.cat\/es\/events\/event\/taller-infantil-les-xarxes-5-el-filandon\/","title":{"rendered":"Taller infantil: LES XARXES 5. El filand\u00f3n"},"content":{"rendered":"","protected":false},"excerpt":{"rendered":"","protected":false},"author":36,"featured_media":36446,"template":"","meta":{"_acf_changed":false,"_monsterinsights_skip_tracking":false,"_monsterinsights_sitenote_active":false,"_monsterinsights_sitenote_note":"","_monsterinsights_sitenote_category":0},"event-venues":[218],"event-tags":[],"class_list":["post-36445","event","type-event","status-publish","has-post-thumbnail","hentry","event-venue-sant-andreu-contemporani","event-category-festival"],"acf":{"title_ca":"Taller infantil: LES XARXES 5. El filand\u00f3n","title_es":"Taller infantil: LAS REDES 5. El filand\u00f3n","title_en":"Children's workshop: THE NETWORKS 5. El filand\u00f3n","desc_ca":"<div class=\"subarticle\">\r\n\r\n<strong>10.02.24<\/strong>\r\n<strong>Blanca Gracia: <em>LES XARXES 5. El filand\u00f3n<\/em><\/strong>\r\n\r\nCinquena sessi\u00f3 de <strong><em>LES XARXES<\/em><\/strong>, a c\u00e0rrec de l\u2019artista <strong>Blanca Gracia<\/strong>.\r\n\r\nEs proposa un taller en el qual reinventar i habitar contes i mites tradicionals, per crear nous arquetips i fomentar imaginaris propis. Per a aix\u00f2 utilitzarem un retroprojector, cartolines retallades, filtres de colors i el nostre propi cos, per tal de crear animacions rudiment\u00e0ries pr\u00f2ximes al teatre d\u2019ombres. Prendrem com a punt de partida el filand\u00f3n propi de\u00a0Castella i Lle\u00f3, que \u00e9s una reuni\u00f3 que es fa a les nits, una vegada acabat el sopar, en la qual s\u2019expliquen contes en veu alta, al mateix temps que es treballa en alguna labor manual.\r\n\r\nLES XARXES \u00e9s el programa educatiu de Sant Andreu Contemporani, estructurat en cicles anuals de tallers a c\u00e0rrec d\u2019artistes convidats, dirigits a un p\u00fablic infantil i familiar. Un espai en el qual artistes i nens experimenten amb estrat\u00e8gies creatives i produeixen coneixement compartit des de la pr\u00e0ctica.\r\n\r\n<strong>Informaci\u00f3 pr\u00e0ctica:<\/strong>\r\n\r\n<strong>Horari<\/strong>\r\nD\u201911:30 a 13:00 h\r\n\r\n<strong>Edat recomanada<\/strong>\r\nDe 7 a 11 anys\r\n\r\n<strong>Preu<\/strong>\r\nGratu\u00eft\r\nAforament limitat\r\n\r\n<strong>Inscripcions<\/strong>\r\nTel\u00e8fon: 93\u00a0311\u00a099\u00a053\r\nhttps:\/\/santandreu.inscripcionscc.com\/MiramModular\/buscador\/buscador.jsp?g=1&amp;c=22&amp;a=1109\r\n\r\n<\/div>","desc_es":"<div class=\"subarticle\">\r\n\r\n<strong>10.02.24<\/strong>\r\n<strong>Blanca Gracia: <em>LAS REDES 5. El filand\u00f3n<\/em><\/strong>\r\n\r\nQuinta sesi\u00f3n de <strong><em>LAS REDES<\/em><\/strong>, a cargo de la artista <strong>Blanca Gracia<\/strong>.\r\n\r\nSe propone un taller en el que reinventar y habitar cuentos y mitos tradicionales, para crear nuevos arquetipos y fomentar imaginarios propios. Para ello utilizaremos un retroproyector, cartulinas recortadas, filtros de colores y nuestro propio cuerpo, para concebir as\u00ed animaciones rudimentarias cercanas al teatro de sombras. Tomaremos como punto de partida el filand\u00f3n propio de\u00a0Castilla Le\u00f3n, que es una reuni\u00f3n que se realiza por las noches, una vez terminada la cena, en la que se explican cuentos en voz alta, al tiempo que se trabaja en alguna labor manual.\r\n\r\nLAS REDES es el programa educativo de Sant Andreu Contemporani, estructurado en ciclos anuales de talleres a cargo de artistas invitados, dirigidos a un p\u00fablico infantil y familiar. Un espacio en el que artistas y ni\u00f1os experimentan con estrategias creativas produciendo conocimiento compartido desde la pr\u00e1ctica.\r\n\r\n<strong>Informaci\u00f3n pr\u00e1ctica:<\/strong>\r\n\r\n<strong>Horario<\/strong>\r\nDe 11:30 a 13:00 h\r\n\r\n<strong>Edad recomendada<\/strong>\r\nDe 7 a 11 a\u00f1os\r\n\r\n<strong>Precio<\/strong>\r\nGratuito\r\nAforo limitado\r\n\r\n<strong>Inscripciones<\/strong>\r\nTel\u00e9fono: 93\u00a0311\u00a099\u00a053\r\nhttps:\/\/santandreu.inscripcionscc.com\/MiramModular\/buscador\/buscador.jsp?g=1&amp;c=22&amp;a=1109\r\n\r\n<\/div>","desc_en":"-","event_category":481,"event_show_only_own_date":true,"_event_confirmed":true,"_event_public":true,"_event_free":true,"_event_price-min":"","_event_price-max":"","_event_web_ca":"https:\/\/santandreucontemporani.org\/ca\/activitats\/taller-infantil-les-xarxes-5-el-filandon","_event_web_es":"https:\/\/santandreucontemporani.org\/es\/activitats\/taller-infantil-les-xarxes-5-el-filandon","_event_web_en":"https:\/\/santandreucontemporani.org\/","event_contact_email":"","event_apply_email":"http:\/\/tinyurl.com\/2s3ne6s3","is_online_event":false,"is_art_nou_event":false,"is_bgw_event":false,"date_text":"","register_deadline":"20240210","altres_organitzadors":null},"abe_event_venue":"Sant Andreu Contemporani","abe_event_category":"Festival","start":"2024-02-10 11:30:00","end":"2024-02-10 13:00:00","schedule":"once","schedule_meta":"","frequency":1,"all_day":0,"until":"2024-02-10 11:30:00","include":[],"exclude":[],"_links":{"self":[{"href":"https:\/\/graf.cat\/es\/wp-json\/wp\/v2\/events\/36445","targetHints":{"allow":["GET"]}}],"collection":[{"href":"https:\/\/graf.cat\/es\/wp-json\/wp\/v2\/events"}],"about":[{"href":"https:\/\/graf.cat\/es\/wp-json\/wp\/v2\/types\/event"}],"author":[{"embeddable":true,"href":"https:\/\/graf.cat\/es\/wp-json\/wp\/v2\/users\/36"}],"occurrences":[{"embeddable":true,"href":"https:\/\/graf.cat\/es\/wp-json\/wp\/v2\/events\/36445\/occurrences"}],"acf:term":[{"embeddable":true,"taxonomy":"event-category","href":"https:\/\/graf.cat\/es\/wp-json\/wp\/v2\/event-category\/481"}],"wp:featuredmedia":[{"embeddable":true,"href":"https:\/\/graf.cat\/es\/wp-json\/wp\/v2\/media\/36446"}],"wp:attachment":[{"href":"https:\/\/graf.cat\/es\/wp-json\/wp\/v2\/media?parent=36445"}],"wp:term":[{"taxonomy":"event-venue","embeddable":true,"href":"https:\/\/graf.cat\/es\/wp-json\/wp\/v2\/event-venues?post=36445"},{"taxonomy":"event-tag","embeddable":true,"href":"https:\/\/graf.cat\/es\/wp-json\/wp\/v2\/event-tags?post=36445"}],"curies":[{"name":"wp","href":"https:\/\/api.w.org\/{rel}","templated":true}]}}

Taller infantil: LES XARXES 5. El filandón

Taller infantil: LAS REDES 5. El filandón

Children's workshop: THE NETWORKS 5. El filandón

<div class="subarticle">

<strong>10.02.24</strong>
<strong>Blanca Gracia: <em>LES XARXES 5. El filandón</em></strong>

Cinquena sessió de <strong><em>LES XARXES</em></strong>, a càrrec de l’artista <strong>Blanca Gracia</strong>.

Es proposa un taller en el qual reinventar i habitar contes i mites tradicionals, per crear nous arquetips i fomentar imaginaris propis. Per a això utilitzarem un retroprojector, cartolines retallades, filtres de colors i el nostre propi cos, per tal de crear animacions rudimentàries pròximes al teatre d’ombres. Prendrem com a punt de partida el filandón propi de Castella i Lleó, que és una reunió que es fa a les nits, una vegada acabat el sopar, en la qual s’expliquen contes en veu alta, al mateix temps que es treballa en alguna labor manual.

LES XARXES és el programa educatiu de Sant Andreu Contemporani, estructurat en cicles anuals de tallers a càrrec d’artistes convidats, dirigits a un públic infantil i familiar. Un espai en el qual artistes i nens experimenten amb estratègies creatives i produeixen coneixement compartit des de la pràctica.

<strong>Informació pràctica:</strong>

<strong>Horari</strong>
D’11:30 a 13:00 h

<strong>Edat recomanada</strong>
De 7 a 11 anys

<strong>Preu</strong>
Gratuït
Aforament limitat

<strong>Inscripcions</strong>
Telèfon: 93 311 99 53
https://santandreu.inscripcionscc.com/MiramModular/buscador/buscador.jsp?g=1&amp;c=22&amp;a=1109

</div>

<div class="subarticle">

<strong>10.02.24</strong>
<strong>Blanca Gracia: <em>LAS REDES 5. El filandón</em></strong>

Quinta sesión de <strong><em>LAS REDES</em></strong>, a cargo de la artista <strong>Blanca Gracia</strong>.

Se propone un taller en el que reinventar y habitar cuentos y mitos tradicionales, para crear nuevos arquetipos y fomentar imaginarios propios. Para ello utilizaremos un retroproyector, cartulinas recortadas, filtros de colores y nuestro propio cuerpo, para concebir así animaciones rudimentarias cercanas al teatro de sombras. Tomaremos como punto de partida el filandón propio de Castilla León, que es una reunión que se realiza por las noches, una vez terminada la cena, en la que se explican cuentos en voz alta, al tiempo que se trabaja en alguna labor manual.

LAS REDES es el programa educativo de Sant Andreu Contemporani, estructurado en ciclos anuales de talleres a cargo de artistas invitados, dirigidos a un público infantil y familiar. Un espacio en el que artistas y niños experimentan con estrategias creativas produciendo conocimiento compartido desde la práctica.

<strong>Información práctica:</strong>

<strong>Horario</strong>
De 11:30 a 13:00 h

<strong>Edad recomendada</strong>
De 7 a 11 años

<strong>Precio</strong>
Gratuito
Aforo limitado

<strong>Inscripciones</strong>
Teléfono: 93 311 99 53
https://santandreu.inscripcionscc.com/MiramModular/buscador/buscador.jsp?g=1&amp;c=22&amp;a=1109

</div>
