{"id":36915,"guid":{"rendered":"https:\/\/graf.cat\/?post_type=event&#038;p=36915"},"modified":"2024-10-16T17:43:15","modified_gmt":"2024-10-16T15:43:15","slug":"cossos-daigua-enarnacions-aquoses-de-materies-i-signes","status":"publish","type":"event","link":"https:\/\/graf.cat\/es\/events\/event\/cossos-daigua-enarnacions-aquoses-de-materies-i-signes\/","title":{"rendered":"Cossos d&#8217;aigua. Enarnacions aquoses de mat\u00e8ries i signes"},"content":{"rendered":"","protected":false},"excerpt":{"rendered":"","protected":false},"author":5,"featured_media":36916,"template":"","meta":{"_acf_changed":false,"_monsterinsights_skip_tracking":false,"_monsterinsights_sitenote_active":false,"_monsterinsights_sitenote_note":"","_monsterinsights_sitenote_category":0},"event-venues":[67],"event-tags":[],"class_list":["post-36915","event","type-event","status-publish","has-post-thumbnail","hentry","event-venue-centre-dart-la-panera","event-category-exposicio"],"acf":{"title_ca":"Cossos d'aigua. Enarnacions aquoses de mat\u00e8ries i signes","title_es":"Cossos d'aigua. Enarnacions aquoses de mat\u00e8ries i signes","title_en":"Cossos d'aigua. Enarnacions aquoses de mat\u00e8ries i signes","desc_ca":"<em>Cossos d\u2019aigua. Encarnacions aquoses de mat\u00e8ria i signes\u00a0<\/em>examina l\u2019impacte natural i cultural de l\u2019aigua en els ecosistemes i en l\u2019imaginari col\u00b7lectiu. Els treballs ens parlen de les conseq\u00fc\u00e8ncies de la sequera, de la privatitzaci\u00f3 de l\u2019aigua, de la contaminaci\u00f3 mediambiental, \u00a0de la transformaci\u00f3 del s\u00f2l i del paisatge, de la configuraci\u00f3 urbana, de la simbologia i la cultura populars, de fen\u00f2mens meteorol\u00f2gics, de processos biol\u00f2gics, de personalitats jur\u00eddiques... Com sost\u00e9 la fil\u00f2sofa Astrida Neimanis, l\u2019aigua no \u00e9s una mera \u00abmassa\u00bb, sin\u00f3 un \u00abcos\u00bb que canvia constantment, que connecta a tots els \u00e9ssers i que encapsula les seves experi\u00e8ncies i les seves hist\u00f2ries. No som \u00e9ssers a\u00efllats de l\u2019entorn que instrumentalitzem una aigua que considerem passiva. Som, alhora, encarnacions i constitucions d\u2019aigua: hem sorgit de l\u2019aigua, som el resultat de l\u2019aigua i som totalment dependents de l\u2019aigua.\r\n\r\n<strong>A cura de Christian Alonso<\/strong>\r\n\r\n<em>Hi participen: Francesc Torres, Grup d\u2019Estudis Horta-Riu de l\u2019Ateneu Popular de Ponent, \u00c0lvar Calvet, Vespe, Carlos Monle\u00f3n, Sitesize (Elvira Pujol i Joan Vila Puig), Fito Conesa, Anna Dot, Marco Noris, Antonieta Aguil\u00f3 Pascual, Ramon Casanova, Joaqu\u00edn Ure\u00f1a, Taller de Cappont, Francesc Xavier Parcerisa, Ramon Mestre Vidal, Mari\u00e0 Gom\u00e0 Pujadas, Enric Garsaball, Josep Antoni Ferrer i Bordonaba.<\/em>","desc_es":"<em>Cuerpos de agua. Encarnaciones acuosas de materias y signos\u00a0<\/em>examina el impacto natural y cultural del agua en los ecosistemas y en el imaginario colectivo. Los trabajos nos hablan de las consecuencias de la sequ\u00eda, de la privatizaci\u00f3n del agua, de la contaminaci\u00f3n medioambiental, de la transformaci\u00f3n del suelo y del paisaje, de la configuraci\u00f3n urbana, de la simbolog\u00eda y la cultura populares, de fen\u00f3menos meteorol\u00f3gicos, de procesos biol\u00f3gicos, de personalidades jur\u00eddicas... Como sostiene la fil\u00f3sofa Astrida Neimanis, el agua no es una mera \u00abmasa\u00bb, sino un \u00abcuerpo\u00bb que cambia constantemente, que conecta a todos los seres y que encapsula sus experiencias y sus historias. No somos seres aislados del entorno que instrumentalizamos un agua que consideramos pasiva. Somos, al mismo tiempo, encarnaciones y constituciones de agua: hemos surgido del agua, somos el resultado del agua y somos totalmente dependientes del agua.\r\n\r\n<strong>A cargo de Christian Alonso<\/strong>\r\n\r\n<em>Participan: Francesc Torres, Grup d\u2019Estudis Horta-Riu de l\u2019Ateneu Popular de Ponent, \u00c0lvar Calvet, Vespe, Carlos Monle\u00f3n, Sitesize (Elvira Pujol i Joan Vila Puig), Fito Conesa, Anna Dot, Marco Noris, Antonieta Aguil\u00f3 Pascual, Ramon Casanova, Joaqu\u00edn Ure\u00f1a, Taller de Cappont, Francesc Xavier Parcerisa, Ramon Mestre Vidal, Mari\u00e0 Gom\u00e0 Pujadas, Enric Garsaball, Josep Antoni Ferrer i Bordonaba.<\/em>","desc_en":"This content is not available in English.\r\nYou can consult it in Catalan or Spanish.","event_category":103,"event_show_only_own_date":true,"_event_confirmed":true,"_event_public":true,"_event_free":true,"_event_price-min":"","_event_price-max":"","_event_web_ca":"https:\/\/www.lapanera.cat\/ca\/programacio\/exposicions\/cossos-d2019aigua-encarnacions-aquoses-de-materies-i-signes","_event_web_es":"https:\/\/www.lapanera.cat\/es\/programacion\/exposiciones\/cossos-d2019aigua-encarnacions-aquoses-de-materies-i-signes?set_language=es","_event_web_en":"","event_contact_email":"","event_apply_email":"","is_online_event":false,"is_art_nou_event":false,"is_bgw_event":false,"date_text":"","register_deadline":null,"altres_organitzadors":null},"abe_event_venue":"Centre d'art la Panera","abe_event_category":"Exposici\u00f3","start":"2024-02-24 00:00:00","end":"2024-05-26 23:59:00","schedule":"once","schedule_meta":"","frequency":1,"all_day":1,"until":"2024-02-24 00:00:00","include":[],"exclude":[],"_links":{"self":[{"href":"https:\/\/graf.cat\/es\/wp-json\/wp\/v2\/events\/36915","targetHints":{"allow":["GET"]}}],"collection":[{"href":"https:\/\/graf.cat\/es\/wp-json\/wp\/v2\/events"}],"about":[{"href":"https:\/\/graf.cat\/es\/wp-json\/wp\/v2\/types\/event"}],"author":[{"embeddable":true,"href":"https:\/\/graf.cat\/es\/wp-json\/wp\/v2\/users\/5"}],"occurrences":[{"embeddable":true,"href":"https:\/\/graf.cat\/es\/wp-json\/wp\/v2\/events\/36915\/occurrences"}],"acf:term":[{"embeddable":true,"taxonomy":"event-category","href":"https:\/\/graf.cat\/es\/wp-json\/wp\/v2\/event-category\/103"}],"wp:featuredmedia":[{"embeddable":true,"href":"https:\/\/graf.cat\/es\/wp-json\/wp\/v2\/media\/36916"}],"wp:attachment":[{"href":"https:\/\/graf.cat\/es\/wp-json\/wp\/v2\/media?parent=36915"}],"wp:term":[{"taxonomy":"event-venue","embeddable":true,"href":"https:\/\/graf.cat\/es\/wp-json\/wp\/v2\/event-venues?post=36915"},{"taxonomy":"event-tag","embeddable":true,"href":"https:\/\/graf.cat\/es\/wp-json\/wp\/v2\/event-tags?post=36915"}],"curies":[{"name":"wp","href":"https:\/\/api.w.org\/{rel}","templated":true}]}}

Cossos d&#8217;aigua. Enarnacions aquoses de matèries i signes

Cossos d'aigua. Enarnacions aquoses de matèries i signes

<em>Cossos d’aigua. Encarnacions aquoses de matèria i signes </em>examina l’impacte natural i cultural de l’aigua en els ecosistemes i en l’imaginari col·lectiu. Els treballs ens parlen de les conseqüències de la sequera, de la privatització de l’aigua, de la contaminació mediambiental,  de la transformació del sòl i del paisatge, de la configuració urbana, de la simbologia i la cultura populars, de fenòmens meteorològics, de processos biològics, de personalitats jurídiques... Com sosté la filòsofa Astrida Neimanis, l’aigua no és una mera «massa», sinó un «cos» que canvia constantment, que connecta a tots els éssers i que encapsula les seves experiències i les seves històries. No som éssers aïllats de l’entorn que instrumentalitzem una aigua que considerem passiva. Som, alhora, encarnacions i constitucions d’aigua: hem sorgit de l’aigua, som el resultat de l’aigua i som totalment dependents de l’aigua.

<strong>A cura de Christian Alonso</strong>

<em>Hi participen: Francesc Torres, Grup d’Estudis Horta-Riu de l’Ateneu Popular de Ponent, Àlvar Calvet, Vespe, Carlos Monleón, Sitesize (Elvira Pujol i Joan Vila Puig), Fito Conesa, Anna Dot, Marco Noris, Antonieta Aguiló Pascual, Ramon Casanova, Joaquín Ureña, Taller de Cappont, Francesc Xavier Parcerisa, Ramon Mestre Vidal, Marià Gomà Pujadas, Enric Garsaball, Josep Antoni Ferrer i Bordonaba.</em>

<em>Cuerpos de agua. Encarnaciones acuosas de materias y signos </em>examina el impacto natural y cultural del agua en los ecosistemas y en el imaginario colectivo. Los trabajos nos hablan de las consecuencias de la sequía, de la privatización del agua, de la contaminación medioambiental, de la transformación del suelo y del paisaje, de la configuración urbana, de la simbología y la cultura populares, de fenómenos meteorológicos, de procesos biológicos, de personalidades jurídicas... Como sostiene la filósofa Astrida Neimanis, el agua no es una mera «masa», sino un «cuerpo» que cambia constantemente, que conecta a todos los seres y que encapsula sus experiencias y sus historias. No somos seres aislados del entorno que instrumentalizamos un agua que consideramos pasiva. Somos, al mismo tiempo, encarnaciones y constituciones de agua: hemos surgido del agua, somos el resultado del agua y somos totalmente dependientes del agua.

<strong>A cargo de Christian Alonso</strong>

<em>Participan: Francesc Torres, Grup d’Estudis Horta-Riu de l’Ateneu Popular de Ponent, Àlvar Calvet, Vespe, Carlos Monleón, Sitesize (Elvira Pujol i Joan Vila Puig), Fito Conesa, Anna Dot, Marco Noris, Antonieta Aguiló Pascual, Ramon Casanova, Joaquín Ureña, Taller de Cappont, Francesc Xavier Parcerisa, Ramon Mestre Vidal, Marià Gomà Pujadas, Enric Garsaball, Josep Antoni Ferrer i Bordonaba.</em>

Exposició
