{"id":37036,"guid":{"rendered":"https:\/\/graf.cat\/?post_type=event&#038;p=37036"},"modified":"2024-04-17T12:51:32","modified_gmt":"2024-04-17T10:51:32","slug":"les-cadires-de-tapies-blanca-llum","status":"publish","type":"event","link":"https:\/\/graf.cat\/es\/events\/event\/les-cadires-de-tapies-blanca-llum\/","title":{"rendered":"Les cadires de T\u00e0pies. Blanca Llum Vidal"},"content":{"rendered":"","protected":false},"excerpt":{"rendered":"","protected":false},"author":8,"featured_media":37031,"template":"","meta":{"_acf_changed":false,"_monsterinsights_skip_tracking":false,"_monsterinsights_sitenote_active":false,"_monsterinsights_sitenote_note":"","_monsterinsights_sitenote_category":0},"event-venues":[],"event-tags":[],"class_list":["post-37036","event","type-event","status-publish","has-post-thumbnail","hentry","event-category-altres"],"acf":{"title_ca":"Les cadires de T\u00e0pies. Blanca Llum Vidal","title_es":"Les cadires de T\u00e0pies. Blanca Llum Vidal","title_en":"Les cadires de T\u00e0pies. Blanca Llum Vidal","desc_ca":"","desc_es":"","desc_en":"","event_category":191,"event_show_only_own_date":true,"_event_confirmed":true,"_event_public":true,"_event_free":false,"_event_price-min":3,"_event_price-max":"","_event_web_ca":"https:\/\/fundaciotapies.org\/activitat\/cicle-les-cadires-de-tapies\/","_event_web_es":"https:\/\/fundaciotapies.org\/activitat\/cicle-les-cadires-de-tapies\/","_event_web_en":"https:\/\/fundaciotapies.org\/activitat\/cicle-les-cadires-de-tapies\/","event_contact_email":"","event_apply_email":"","is_online_event":false,"is_art_nou_event":false,"is_bgw_event":false,"date_text":"","register_deadline":null,"altres_organitzadors":""},"abe_event_venue":null,"abe_event_category":"Altres","start":"2024-07-19 19:00:00","end":"2024-07-19 19:00:00","schedule":"once","schedule_meta":"","frequency":1,"all_day":0,"until":"2024-07-19 19:00:00","include":[],"exclude":[],"_links":{"self":[{"href":"https:\/\/graf.cat\/es\/wp-json\/wp\/v2\/events\/37036","targetHints":{"allow":["GET"]}}],"collection":[{"href":"https:\/\/graf.cat\/es\/wp-json\/wp\/v2\/events"}],"about":[{"href":"https:\/\/graf.cat\/es\/wp-json\/wp\/v2\/types\/event"}],"author":[{"embeddable":true,"href":"https:\/\/graf.cat\/es\/wp-json\/wp\/v2\/users\/8"}],"occurrences":[{"embeddable":true,"href":"https:\/\/graf.cat\/es\/wp-json\/wp\/v2\/events\/37036\/occurrences"}],"acf:term":[{"embeddable":true,"taxonomy":"event-category","href":"https:\/\/graf.cat\/es\/wp-json\/wp\/v2\/event-category\/191"}],"wp:featuredmedia":[{"embeddable":true,"href":"https:\/\/graf.cat\/es\/wp-json\/wp\/v2\/media\/37031"}],"wp:attachment":[{"href":"https:\/\/graf.cat\/es\/wp-json\/wp\/v2\/media?parent=37036"}],"wp:term":[{"taxonomy":"event-venue","embeddable":true,"href":"https:\/\/graf.cat\/es\/wp-json\/wp\/v2\/event-venues?post=37036"},{"taxonomy":"event-tag","embeddable":true,"href":"https:\/\/graf.cat\/es\/wp-json\/wp\/v2\/event-tags?post=37036"}],"curies":[{"name":"wp","href":"https:\/\/api.w.org\/{rel}","templated":true}]}}

Les cadires de Tàpies. Blanca Llum Vidal
