{"id":37478,"guid":{"rendered":"https:\/\/graf.cat\/?post_type=event&#038;p=37478"},"modified":"2024-03-28T15:16:32","modified_gmt":"2024-03-28T13:16:32","slug":"encuentros-con-elena-martin-gimeno","status":"publish","type":"event","link":"https:\/\/graf.cat\/es\/events\/event\/encuentros-con-elena-martin-gimeno\/","title":{"rendered":"TROBADES AMB&#8230; ELENA MART\u00cdN GIMENO DAVANT I DARRERE DELS FOCUS"},"content":{"rendered":"","protected":false},"excerpt":{"rendered":"","protected":false},"author":26,"featured_media":37479,"template":"","meta":{"_acf_changed":false,"_monsterinsights_skip_tracking":false,"_monsterinsights_sitenote_active":false,"_monsterinsights_sitenote_note":"","_monsterinsights_sitenote_category":0},"event-venues":[],"event-tags":[],"class_list":["post-37478","event","type-event","status-publish","has-post-thumbnail","hentry","event-category-conferencia"],"acf":{"title_ca":" TROBADES AMB... ELENA MART\u00cdN GIMENO DAVANT I DARRERE DELS FOCUS","title_es":"ENCUENTROS CON... ELENA MART\u00cdN GIMENO DELANTE Y DETR\u00c1S DE LOS FOCOS","title_en":" TROBADES AMB... ELENA MART\u00cdN GIMENO DAVANT I DARRERE DELS FOCUS","desc_ca":"Vam con\u00e8ixer el seu rostre en una pantalla de cinema l'any 2015 amb Les amigues d'\u00c0gata. L'any 2017 descobrim la seva faceta com a guionista en J\u00falia Ist, guardonada com a Millor Pel\u00b7l\u00edcula i Millor Direcci\u00f3 en el Festival de M\u00e0laga. Elena Mart\u00edn Gimeno avui ja s'ha consolidat despr\u00e9s d'\u00e8xits com Creatura, pel\u00b7l\u00edcula que es va emportar un premi a Cannes.\r\n\r\nEn aquesta trobada, la directora, guionista i actriu ens compartir\u00e0 la seva traject\u00f2ria davant i darrere dels focus, amb s\u00e8ries populars com La Ver\u00ed fins a Creatura, conquistant un dels grans festivals del m\u00f3n.\r\n\r\nPresentaci\u00f3 a c\u00e0rrec d'<strong>Alba\u00a0 Riera<\/strong>, comunicadora cultural. Actualment al Col.*lapse, de TV3. Col\u00b7labora en El Suplement de Catalunya R\u00e0dio, als podcasts DINS i Tardeo de R\u00e0dio Primavera Sound i a Playground","desc_es":"Conocimos su rostro en una pantalla de cine en el a\u00f1o 2015 con\u00a0<em>Las amigas de \u00c1gata<\/em>. En el a\u00f1o 2017 descubrimos su faceta como guionista en\u00a0<em>J\u00falia Ist<\/em>, galardonada como Mejor Pel\u00edcula y Mejor Direcci\u00f3n en el Festival de M\u00e1laga. Elena Mart\u00edn Gimeno hoy ya se ha consolidado tras \u00e9xitos como\u00a0<em>Creatura,\u00a0<\/em>pel\u00edcula que se llev\u00f3 un premio en Cannes.\r\n\r\nEn este encuentro, la directora, guionista y actriz nos compartir\u00e1 su trayectoria delante y detr\u00e1s de los focos, con series populares como\u00a0<em>La Veneno<\/em>\u00a0hasta\u00a0<em>Creatura,\u00a0<\/em>conquistando<em>\u00a0<\/em>uno de los grandes festivales del mundo.\r\n\r\nPresentaci\u00f3n a cargo de\u00a0<strong>Alba Riera<\/strong>, comunicadora cultural. Actualmente al Col.lapse, de TV3. Colabora en El Suplement de Catalunya R\u00e0dio, a los<em>\u00a0podcasts<\/em>\u00a0DENTRO y Tardeo de R\u00e0dio Primavera Sound y a Playground","desc_en":"","event_category":243,"event_show_only_own_date":true,"_event_confirmed":true,"_event_public":true,"_event_free":false,"_event_price-min":6,"_event_price-max":6,"_event_web_ca":"https:\/\/caixaforum.org\/ca\/barcelona\/p\/trobades-amb-elena-martin-gimeno_a165271354","_event_web_es":"","_event_web_en":"","event_contact_email":"","event_apply_email":"https:\/\/caixaforum.org\/es\/barcelona\/p\/encuentros-con-elena-martin-gimeno_a165271354","is_online_event":false,"is_art_nou_event":false,"is_bgw_event":false,"date_text":"","register_deadline":"20240405","altres_organitzadors":null},"abe_event_venue":null,"abe_event_category":"Confer\u00e8ncia","start":"2024-04-05 19:00:00","end":"2024-04-05 20:30:00","schedule":"once","schedule_meta":"","frequency":1,"all_day":0,"until":"2024-04-05 19:00:00","include":[],"exclude":[],"_links":{"self":[{"href":"https:\/\/graf.cat\/es\/wp-json\/wp\/v2\/events\/37478","targetHints":{"allow":["GET"]}}],"collection":[{"href":"https:\/\/graf.cat\/es\/wp-json\/wp\/v2\/events"}],"about":[{"href":"https:\/\/graf.cat\/es\/wp-json\/wp\/v2\/types\/event"}],"author":[{"embeddable":true,"href":"https:\/\/graf.cat\/es\/wp-json\/wp\/v2\/users\/26"}],"occurrences":[{"embeddable":true,"href":"https:\/\/graf.cat\/es\/wp-json\/wp\/v2\/events\/37478\/occurrences"}],"acf:term":[{"embeddable":true,"taxonomy":"event-category","href":"https:\/\/graf.cat\/es\/wp-json\/wp\/v2\/event-category\/243"}],"wp:featuredmedia":[{"embeddable":true,"href":"https:\/\/graf.cat\/es\/wp-json\/wp\/v2\/media\/37479"}],"wp:attachment":[{"href":"https:\/\/graf.cat\/es\/wp-json\/wp\/v2\/media?parent=37478"}],"wp:term":[{"taxonomy":"event-venue","embeddable":true,"href":"https:\/\/graf.cat\/es\/wp-json\/wp\/v2\/event-venues?post=37478"},{"taxonomy":"event-tag","embeddable":true,"href":"https:\/\/graf.cat\/es\/wp-json\/wp\/v2\/event-tags?post=37478"}],"curies":[{"name":"wp","href":"https:\/\/api.w.org\/{rel}","templated":true}]}}

TROBADES AMB&#8230; ELENA MARTÍN GIMENO DAVANT I DARRERE DELS FOCUS

TROBADES AMB... ELENA MARTÍN GIMENO DAVANT I DARRERE DELS FOCUS

ENCUENTROS CON... ELENA MARTÍN GIMENO DELANTE Y DETRÁS DE LOS FOCOS

Vam conèixer el seu rostre en una pantalla de cinema l'any 2015 amb Les amigues d'Àgata. L'any 2017 descobrim la seva faceta com a guionista en Júlia Ist, guardonada com a Millor Pel·lícula i Millor Direcció en el Festival de Màlaga. Elena Martín Gimeno avui ja s'ha consolidat després d'èxits com Creatura, pel·lícula que es va emportar un premi a Cannes.

En aquesta trobada, la directora, guionista i actriu ens compartirà la seva trajectòria davant i darrere dels focus, amb sèries populars com La Verí fins a Creatura, conquistant un dels grans festivals del món.

Presentació a càrrec d'<strong>Alba  Riera</strong>, comunicadora cultural. Actualment al Col.*lapse, de TV3. Col·labora en El Suplement de Catalunya Ràdio, als podcasts DINS i Tardeo de Ràdio Primavera Sound i a Playground

Conocimos su rostro en una pantalla de cine en el año 2015 con <em>Las amigas de Ágata</em>. En el año 2017 descubrimos su faceta como guionista en <em>Júlia Ist</em>, galardonada como Mejor Película y Mejor Dirección en el Festival de Málaga. Elena Martín Gimeno hoy ya se ha consolidado tras éxitos como <em>Creatura, </em>película que se llevó un premio en Cannes.

En este encuentro, la directora, guionista y actriz nos compartirá su trayectoria delante y detrás de los focos, con series populares como <em>La Veneno</em> hasta <em>Creatura, </em>conquistando<em> </em>uno de los grandes festivales del mundo.

Presentación a cargo de <strong>Alba Riera</strong>, comunicadora cultural. Actualmente al Col.lapse, de TV3. Colabora en El Suplement de Catalunya Ràdio, a los<em> podcasts</em> DENTRO y Tardeo de Ràdio Primavera Sound y a Playground

Conferència
