{"id":37683,"guid":{"rendered":"https:\/\/graf.cat\/?post_type=event&#038;p=37683"},"modified":"2024-04-10T12:02:39","modified_gmt":"2024-04-10T10:02:39","slug":"oido-odio-diego-del-pozo-barriuso-2","status":"publish","type":"event","link":"https:\/\/graf.cat\/es\/events\/event\/oido-odio-diego-del-pozo-barriuso-2\/","title":{"rendered":"O\u00eddo odio. Diego del Pozo Barriuso"},"content":{"rendered":"","protected":false},"excerpt":{"rendered":"","protected":false},"author":106,"featured_media":37680,"template":"","meta":{"_acf_changed":false,"_monsterinsights_skip_tracking":false,"_monsterinsights_sitenote_active":false,"_monsterinsights_sitenote_note":"","_monsterinsights_sitenote_category":0},"event-venues":[511],"event-tags":[],"class_list":["post-37683","event","type-event","status-publish","has-post-thumbnail","hentry","event-venue-house-of-chappaz","event-category-inauguracio"],"acf":{"title_ca":"O\u00eddo odio. Diego del Pozo Barriuso","title_es":"O\u00eddo odio. Diego del Pozo Barriuso","title_en":"O\u00eddo odio. Diego del Pozo Barriuso","desc_ca":"<p class=\"p1\">Aquesta informaci\u00f3 no est\u00e0 disponible en catal\u00e0.<\/p>\r\n<p class=\"p1\">Pots consultar la versi\u00f3 en castell\u00e0 AQU\u00cd<\/p>","desc_es":"\u201cDiego del Pozo Barriuso (Valladolid, 1974) plante\u00f3 una investigaci\u00f3n interdisciplinar que se presenta en esta muestra. Tanto la pel\u00edcula como los dibujos y las esculturas nos aproximan al odio en un movimiento pendular que nos permite deconstruir sus estructuras al tiempo que lo define como un ente viscoso y circundante capaz de autoamplificarse. Partiendo de una documentaci\u00f3n exhaustiva, que incluye la personalizaci\u00f3n de diversos cr\u00edmenes de odio, el trabajo nos permite ahondar en aspectos como el cuerpo -propio y social-, modelos de representaci\u00f3n, formalizaci\u00f3n y difusi\u00f3n, el capitalismo emocional o el malestar que nos atraviesa.\u201d\r\n\r\n\u201cComo en cualquier an\u00e1lisis el problema radica en la distancia respecto al sujeto, por eso esta coreograf\u00eda nos obliga a posicionarnos y a repensar nuestros modos de contacto, parpadeando perplejos, sorprendidos tanto por la bofetada como por la caricia.\u201d","desc_en":"<p class=\"p1\">This information is not available in English.<\/p>\r\n<p class=\"p1\">You can read the Spanish version HERE<\/p>","event_category":189,"event_show_only_own_date":true,"_event_confirmed":true,"_event_public":true,"_event_free":true,"_event_price-min":"","_event_price-max":"","_event_web_ca":"https:\/\/www.instagram.com\/p\/C5fyy4RqkCH\/?img_index=1","_event_web_es":"https:\/\/www.instagram.com\/p\/C5fyy4RqkCH\/?img_index=1","_event_web_en":"https:\/\/www.instagram.com\/p\/C5fyy4RqkCH\/?img_index=1","event_contact_email":"","event_apply_email":"","is_online_event":false,"is_art_nou_event":false,"is_bgw_event":false,"date_text":"","register_deadline":null,"altres_organitzadors":null},"abe_event_venue":"House of Chappaz","abe_event_category":"Inauguraci\u00f3","start":"2024-04-12 18:00:00","end":"2024-04-12 20:00:00","schedule":"once","schedule_meta":"","frequency":1,"all_day":0,"until":"2024-04-12 18:00:00","include":[],"exclude":[],"_links":{"self":[{"href":"https:\/\/graf.cat\/es\/wp-json\/wp\/v2\/events\/37683","targetHints":{"allow":["GET"]}}],"collection":[{"href":"https:\/\/graf.cat\/es\/wp-json\/wp\/v2\/events"}],"about":[{"href":"https:\/\/graf.cat\/es\/wp-json\/wp\/v2\/types\/event"}],"author":[{"embeddable":true,"href":"https:\/\/graf.cat\/es\/wp-json\/wp\/v2\/users\/106"}],"occurrences":[{"embeddable":true,"href":"https:\/\/graf.cat\/es\/wp-json\/wp\/v2\/events\/37683\/occurrences"}],"acf:term":[{"embeddable":true,"taxonomy":"event-category","href":"https:\/\/graf.cat\/es\/wp-json\/wp\/v2\/event-category\/189"}],"wp:featuredmedia":[{"embeddable":true,"href":"https:\/\/graf.cat\/es\/wp-json\/wp\/v2\/media\/37680"}],"wp:attachment":[{"href":"https:\/\/graf.cat\/es\/wp-json\/wp\/v2\/media?parent=37683"}],"wp:term":[{"taxonomy":"event-venue","embeddable":true,"href":"https:\/\/graf.cat\/es\/wp-json\/wp\/v2\/event-venues?post=37683"},{"taxonomy":"event-tag","embeddable":true,"href":"https:\/\/graf.cat\/es\/wp-json\/wp\/v2\/event-tags?post=37683"}],"curies":[{"name":"wp","href":"https:\/\/api.w.org\/{rel}","templated":true}]}}

Oído odio. Diego del Pozo Barriuso

<p class="p1">Aquesta informació no està disponible en català.</p>
<p class="p1">Pots consultar la versió en castellà AQUÍ</p>

“Diego del Pozo Barriuso (Valladolid, 1974) planteó una investigación interdisciplinar que se presenta en esta muestra. Tanto la película como los dibujos y las esculturas nos aproximan al odio en un movimiento pendular que nos permite deconstruir sus estructuras al tiempo que lo define como un ente viscoso y circundante capaz de autoamplificarse. Partiendo de una documentación exhaustiva, que incluye la personalización de diversos crímenes de odio, el trabajo nos permite ahondar en aspectos como el cuerpo -propio y social-, modelos de representación, formalización y difusión, el capitalismo emocional o el malestar que nos atraviesa.”

“Como en cualquier análisis el problema radica en la distancia respecto al sujeto, por eso esta coreografía nos obliga a posicionarnos y a repensar nuestros modos de contacto, parpadeando perplejos, sorprendidos tanto por la bofetada como por la caricia.”

Inauguració
