{"id":38247,"guid":{"rendered":"https:\/\/graf.cat\/?post_type=event&#038;p=38247"},"modified":"2024-05-31T10:06:09","modified_gmt":"2024-05-31T08:06:09","slug":"luz-negra-titulo-por-confirmar","status":"publish","type":"event","link":"https:\/\/graf.cat\/es\/events\/event\/luz-negra-titulo-por-confirmar\/","title":{"rendered":"Un intersticio en totes parts a la vegada"},"content":{"rendered":"","protected":false},"excerpt":{"rendered":"","protected":false},"author":173,"featured_media":0,"template":"","meta":{"_acf_changed":false,"_monsterinsights_skip_tracking":false,"_monsterinsights_sitenote_active":false,"_monsterinsights_sitenote_note":"","_monsterinsights_sitenote_category":0},"event-venues":[695],"event-tags":[],"class_list":["post-38247","event","type-event","status-publish","hentry","event-venue-aguas","event-category-altres"],"acf":{"title_ca":"Un intersticio en totes parts a la vegada ","title_es":"Un intersticio en todas partes a la vez ","title_en":"An Interstice Everywhere At Once","desc_ca":"Al juny, tindrem el gran plaer de proposar a AGUAS una exposici\u00f3 doble entre l'artista brasiler Iagor Peres (Brasil, 1995, viu i treballa a Barcelona) i l'artista andalusa Mercedes Pimiento (Sevilla, 1990, viu i treballa a Barcelona) comissariada per Rodrigue Mouchez Armendariz. L'exposici\u00f3 mostrar\u00e0 al p\u00fablic el resultat del di\u00e0leg curatorial i art\u00edstic que entaulem per a l'ocasi\u00f3, a trav\u00e9s d'obres de lloc espec\u00edfic i de nova producci\u00f3. L'exposici\u00f3 ser\u00e0 visible del dijous 6 de juny al dissabte 6 de juliol del 2024 i s'inaugurar\u00e0 el Dijous 6 de juny de les 18h a les 22h.","desc_es":"En junio, tendremos el gran placer de proponer en AGUAS una exposici\u00f3n doble entre el artista brasile\u00f1o\u00a0Iagor Peres (Brasil, 1995, vive y trabaja en Barcelona) y la artista andaluza Mercedes Pimiento\u00a0(Sevilla, 1990, vive y trabaja en Barcelona) comisariada por Rodrigue Mouchez Armendariz. La\u00a0exposici\u00f3n mostrar\u00e1 al p\u00fablico el resultado del di\u00e1logo curatorial y art\u00edstico que entablamos para la\u00a0ocasi\u00f3n, a trav\u00e9s de obras de sitio espec\u00edfico y de nueva producci\u00f3n. La exposici\u00f3n ser\u00e1 visible del\u00a0jueves 6 de junio al s\u00e1bado 6 de julio de 2024 y se inaugurar\u00e1 el Jueves 6 de junio de las 18h a las 22h.","desc_en":"In June, we will have the great pleasure of proposing at AGUAS a double exhibition between the Brazilian artist Iagor Peres (Brazil, 1995, lives and works in Barcelona) and the Andalusian artist Mercedes Pimiento (Seville, 1990, lives and works in Barcelona) curated by Rodrigue Mouchez Armendariz. The exhibition will show the public the result of the curatorial and artistic dialogue that we established for the occasion, through site-specific and newly produced works. The exhibition will be visible from\u00a0Thursday, June 6 to Saturday, July 6, 2024 and will be inaugurated on Thursday, June 6 from 6 p.m. to 10 p.m.","event_category":191,"event_show_only_own_date":true,"_event_confirmed":true,"_event_public":true,"_event_free":true,"_event_price-min":"","_event_price-max":"","_event_web_ca":"https:\/\/www.instagram.com\/aguasssssss\/?hl=fr","_event_web_es":"https:\/\/www.instagram.com\/aguasssssss\/?hl=fr","_event_web_en":"https:\/\/www.instagram.com\/aguasssssss\/?hl=fr","event_contact_email":"rodrigue.mouchez@gmail.com","event_apply_email":"rodrigue.mouchez@gmail.com","is_online_event":false,"is_art_nou_event":false,"is_bgw_event":false,"date_text":"","register_deadline":null,"altres_organitzadors":""},"abe_event_venue":"AGUAS","abe_event_category":"Altres","start":"2024-06-06 18:00:00","end":"2024-06-06 22:00:00","schedule":"once","schedule_meta":"","frequency":1,"all_day":0,"until":"2024-06-06 18:00:00","include":[],"exclude":[],"_links":{"self":[{"href":"https:\/\/graf.cat\/es\/wp-json\/wp\/v2\/events\/38247","targetHints":{"allow":["GET"]}}],"collection":[{"href":"https:\/\/graf.cat\/es\/wp-json\/wp\/v2\/events"}],"about":[{"href":"https:\/\/graf.cat\/es\/wp-json\/wp\/v2\/types\/event"}],"author":[{"embeddable":true,"href":"https:\/\/graf.cat\/es\/wp-json\/wp\/v2\/users\/173"}],"occurrences":[{"embeddable":true,"href":"https:\/\/graf.cat\/es\/wp-json\/wp\/v2\/events\/38247\/occurrences"}],"acf:term":[{"embeddable":true,"taxonomy":"event-category","href":"https:\/\/graf.cat\/es\/wp-json\/wp\/v2\/event-category\/191"}],"wp:attachment":[{"href":"https:\/\/graf.cat\/es\/wp-json\/wp\/v2\/media?parent=38247"}],"wp:term":[{"taxonomy":"event-venue","embeddable":true,"href":"https:\/\/graf.cat\/es\/wp-json\/wp\/v2\/event-venues?post=38247"},{"taxonomy":"event-tag","embeddable":true,"href":"https:\/\/graf.cat\/es\/wp-json\/wp\/v2\/event-tags?post=38247"}],"curies":[{"name":"wp","href":"https:\/\/api.w.org\/{rel}","templated":true}]}}

Al juny, tindrem el gran plaer de proposar a AGUAS una exposició doble entre l'artista brasiler Iagor Peres (Brasil, 1995, viu i treballa a Barcelona) i l'artista andalusa Mercedes Pimiento (Sevilla, 1990, viu i treballa a Barcelona) comissariada per Rodrigue Mouchez Armendariz. L'exposició mostrarà al públic el resultat del diàleg curatorial i artístic que entaulem per a l'ocasió, a través d'obres de lloc específic i de nova producció. L'exposició serà visible del dijous 6 de juny al dissabte 6 de juliol del 2024 i s'inaugurarà el Dijous 6 de juny de les 18h a les 22h.

En junio, tendremos el gran placer de proponer en AGUAS una exposición doble entre el artista brasileño Iagor Peres (Brasil, 1995, vive y trabaja en Barcelona) y la artista andaluza Mercedes Pimiento (Sevilla, 1990, vive y trabaja en Barcelona) comisariada por Rodrigue Mouchez Armendariz. La exposición mostrará al público el resultado del diálogo curatorial y artístico que entablamos para la ocasión, a través de obras de sitio específico y de nueva producción. La exposición será visible del jueves 6 de junio al sábado 6 de julio de 2024 y se inaugurará el Jueves 6 de junio de las 18h a las 22h.
