{"id":38300,"guid":{"rendered":"https:\/\/graf.cat\/?post_type=event&#038;p=38300"},"modified":"2024-05-03T14:22:17","modified_gmt":"2024-05-03T12:22:17","slug":"inauguracion-con-sabor-a-vermut","status":"publish","type":"event","link":"https:\/\/graf.cat\/es\/events\/event\/inauguracion-con-sabor-a-vermut\/","title":{"rendered":"Inauguraci\u00f3 amb sabor a vermut"},"content":{"rendered":"","protected":false},"excerpt":{"rendered":"","protected":false},"author":62,"featured_media":38305,"template":"","meta":{"_acf_changed":false,"_monsterinsights_skip_tracking":false,"_monsterinsights_sitenote_active":false,"_monsterinsights_sitenote_note":"","_monsterinsights_sitenote_category":0},"event-venues":[253],"event-tags":[],"class_list":["post-38300","event","type-event","status-publish","has-post-thumbnail","hentry","event-venue-piramidon-2","event-category-exposicio"],"acf":{"title_ca":"Inauguraci\u00f3 amb sabor a vermut","title_es":"Inauguraci\u00f3n con sabor a vermut","title_en":"Opening with a vermouth","desc_ca":"Inauguraci\u00f3 amb sabor a vermut: dues exposicions i les millors vistes de Barcelona.\r\n\r\nPiramid\u00f3n, Centre d'Art Contemporani, presenta la nova exposici\u00f3 col\u00b7lectiva 2024_n2 amb obres dels nostres artistes residents i la mostra 'La bellota se alegra de convertirse en roble' de l'artista aragonesa Carla Nicol\u00e1s.\r\n\r\nLa inauguraci\u00f3 tindr\u00e0 lloc el proper dissabte 11 de maig, a partir de les 11h, coincidint amb un dels nostres tradicionals vermutets, on tamb\u00e9 podreu gaudir de les millors vistes de Barcelona, una punxada musical per a l'ocasi\u00f3 i la possibilitat de visitar els estudis dels nostres artistes residents.\r\n\r\nUs esperem!","desc_es":"Inauguraci\u00f3n con sabor a vermut: dos exposiciones y las mejores vistas de Barcelona.\r\n\r\nPiramid\u00f3n, Centre d\u2019Art Contemporani, presenta la nueva exposici\u00f3n colectiva 2024_n2 con obras de nuestros artistas residentes y la muestra 'La bellota se alegra de convertirse en roble' de la artista aragonesa Carla Nicol\u00e1s.\r\n\r\nLa inauguraci\u00f3n tendr\u00e1 lugar el pr\u00f3ximo s\u00e1bado 11 de Mayo, a partir de las 11h, coincidiendo con uno de nuestros tradicionales vermuts, donde tambi\u00e9n podr\u00e9is disfrutar de las mejores vistas de Barcelona, una punchada musical para la ocasi\u00f3n y la posibilidad de visitar los estudios de nuestros artistas residentes.\r\n\r\n\u00a1Os esperamos!","desc_en":"Opening with a vermouth: two exhibitions and the best views of Barcelona.\r\n\r\nPiramid\u00f3n, Centre d'Art Contemporani, presents the new collective exhibition 2024_n2 with works by our resident artists and the exhibition 'La bellota se alegra de convertirse en roble' by the Aragonese artist Carla Nicol\u00e1s.\r\n\r\nThe opening will take place next Saturday, May 11, starting at 11 am, coinciding with one of our traditional vermouths, where you can also enjoy the best views of Barcelona, \u200b\u200ba musical performance for the occasion, and the possibility of visiting the studios of our resident artists.\r\n\r\nWe look forward to seeing you there!","event_category":103,"event_show_only_own_date":true,"_event_confirmed":true,"_event_public":true,"_event_free":true,"_event_price-min":"","_event_price-max":"","_event_web_ca":"https:\/\/www.piramidon.com","_event_web_es":"https:\/\/www.piramidon.com\/es\/","_event_web_en":"https:\/\/www.piramidon.com","event_contact_email":"gestio@piramidon.com","event_apply_email":"","is_online_event":false,"is_art_nou_event":false,"is_bgw_event":false,"date_text":"","register_deadline":null,"altres_organitzadors":""},"abe_event_venue":"PIRAMID\u00d3N","abe_event_category":"Exposici\u00f3","start":"2024-05-11 11:00:00","end":"2024-05-11 14:00:00","schedule":"once","schedule_meta":"","frequency":1,"all_day":0,"until":"2024-05-11 11:00:00","include":[],"exclude":[],"_links":{"self":[{"href":"https:\/\/graf.cat\/es\/wp-json\/wp\/v2\/events\/38300","targetHints":{"allow":["GET"]}}],"collection":[{"href":"https:\/\/graf.cat\/es\/wp-json\/wp\/v2\/events"}],"about":[{"href":"https:\/\/graf.cat\/es\/wp-json\/wp\/v2\/types\/event"}],"author":[{"embeddable":true,"href":"https:\/\/graf.cat\/es\/wp-json\/wp\/v2\/users\/62"}],"occurrences":[{"embeddable":true,"href":"https:\/\/graf.cat\/es\/wp-json\/wp\/v2\/events\/38300\/occurrences"}],"acf:term":[{"embeddable":true,"taxonomy":"event-category","href":"https:\/\/graf.cat\/es\/wp-json\/wp\/v2\/event-category\/103"}],"wp:featuredmedia":[{"embeddable":true,"href":"https:\/\/graf.cat\/es\/wp-json\/wp\/v2\/media\/38305"}],"wp:attachment":[{"href":"https:\/\/graf.cat\/es\/wp-json\/wp\/v2\/media?parent=38300"}],"wp:term":[{"taxonomy":"event-venue","embeddable":true,"href":"https:\/\/graf.cat\/es\/wp-json\/wp\/v2\/event-venues?post=38300"},{"taxonomy":"event-tag","embeddable":true,"href":"https:\/\/graf.cat\/es\/wp-json\/wp\/v2\/event-tags?post=38300"}],"curies":[{"name":"wp","href":"https:\/\/api.w.org\/{rel}","templated":true}]}}

Inauguració amb sabor a vermut

Inauguración con sabor a vermut

Inauguració amb sabor a vermut: dues exposicions i les millors vistes de Barcelona.

Piramidón, Centre d'Art Contemporani, presenta la nova exposició col·lectiva 2024_n2 amb obres dels nostres artistes residents i la mostra 'La bellota se alegra de convertirse en roble' de l'artista aragonesa Carla Nicolás.

La inauguració tindrà lloc el proper dissabte 11 de maig, a partir de les 11h, coincidint amb un dels nostres tradicionals vermutets, on també podreu gaudir de les millors vistes de Barcelona, una punxada musical per a l'ocasió i la possibilitat de visitar els estudis dels nostres artistes residents.

Us esperem!

Inauguración con sabor a vermut: dos exposiciones y las mejores vistas de Barcelona.

Piramidón, Centre d’Art Contemporani, presenta la nueva exposición colectiva 2024_n2 con obras de nuestros artistas residentes y la muestra 'La bellota se alegra de convertirse en roble' de la artista aragonesa Carla Nicolás.

La inauguración tendrá lugar el próximo sábado 11 de Mayo, a partir de las 11h, coincidiendo con uno de nuestros tradicionales vermuts, donde también podréis disfrutar de las mejores vistas de Barcelona, una punchada musical para la ocasión y la posibilidad de visitar los estudios de nuestros artistas residentes.

¡Os esperamos!

Opening with a vermouth: two exhibitions and the best views of Barcelona.

Piramidón, Centre d'Art Contemporani, presents the new collective exhibition 2024_n2 with works by our resident artists and the exhibition 'La bellota se alegra de convertirse en roble' by the Aragonese artist Carla Nicolás.

The opening will take place next Saturday, May 11, starting at 11 am, coinciding with one of our traditional vermouths, where you can also enjoy the best views of Barcelona, ​​a musical performance for the occasion, and the possibility of visiting the studios of our resident artists.

We look forward to seeing you there!

PIRAMIDÓN

Exposició
