{"id":38406,"guid":{"rendered":"https:\/\/graf.cat\/?post_type=event&#038;p=38406"},"modified":"2024-05-07T12:40:23","modified_gmt":"2024-05-07T10:40:23","slug":"la-comunicacio-de-lart-a-traves-de-la-revista-bonart-amb-ricard-planascacio-de-lart-a-traves-de-la-revista-bonart-amb-ricard-planas","status":"publish","type":"event","link":"https:\/\/graf.cat\/es\/events\/event\/la-comunicacio-de-lart-a-traves-de-la-revista-bonart-amb-ricard-planascacio-de-lart-a-traves-de-la-revista-bonart-amb-ricard-planas\/","title":{"rendered":"La comunicaci\u00f3 de l\u2019art a trav\u00e9s de la Revista Bonart Amb Ricard Planas"},"content":{"rendered":"","protected":false},"excerpt":{"rendered":"","protected":false},"author":102,"featured_media":38407,"template":"","meta":{"_acf_changed":false,"_monsterinsights_skip_tracking":false,"_monsterinsights_sitenote_active":false,"_monsterinsights_sitenote_note":"","_monsterinsights_sitenote_category":0},"event-venues":[502],"event-tags":[],"class_list":["post-38406","event","type-event","status-publish","has-post-thumbnail","hentry","event-venue-bolit_pourodo","event-category-conferencia"],"acf":{"title_ca":"La comunicaci\u00f3 de l\u2019art a trav\u00e9s de la Revista Bonart Amb Ricard Planas","title_es":"La comunicaci\u00f3n del arte a trav\u00e9s de la Revista Bonart Con Ricard Planas","title_en":"The communication of art through Bonart Magazine With Ricard Planas","desc_ca":"La C\u00e0tedra Hip\u00f2lit Nadal i Mallol de Revistes en Catal\u00e0 de la Universitat de Girona i de l\u2019APPEC, editors de revistes en catal\u00e0, que t\u00e9 com una de les seves missions priorit\u00e0ries la recerca en l\u2019\u00e0mbit de la comunicaci\u00f3, amb especial atenci\u00f3 al sector de les revistes i de les publicacions digitals, mitjan\u00e7ant la promoci\u00f3 d\u2019activitats de dinamitzaci\u00f3 cultural i cient\u00edfica, amb la participaci\u00f3 de la societat i dels professionals implicats amb la UdG com a element nuclear i promotor, proposa un viatge al voltant de les revistes d\u2019art, i ho fa, a trav\u00e9s de la Revista Bonart, de la m\u00e0 del seu editor i director, Ricard Planas.\r\n\r\nEn col\u00b7laboraci\u00f3 amb la C\u00e0tedra Hip\u00f2lit Nadal i Mallol de Revistes en Catal\u00e0 de la Universitat de Girona i la Revista Bonart.","desc_es":"La C\u00e1tedra Hip\u00f3lito Navidad y Mallol de Revistas en Catal\u00e1n de la Universidad de Girona y de la APPEC, editores de revistas en catal\u00e1n, que tiene como una de sus misiones prioritarias la investigaci\u00f3n en el \u00e1mbito de la comunicaci\u00f3n, con especial atenci\u00f3n al sector de las revistas y de las publicaciones digitales, mediante la promoci\u00f3n de actividades de dinamizaci\u00f3n cultural y cient\u00edfica, con la participaci\u00f3n de la sociedad y de los profesionales implicados con la UdG como elemento nuclear y promotor, propone un viaje en torno a las revistas de arte, y lo hace, a trav\u00e9s de la Revista Bonart, de la mano de su editor y director, Ricard Planas.\r\n\r\nEn colaboraci\u00f3n con la C\u00e1tedra Hip\u00f3lito Navidad y Mallol de Revistas en Catal\u00e1n de la Universidad de Girona y la Revista Bonart.","desc_en":"The Hip\u00f2lit Nadal and Mallol Chair of Journals in Catalan at the University of Girona and APPEC, editors of magazines in Catalan, which has as one of its priority missions research in the field of communication, with special attention to sector of magazines and digital publications, through the promotion of cultural and scientific revitalization activities, with the participation of society and the professionals involved with the UdG as a core element and promoter, proposes a journey around the magazines of art, and it does so, through Bonart Magazine, by the hand of its editor and director, Ricard Planas.\r\n\r\nIn collaboration with the Hip\u00f2lit Nadal and Mallol Chair of Journals in Catalan at the University of Girona and the Bonart Magazine.","event_category":243,"event_show_only_own_date":true,"_event_confirmed":true,"_event_public":true,"_event_free":true,"_event_price-min":"","_event_price-max":"","_event_web_ca":"https:\/\/web.girona.cat\/bolit","_event_web_es":"","_event_web_en":"","event_contact_email":"bolit@ajgirona.cat","event_apply_email":"bolit@ajgirona.cat","is_online_event":false,"is_art_nou_event":false,"is_bgw_event":false,"date_text":"","register_deadline":null,"altres_organitzadors":""},"abe_event_venue":"B\u00f2lit_PouRod\u00f3","abe_event_category":"Confer\u00e8ncia","start":"2024-05-14 12:00:00","end":"2024-05-14 13:30:00","schedule":"once","schedule_meta":"","frequency":1,"all_day":0,"until":"2024-05-14 12:00:00","include":[],"exclude":[],"_links":{"self":[{"href":"https:\/\/graf.cat\/es\/wp-json\/wp\/v2\/events\/38406","targetHints":{"allow":["GET"]}}],"collection":[{"href":"https:\/\/graf.cat\/es\/wp-json\/wp\/v2\/events"}],"about":[{"href":"https:\/\/graf.cat\/es\/wp-json\/wp\/v2\/types\/event"}],"author":[{"embeddable":true,"href":"https:\/\/graf.cat\/es\/wp-json\/wp\/v2\/users\/102"}],"occurrences":[{"embeddable":true,"href":"https:\/\/graf.cat\/es\/wp-json\/wp\/v2\/events\/38406\/occurrences"}],"acf:term":[{"embeddable":true,"taxonomy":"event-category","href":"https:\/\/graf.cat\/es\/wp-json\/wp\/v2\/event-category\/243"}],"wp:featuredmedia":[{"embeddable":true,"href":"https:\/\/graf.cat\/es\/wp-json\/wp\/v2\/media\/38407"}],"wp:attachment":[{"href":"https:\/\/graf.cat\/es\/wp-json\/wp\/v2\/media?parent=38406"}],"wp:term":[{"taxonomy":"event-venue","embeddable":true,"href":"https:\/\/graf.cat\/es\/wp-json\/wp\/v2\/event-venues?post=38406"},{"taxonomy":"event-tag","embeddable":true,"href":"https:\/\/graf.cat\/es\/wp-json\/wp\/v2\/event-tags?post=38406"}],"curies":[{"name":"wp","href":"https:\/\/api.w.org\/{rel}","templated":true}]}}

La comunicació de l’art a través de la Revista Bonart Amb Ricard Planas

La comunicación del arte a través de la Revista Bonart Con Ricard Planas

La Càtedra Hipòlit Nadal i Mallol de Revistes en Català de la Universitat de Girona i de l’APPEC, editors de revistes en català, que té com una de les seves missions prioritàries la recerca en l’àmbit de la comunicació, amb especial atenció al sector de les revistes i de les publicacions digitals, mitjançant la promoció d’activitats de dinamització cultural i científica, amb la participació de la societat i dels professionals implicats amb la UdG com a element nuclear i promotor, proposa un viatge al voltant de les revistes d’art, i ho fa, a través de la Revista Bonart, de la mà del seu editor i director, Ricard Planas.

En col·laboració amb la Càtedra Hipòlit Nadal i Mallol de Revistes en Català de la Universitat de Girona i la Revista Bonart.

La Cátedra Hipólito Navidad y Mallol de Revistas en Catalán de la Universidad de Girona y de la APPEC, editores de revistas en catalán, que tiene como una de sus misiones prioritarias la investigación en el ámbito de la comunicación, con especial atención al sector de las revistas y de las publicaciones digitales, mediante la promoción de actividades de dinamización cultural y científica, con la participación de la sociedad y de los profesionales implicados con la UdG como elemento nuclear y promotor, propone un viaje en torno a las revistas de arte, y lo hace, a través de la Revista Bonart, de la mano de su editor y director, Ricard Planas.

En colaboración con la Cátedra Hipólito Navidad y Mallol de Revistas en Catalán de la Universidad de Girona y la Revista Bonart.

The Hipòlit Nadal and Mallol Chair of Journals in Catalan at the University of Girona and APPEC, editors of magazines in Catalan, which has as one of its priority missions research in the field of communication, with special attention to sector of magazines and digital publications, through the promotion of cultural and scientific revitalization activities, with the participation of society and the professionals involved with the UdG as a core element and promoter, proposes a journey around the magazines of art, and it does so, through Bonart Magazine, by the hand of its editor and director, Ricard Planas.

In collaboration with the Hipòlit Nadal and Mallol Chair of Journals in Catalan at the University of Girona and the Bonart Magazine.

Bòlit_PouRodó

Conferència
