{"id":38790,"guid":{"rendered":"https:\/\/graf.cat\/?post_type=event&#038;p=38790"},"modified":"2024-05-14T23:59:43","modified_gmt":"2024-05-14T21:59:43","slug":"mater-2","status":"publish","type":"event","link":"https:\/\/graf.cat\/es\/events\/event\/mater-2\/","title":{"rendered":"Mater"},"content":{"rendered":"","protected":false},"excerpt":{"rendered":"","protected":false},"author":134,"featured_media":36834,"template":"","meta":{"_acf_changed":false,"_monsterinsights_skip_tracking":false,"_monsterinsights_sitenote_active":false,"_monsterinsights_sitenote_note":"","_monsterinsights_sitenote_category":0},"event-venues":[597],"event-tags":[],"class_list":["post-38790","event","type-event","status-publish","has-post-thumbnail","hentry","event-venue-galeria-mayoral","event-category-inauguracio"],"acf":{"title_ca":"Mater","title_es":"Mater","title_en":"Mater","desc_ca":"<p class=\"p1\">Aquesta informaci\u00f3 no est\u00e0 disponible en catal\u00e0.<\/p>\r\n<p class=\"p1\">Pots consultar la versi\u00f3 en angl\u00e9s <a href=\"https:\/\/graf.cat\/?p=36853\">AQU\u00cd<\/a>.<\/p>\r\n<p class=\"p1\"><\/p>","desc_es":"<p class=\"p1\">Esta informaci\u00f3n no est\u00e1 disponible en castellano.<\/p>\r\n<p class=\"p1\">Puedes consultar la versi\u00f3n en ingl\u00e9s <a href=\"https:\/\/graf.cat\/?p=36853\">AQU\u00cd<\/a>.<\/p>","desc_en":"The exhibition showcases works by artists Pia Camil, Carolina Caycedo, Catalina Le\u00f3n, Cinthia Marcelle, and Marga Xim\u00e9nez, highlighting their ability to challenge traditional materials and techniques to explore new possibilities. As stated by Chus Mart\u00ednez in the exhibition text, \u201cToday we know that spiders dream. But many of the artists who have worked with fibers, threads, looms, and fabrics already knew it.\u201d Mater features nine large-scale works that critically address contemporary socio-political themes such as migration and hyper-consumption.","event_category":189,"event_show_only_own_date":true,"_event_confirmed":true,"_event_public":true,"_event_free":true,"_event_price-min":"","_event_price-max":"","_event_web_ca":"https:\/\/galeriamayoral.com\/exhibitions\/65-mater-barcelona\/","_event_web_es":"https:\/\/galeriamayoral.com\/exhibitions\/65-mater-barcelona\/","_event_web_en":"https:\/\/galeriamayoral.com\/exhibitions\/65-mater-barcelona\/","event_contact_email":"","event_apply_email":"","is_online_event":false,"is_art_nou_event":false,"is_bgw_event":false,"date_text":"","register_deadline":null,"altres_organitzadors":""},"abe_event_venue":"Galeria Mayoral","abe_event_category":"Inauguraci\u00f3","start":"2024-03-02 00:00:00","end":"2024-03-02 00:00:00","schedule":"once","schedule_meta":"","frequency":1,"all_day":0,"until":"2024-03-02 00:00:00","include":[],"exclude":[],"_links":{"self":[{"href":"https:\/\/graf.cat\/es\/wp-json\/wp\/v2\/events\/38790","targetHints":{"allow":["GET"]}}],"collection":[{"href":"https:\/\/graf.cat\/es\/wp-json\/wp\/v2\/events"}],"about":[{"href":"https:\/\/graf.cat\/es\/wp-json\/wp\/v2\/types\/event"}],"author":[{"embeddable":true,"href":"https:\/\/graf.cat\/es\/wp-json\/wp\/v2\/users\/134"}],"occurrences":[{"embeddable":true,"href":"https:\/\/graf.cat\/es\/wp-json\/wp\/v2\/events\/38790\/occurrences"}],"acf:term":[{"embeddable":true,"taxonomy":"event-category","href":"https:\/\/graf.cat\/es\/wp-json\/wp\/v2\/event-category\/189"}],"wp:featuredmedia":[{"embeddable":true,"href":"https:\/\/graf.cat\/es\/wp-json\/wp\/v2\/media\/36834"}],"wp:attachment":[{"href":"https:\/\/graf.cat\/es\/wp-json\/wp\/v2\/media?parent=38790"}],"wp:term":[{"taxonomy":"event-venue","embeddable":true,"href":"https:\/\/graf.cat\/es\/wp-json\/wp\/v2\/event-venues?post=38790"},{"taxonomy":"event-tag","embeddable":true,"href":"https:\/\/graf.cat\/es\/wp-json\/wp\/v2\/event-tags?post=38790"}],"curies":[{"name":"wp","href":"https:\/\/api.w.org\/{rel}","templated":true}]}}

<p class="p1">Aquesta informació no està disponible en català.</p>
<p class="p1">Pots consultar la versió en anglés <a href="https://graf.cat/?p=36853">AQUÍ</a>.</p>
<p class="p1"></p>

<p class="p1">Esta información no está disponible en castellano.</p>
<p class="p1">Puedes consultar la versión en inglés <a href="https://graf.cat/?p=36853">AQUÍ</a>.</p>

The exhibition showcases works by artists Pia Camil, Carolina Caycedo, Catalina León, Cinthia Marcelle, and Marga Ximénez, highlighting their ability to challenge traditional materials and techniques to explore new possibilities. As stated by Chus Martínez in the exhibition text, “Today we know that spiders dream. But many of the artists who have worked with fibers, threads, looms, and fabrics already knew it.” Mater features nine large-scale works that critically address contemporary socio-political themes such as migration and hyper-consumption.

Inauguració
