{"id":39506,"guid":{"rendered":"https:\/\/graf.cat\/?post_type=event&#038;p=39506"},"modified":"2024-05-29T15:15:12","modified_gmt":"2024-05-29T13:15:12","slug":"ruta-de-leixample-al-centre","status":"publish","type":"event","link":"https:\/\/graf.cat\/es\/events\/event\/ruta-de-leixample-al-centre\/","title":{"rendered":"Ruta de l&#8217;Eixample al Centre"},"content":{"rendered":"","protected":false},"excerpt":{"rendered":"","protected":false},"author":116,"featured_media":0,"template":"","meta":{"_acf_changed":false,"_monsterinsights_skip_tracking":false,"_monsterinsights_sitenote_active":false,"_monsterinsights_sitenote_note":"","_monsterinsights_sitenote_category":0},"event-venues":[],"event-tags":[],"class_list":["post-39506","event","type-event","status-publish","hentry","event-category-visita-guiada"],"acf":{"title_ca":"Ruta de l'Eixample al Centre ","title_es":"Ruta de l'Eixample al Centro","title_en":"Tour from the Eixample to the Center","desc_ca":"Ruta per les galeries de l\u2019Eixample al Centre:\r\n\r\nVictor Lope Arte Contempor\u00e1neo, Chiquita Room, \u00c0ngels Barcelona, Sala Par\u00e9s\r\n\r\nCal inscripci\u00f3 pr\u00e8via a artnou@artbarcelona.es","desc_es":"Ruta por las galer\u00edas del Eixample al Centro:\r\n\r\nVictor Lope Arte Contempor\u00e1neo, Chiquita Room, \u00c0ngels Barcelona, Sala Par\u00e9s\r\n\r\nInscripci\u00f3n previa a artnou@artbarcelona.es","desc_en":"Gallery Tour from the Eixample to the Centro:\r\n\r\nVictor Lope Arte Contempor\u00e1neo, Chiquita Room, \u00c0ngels Barcelona, Sala Par\u00e9s\r\n\r\nRegistration at artnou@artbarcelona.es","event_category":245,"event_show_only_own_date":true,"_event_confirmed":true,"_event_public":true,"_event_free":true,"_event_price-min":"","_event_price-max":"","_event_web_ca":"https:\/\/artnou.net\/event\/ruta-de-leixample-al-centre\/","_event_web_es":"https:\/\/artnou.net\/es\/event\/ruta-del-eixample-al-centro\/","_event_web_en":"","event_contact_email":"","event_apply_email":"artnou@artbarcelona.es","is_online_event":false,"is_art_nou_event":true,"is_bgw_event":false,"date_text":"","register_deadline":null,"altres_organitzadors":""},"abe_event_venue":null,"abe_event_category":"Visita guiada","start":"2024-07-04 18:00:00","end":"2024-07-04 20:00:00","schedule":"once","schedule_meta":"","frequency":1,"all_day":0,"until":"2024-07-04 18:00:00","include":[],"exclude":[],"_links":{"self":[{"href":"https:\/\/graf.cat\/es\/wp-json\/wp\/v2\/events\/39506","targetHints":{"allow":["GET"]}}],"collection":[{"href":"https:\/\/graf.cat\/es\/wp-json\/wp\/v2\/events"}],"about":[{"href":"https:\/\/graf.cat\/es\/wp-json\/wp\/v2\/types\/event"}],"author":[{"embeddable":true,"href":"https:\/\/graf.cat\/es\/wp-json\/wp\/v2\/users\/116"}],"occurrences":[{"embeddable":true,"href":"https:\/\/graf.cat\/es\/wp-json\/wp\/v2\/events\/39506\/occurrences"}],"acf:term":[{"embeddable":true,"taxonomy":"event-category","href":"https:\/\/graf.cat\/es\/wp-json\/wp\/v2\/event-category\/245"}],"wp:attachment":[{"href":"https:\/\/graf.cat\/es\/wp-json\/wp\/v2\/media?parent=39506"}],"wp:term":[{"taxonomy":"event-venue","embeddable":true,"href":"https:\/\/graf.cat\/es\/wp-json\/wp\/v2\/event-venues?post=39506"},{"taxonomy":"event-tag","embeddable":true,"href":"https:\/\/graf.cat\/es\/wp-json\/wp\/v2\/event-tags?post=39506"}],"curies":[{"name":"wp","href":"https:\/\/api.w.org\/{rel}","templated":true}]}}

Ruta per les galeries de l’Eixample al Centre:

Victor Lope Arte Contemporáneo, Chiquita Room, Àngels Barcelona, Sala Parés

Cal inscripció prèvia a artnou@artbarcelona.es

Ruta por las galerías del Eixample al Centro:

Victor Lope Arte Contemporáneo, Chiquita Room, Àngels Barcelona, Sala Parés

Inscripción previa a artnou@artbarcelona.es

Gallery Tour from the Eixample to the Centro:

Victor Lope Arte Contemporáneo, Chiquita Room, Àngels Barcelona, Sala Parés

Registration at artnou@artbarcelona.es
