{"id":39890,"guid":{"rendered":"https:\/\/graf.cat\/?post_type=event&#038;p=39890"},"modified":"2024-06-10T12:37:45","modified_gmt":"2024-06-10T10:37:45","slug":"visita-guiada-vacances-amb-franco","status":"publish","type":"event","link":"https:\/\/graf.cat\/es\/events\/event\/visita-guiada-vacances-amb-franco\/","title":{"rendered":"Visita guiada \u00abVacances amb Franco\u00bb Amb Monika Anselment i Cristina Masan\u00e9s"},"content":{"rendered":"","protected":false},"excerpt":{"rendered":"","protected":false},"author":102,"featured_media":39891,"template":"","meta":{"_acf_changed":false,"_monsterinsights_skip_tracking":false,"_monsterinsights_sitenote_active":false,"_monsterinsights_sitenote_note":"","_monsterinsights_sitenote_category":0},"event-venues":[504],"event-tags":[],"class_list":["post-39890","event","type-event","status-publish","has-post-thumbnail","hentry","event-venue-bolit_stnicolau","event-category-visita-guiada"],"acf":{"title_ca":"Visita guiada \"Vacances amb Franco\" Amb Monika Anselment i Cristina Masan\u00e9s","title_es":"Visita guiada \"Vacaciones con Franco\" con Monika Anselment y Cristina Masan\u00e9s","title_en":"Guided visit to \"Vacations with Franco. My summers in Franco's Spain\" With Monika Anselment and Cristina Masan\u00e9s","desc_ca":"L\u2019any 1951 arribava el turista un mili\u00f3 a territori espanyol. Al mateix any, ho feia tamb\u00e9 el primer ambaixador dels Estats Units. Comen\u00e7ava aix\u00ed una alian\u00e7a entre turisme, franquisme i capitalisme que arriba fins avui. Per a l\u2019estrat\u00e8gia geopol\u00edtica nord-americana i per a la classe mitjana del centre i el nord d\u2019Europa, se\u2019ls obria un parad\u00eds barat de sol i platges. Per al franquisme, el man\u00e0 del turisme portava riquesa i modernitat. S\u2019inaugurava aix\u00ed un model productiu que permetia extreure el m\u00e0xim rendiment a uns pocs per portar-lo, tot seguit, a paradisos fiscals. Un model encara vigent.\r\n\r\nAquesta exposici\u00f3 recupera la mirada d\u2019aquells qui, com a infants, van venir a gaudir del turisme de sol i platja, ignorant quina era la realitat social de seu dest\u00ed de lleure.","desc_es":"En 1951, el turista n\u00famero un mill\u00f3n lleg\u00f3 a territorio espa\u00f1ol. Ese mismo a\u00f1o, tambi\u00e9n lo hizo el primer embajador de los Estados Unidos. As\u00ed comenzaba una alianza entre turismo, franquismo y capitalismo que llega hasta hoy. Para la estrategia geopol\u00edtica estadounidense y para la clase media del centro y norte de Europa, se les abr\u00eda un para\u00edso barato de sol y playas. Para el franquismo, el man\u00e1 del turismo tra\u00eda riqueza y modernidad. As\u00ed se inauguraba un modelo productivo que permit\u00eda extraer el m\u00e1ximo rendimiento a unos pocos para llevarlo, enseguida, a para\u00edsos fiscales. Un modelo todav\u00eda vigente.\r\n\r\nEsta exposici\u00f3n recupera la mirada de aquellos que, como ni\u00f1os, vinieron a disfrutar del turismo de sol y playa, ignorando cu\u00e1l era la realidad social de su destino de ocio.","desc_en":"In 1951, the one-millionth tourist arrived in Spanish territory. In the same year, the first ambassador of the United States also arrived. Thus began an alliance between tourism, Francoism, and capitalism that continues to this day. For American geopolitical strategy and the middle class from central and northern Europe, a cheap paradise of sun and beaches was opening up. For Francoism, the tourism boom brought wealth and modernity. This inaugurated a productive model that allowed a few to extract the maximum profit and then move it to tax havens. A model still in force.\r\n\r\nThis exhibition recovers the perspective of those who, as children, came to enjoy sun and beach tourism, unaware of the social reality of their leisure destination.","event_category":245,"event_show_only_own_date":true,"_event_confirmed":true,"_event_public":true,"_event_free":true,"_event_price-min":"","_event_price-max":"","_event_web_ca":"https:\/\/web.girona.cat\/bolit","_event_web_es":"","_event_web_en":"","event_contact_email":"bolit@ajgirona.cat","event_apply_email":"bolit@ajgirona.cat","is_online_event":false,"is_art_nou_event":false,"is_bgw_event":false,"date_text":"","register_deadline":null,"altres_organitzadors":""},"abe_event_venue":"B\u00f2lit_StNicolau","abe_event_category":"Visita guiada","start":"2024-06-14 19:00:00","end":"2024-06-14 20:00:00","schedule":"once","schedule_meta":"","frequency":1,"all_day":0,"until":"2024-06-14 19:00:00","include":[],"exclude":[],"_links":{"self":[{"href":"https:\/\/graf.cat\/es\/wp-json\/wp\/v2\/events\/39890","targetHints":{"allow":["GET"]}}],"collection":[{"href":"https:\/\/graf.cat\/es\/wp-json\/wp\/v2\/events"}],"about":[{"href":"https:\/\/graf.cat\/es\/wp-json\/wp\/v2\/types\/event"}],"author":[{"embeddable":true,"href":"https:\/\/graf.cat\/es\/wp-json\/wp\/v2\/users\/102"}],"occurrences":[{"embeddable":true,"href":"https:\/\/graf.cat\/es\/wp-json\/wp\/v2\/events\/39890\/occurrences"}],"acf:term":[{"embeddable":true,"taxonomy":"event-category","href":"https:\/\/graf.cat\/es\/wp-json\/wp\/v2\/event-category\/245"}],"wp:featuredmedia":[{"embeddable":true,"href":"https:\/\/graf.cat\/es\/wp-json\/wp\/v2\/media\/39891"}],"wp:attachment":[{"href":"https:\/\/graf.cat\/es\/wp-json\/wp\/v2\/media?parent=39890"}],"wp:term":[{"taxonomy":"event-venue","embeddable":true,"href":"https:\/\/graf.cat\/es\/wp-json\/wp\/v2\/event-venues?post=39890"},{"taxonomy":"event-tag","embeddable":true,"href":"https:\/\/graf.cat\/es\/wp-json\/wp\/v2\/event-tags?post=39890"}],"curies":[{"name":"wp","href":"https:\/\/api.w.org\/{rel}","templated":true}]}}

Visita guiada «Vacances amb Franco» Amb Monika Anselment i Cristina Masanés

Visita guiada "Vacances amb Franco" Amb Monika Anselment i Cristina Masanés

Visita guiada "Vacaciones con Franco" con Monika Anselment y Cristina Masanés

Guided visit to "Vacations with Franco. My summers in Franco's Spain" With Monika Anselment and Cristina Masanés

L’any 1951 arribava el turista un milió a territori espanyol. Al mateix any, ho feia també el primer ambaixador dels Estats Units. Començava així una aliança entre turisme, franquisme i capitalisme que arriba fins avui. Per a l’estratègia geopolítica nord-americana i per a la classe mitjana del centre i el nord d’Europa, se’ls obria un paradís barat de sol i platges. Per al franquisme, el manà del turisme portava riquesa i modernitat. S’inaugurava així un model productiu que permetia extreure el màxim rendiment a uns pocs per portar-lo, tot seguit, a paradisos fiscals. Un model encara vigent.

Aquesta exposició recupera la mirada d’aquells qui, com a infants, van venir a gaudir del turisme de sol i platja, ignorant quina era la realitat social de seu destí de lleure.

En 1951, el turista número un millón llegó a territorio español. Ese mismo año, también lo hizo el primer embajador de los Estados Unidos. Así comenzaba una alianza entre turismo, franquismo y capitalismo que llega hasta hoy. Para la estrategia geopolítica estadounidense y para la clase media del centro y norte de Europa, se les abría un paraíso barato de sol y playas. Para el franquismo, el maná del turismo traía riqueza y modernidad. Así se inauguraba un modelo productivo que permitía extraer el máximo rendimiento a unos pocos para llevarlo, enseguida, a paraísos fiscales. Un modelo todavía vigente.

Esta exposición recupera la mirada de aquellos que, como niños, vinieron a disfrutar del turismo de sol y playa, ignorando cuál era la realidad social de su destino de ocio.

Bòlit_StNicolau
