{"id":40007,"guid":{"rendered":"https:\/\/graf.cat\/?post_type=event&#038;p=40007"},"modified":"2024-06-19T12:27:20","modified_gmt":"2024-06-19T10:27:20","slug":"longitud-i-proces-la-practica-expositiva-i-lescriptura-compartida-conversa-entre-raisa-maudit-i-marti-manen","status":"publish","type":"event","link":"https:\/\/graf.cat\/es\/events\/event\/longitud-i-proces-la-practica-expositiva-i-lescriptura-compartida-conversa-entre-raisa-maudit-i-marti-manen\/","title":{"rendered":"Longitud i proc\u00e9s: La pr\u00e0ctica expositiva i l&#8217;escriptura compartida. Conversa entre Raisa Maudit i Mart\u00ed Manen"},"content":{"rendered":"","protected":false},"excerpt":{"rendered":"","protected":false},"author":31,"featured_media":40008,"template":"","meta":{"_acf_changed":false,"_monsterinsights_skip_tracking":false,"_monsterinsights_sitenote_active":false,"_monsterinsights_sitenote_note":"","_monsterinsights_sitenote_category":0},"event-venues":[152],"event-tags":[],"class_list":["post-40007","event","type-event","status-publish","has-post-thumbnail","hentry","event-venue-la-virreina-centre-de-la-imatge","event-category-xerrada"],"acf":{"title_ca":"Longitud i proc\u00e9s: La pr\u00e0ctica expositiva i l'escriptura compartida. Conversa entre Raisa Maudit i Mart\u00ed Manen","title_es":"Longitud y proceso: La pr\u00e1ctica expositiva y la escritura compartida. Conversaci\u00f3n entre Raisa Maudit y Mart\u00ed Manen","title_en":"Length and Process: On Exhibition Practice and Shared Writing. A Conversation between Raisa Maudit and Mart\u00ed Manen","desc_ca":"En aquesta xerrada <strong>Raisa Maudit<\/strong> i <strong>Mart\u00ed Manen<\/strong> parlaran sobre processos de treball amb temporalitats llargues. Partint tant de l\u2019exposici\u00f3 <a href=\"https:\/\/graf.cat\/events\/event\/una-ascensio-en-espiral-mirar-enrere-des-de-la-fi-raisa-maudit\/\"><em>Una ascensi\u00f3 en espiral. Mirar enrere des de la fi<\/em><\/a> com del llibre <em>Las Disidencias<\/em>, Maudit i Manen observaran maneres de fer en les quals combinar la pr\u00e0ctica art\u00edstica amb el comissariat, l\u2019observaci\u00f3 estructural i el desig d\u2019obrir i no tancar.\r\n\r\nL\u2019exposici\u00f3 de Raisa Maudit a La Virreina Centre de la Imatge t\u00e9 un dels seus punts de partida al segle XII i obre un marc temporal des d\u2019on repensar maneres de fer amb continguts hist\u00f2rics considerats menors llegint-los des de necessitats actuals. El llibre escrit a quatres mans <em>Las Disidencias<\/em> \u00e9s un di\u00e0leg epistolar realitzat durant dos anys entre l\u2019artista i el comissari on la fragilitat i els dubtes no s\u2019amaguen ni es vesteixen.","desc_es":"En esta charla <strong>Raisa Maudit<\/strong> y <strong>Mart\u00ed Manen<\/strong> hablar\u00e1n sobre procesos de trabajo con largas temporalidades. Partiendo tanto de la exposici\u00f3n <a href=\"https:\/\/graf.cat\/es\/events\/event\/una-ascensio-en-espiral-mirar-enrere-des-de-la-fi-raisa-maudit\/\"><em>Una ascensi\u00f3n en espiral. Mirar atr\u00e1s desde el fin<\/em><\/a> como del libro <em>Las Disidencias<\/em>, Maudit y Manen observar\u00e1n maneras de hacer en las que combinar la pr\u00e1ctica art\u00edstica con el comisariado, la observaci\u00f3n estructural y el deseo de abrir y no cerrar.\r\n\r\nLa exposici\u00f3n de Raisa Maudit en La Virreina Centre de la Imatge tiene uno de sus puntos de partida en el siglo XII y abre un marco temporal desde donde repensar maneras de abordar contenidos hist\u00f3ricos considerados menores ley\u00e9ndolos desde necesidades actuales. El libro escrito a cuatro manos <em>Las Disidencias<\/em> es un di\u00e1logo epistolar mantenido durante dos a\u00f1os entre la artista y el comisario en el que la fragilidad y las dudas no se esconden ni se visten.","desc_en":"In this talk, <strong>Raisa Maudit<\/strong> and <strong>Mart\u00ed Manen<\/strong> will talk about long-term work processes. Taking as a basis the exhibition <a href=\"https:\/\/graf.cat\/en\/events\/event\/una-ascensio-en-espiral-mirar-enrere-des-de-la-fi-raisa-maudit\/\"><em>A Spiralling Ascent. Looking Back from the End<\/em><\/a> and their book <em>Las Disidencias<\/em> (The Dissidences), Maudit and Manen will observe ways of doing things in which they combine artistic practice with curatorship, structural observation and the desire to open and not close.\r\n\r\nRaisa Maudit\u2019s exhibition at La Virreina Centre de la Imatge takes one of its starting points from the twelfth century. It opens a temporal framework from which to rethink ways of engaging with historical contents that are considered minor by reading them from the viewpoint of current needs. The book <em>Las Disidencias<\/em> written by Maudit and Manen is an epistolary dialogue carried out over two years between the artist and the curator in which fragility and doubts are neither hidden nor disguised.","event_category":305,"event_show_only_own_date":false,"_event_confirmed":true,"_event_public":true,"_event_free":true,"_event_price-min":"","_event_price-max":"","_event_web_ca":"https:\/\/ajuntament.barcelona.cat\/lavirreina\/ca\/activitats\/longitud-i-proces-la-practica-expositiva-i-lescriptura-compartida\/790","_event_web_es":"https:\/\/ajuntament.barcelona.cat\/lavirreina\/es\/actividades\/longitud-y-proceso-la-practica-expositiva-y-la-escritura-compartida\/790","_event_web_en":"https:\/\/ajuntament.barcelona.cat\/lavirreina\/en\/activities\/length-and-process-exhibition-practice-and-shared-writing\/790","event_contact_email":"","event_apply_email":"","is_online_event":false,"is_art_nou_event":false,"is_bgw_event":false,"date_text":"","register_deadline":null,"altres_organitzadors":""},"abe_event_venue":"La Virreina Centre de la Imatge","abe_event_category":"Xerrada","start":"2024-06-26 19:00:00","end":"2024-06-26 20:30:00","schedule":"once","schedule_meta":"","frequency":1,"all_day":0,"until":"2024-06-26 19:00:00","include":[],"exclude":[],"_links":{"self":[{"href":"https:\/\/graf.cat\/es\/wp-json\/wp\/v2\/events\/40007","targetHints":{"allow":["GET"]}}],"collection":[{"href":"https:\/\/graf.cat\/es\/wp-json\/wp\/v2\/events"}],"about":[{"href":"https:\/\/graf.cat\/es\/wp-json\/wp\/v2\/types\/event"}],"author":[{"embeddable":true,"href":"https:\/\/graf.cat\/es\/wp-json\/wp\/v2\/users\/31"}],"occurrences":[{"embeddable":true,"href":"https:\/\/graf.cat\/es\/wp-json\/wp\/v2\/events\/40007\/occurrences"}],"acf:term":[{"embeddable":true,"taxonomy":"event-category","href":"https:\/\/graf.cat\/es\/wp-json\/wp\/v2\/event-category\/305"}],"wp:featuredmedia":[{"embeddable":true,"href":"https:\/\/graf.cat\/es\/wp-json\/wp\/v2\/media\/40008"}],"wp:attachment":[{"href":"https:\/\/graf.cat\/es\/wp-json\/wp\/v2\/media?parent=40007"}],"wp:term":[{"taxonomy":"event-venue","embeddable":true,"href":"https:\/\/graf.cat\/es\/wp-json\/wp\/v2\/event-venues?post=40007"},{"taxonomy":"event-tag","embeddable":true,"href":"https:\/\/graf.cat\/es\/wp-json\/wp\/v2\/event-tags?post=40007"}],"curies":[{"name":"wp","href":"https:\/\/api.w.org\/{rel}","templated":true}]}}

Longitud i procés: La pràctica expositiva i l&#8217;escriptura compartida. Conversa entre Raisa Maudit i Martí Manen

Longitud i procés: La pràctica expositiva i l'escriptura compartida. Conversa entre Raisa Maudit i Martí Manen

Longitud y proceso: La práctica expositiva y la escritura compartida. Conversación entre Raisa Maudit y Martí Manen

Length and Process: On Exhibition Practice and Shared Writing. A Conversation between Raisa Maudit and Martí Manen

En aquesta xerrada <strong>Raisa Maudit</strong> i <strong>Martí Manen</strong> parlaran sobre processos de treball amb temporalitats llargues. Partint tant de l’exposició <a href="https://graf.cat/events/event/una-ascensio-en-espiral-mirar-enrere-des-de-la-fi-raisa-maudit/"><em>Una ascensió en espiral. Mirar enrere des de la fi</em></a> com del llibre <em>Las Disidencias</em>, Maudit i Manen observaran maneres de fer en les quals combinar la pràctica artística amb el comissariat, l’observació estructural i el desig d’obrir i no tancar.

L’exposició de Raisa Maudit a La Virreina Centre de la Imatge té un dels seus punts de partida al segle XII i obre un marc temporal des d’on repensar maneres de fer amb continguts històrics considerats menors llegint-los des de necessitats actuals. El llibre escrit a quatres mans <em>Las Disidencias</em> és un diàleg epistolar realitzat durant dos anys entre l’artista i el comissari on la fragilitat i els dubtes no s’amaguen ni es vesteixen.

En esta charla <strong>Raisa Maudit</strong> y <strong>Martí Manen</strong> hablarán sobre procesos de trabajo con largas temporalidades. Partiendo tanto de la exposición <a href="https://graf.cat/es/events/event/una-ascensio-en-espiral-mirar-enrere-des-de-la-fi-raisa-maudit/"><em>Una ascensión en espiral. Mirar atrás desde el fin</em></a> como del libro <em>Las Disidencias</em>, Maudit y Manen observarán maneras de hacer en las que combinar la práctica artística con el comisariado, la observación estructural y el deseo de abrir y no cerrar.

La exposición de Raisa Maudit en La Virreina Centre de la Imatge tiene uno de sus puntos de partida en el siglo XII y abre un marco temporal desde donde repensar maneras de abordar contenidos históricos considerados menores leyéndolos desde necesidades actuales. El libro escrito a cuatro manos <em>Las Disidencias</em> es un diálogo epistolar mantenido durante dos años entre la artista y el comisario en el que la fragilidad y las dudas no se esconden ni se visten.

In this talk, <strong>Raisa Maudit</strong> and <strong>Martí Manen</strong> will talk about long-term work processes. Taking as a basis the exhibition <a href="https://graf.cat/en/events/event/una-ascensio-en-espiral-mirar-enrere-des-de-la-fi-raisa-maudit/"><em>A Spiralling Ascent. Looking Back from the End</em></a> and their book <em>Las Disidencias</em> (The Dissidences), Maudit and Manen will observe ways of doing things in which they combine artistic practice with curatorship, structural observation and the desire to open and not close.

Raisa Maudit’s exhibition at La Virreina Centre de la Imatge takes one of its starting points from the twelfth century. It opens a temporal framework from which to rethink ways of engaging with historical contents that are considered minor by reading them from the viewpoint of current needs. The book <em>Las Disidencias</em> written by Maudit and Manen is an epistolary dialogue carried out over two years between the artist and the curator in which fragility and doubts are neither hidden nor disguised.
