{"id":40207,"guid":{"rendered":"https:\/\/graf.cat\/?post_type=event&#038;p=40207"},"modified":"2024-07-01T15:55:56","modified_gmt":"2024-07-01T13:55:56","slug":"lhora-del-pati-2-2-2-2-2","status":"publish","type":"event","link":"https:\/\/graf.cat\/es\/events\/event\/lhora-del-pati-2-2-2-2-2\/","title":{"rendered":"L&#8217;hora del pati | Videoart i m\u00fasica"},"content":{"rendered":"","protected":false},"excerpt":{"rendered":"","protected":false},"author":159,"featured_media":40196,"template":"","meta":{"_acf_changed":false,"_monsterinsights_skip_tracking":false,"_monsterinsights_sitenote_active":false,"_monsterinsights_sitenote_note":"","_monsterinsights_sitenote_category":0},"event-venues":[635],"event-tags":[],"class_list":["post-40207","event","type-event","status-publish","has-post-thumbnail","hentry","event-venue-mac-preso","event-category-festival"],"acf":{"title_ca":"L'hora del pati | Videoart i m\u00fasica","title_es":"L'hora del pati","title_en":"L'hora del pati","desc_ca":"<strong>divendres 19 de juliol | Programaci\u00f3 FAMILIAR\u00a0<\/strong>\r\n<strong>21.30 h\r\n<\/strong>(obertura de portes: 21 h)\r\n\r\n<strong>Anima\u2019t\r\n<\/strong>Escola Montserrat Sol\u00e0\r\n<strong>+ Sorteig gandula solid\u00e0ria\r\n+ Dj Pine\r\n<\/strong>\r\n\r\n&nbsp;\r\n\r\n<strong>Anima\u2019t<\/strong>\r\nAlumnes de 6\u00e8 de l\u2019Escola Montserrat Sol\u00e0, 2024\r\nPrograma dirigit per\u00a0<strong>Susana Bacard\u00ed<\/strong>, amb la col\u00b7laboraci\u00f3 dels mestres tutors Vanessa Brunet i Oscar Juan.\r\n\r\n<strong><em>Homenatge a Lotte Reiniger<\/em>, 2024\r\n<\/strong>5\u20196\u2019\u2019<strong>\r\n<\/strong><strong>\r\nAnima\u2019t 2024\r\n<\/strong>44\u201950\u2019\u2019\r\n\r\n<strong><em>Segones oportunitats\r\n<\/em><\/strong>Ar\u00e7 Barnola, Adam El Hmidi, Jannat Marchan, Sergi Pont i Gael Ramos.\r\n\r\n<strong><em>Accions solid\u00e0ries\r\n<\/em><\/strong>J\u00falia Esteve, Jordi Ocerans, Lluc Santaflorentina i Jannat Zafri.\r\n\r\n<strong><em>Treball en equip\r\n<\/em><\/strong>Pau Hern\u00e0ndez, Adrian Galera, Daniel Vasilchikov, Teo Mestres i \u00c1lex Floriach.\r\n\r\n<strong><em>La dopamina\r\n<\/em><\/strong>Razan Nabi, Aran Nogueras, Al\u00edcia Pont i Atzar Serra.\r\n\r\n<strong><em>Siguem inclusius!\r\n<\/em><\/strong>Pere Carbonell, Quim Rodr\u00edguez, Aslin Dotto, Gina Baquero i Yasmine Charki.\r\n\r\n<strong><em>Un dia a l\u2019espai\r\n<\/em><\/strong>Biel Arbon\u00e9s, Anas Berraqui, Douae Farhaoui, Mariona Oller i Sara Pontseni.\r\n\r\n<strong><em>Les aventures del Supercuc (a la lluna)\r\n<\/em><\/strong>Ianis Cosmin Bob, Momo Adriana Cervera Esperalba, Maria Crespo Shikhina i Marc Serra Curell.\r\n\r\n<strong><em>No als prejudicis\r\n<\/em><\/strong>Omar Bah, Adri\u00e0 Carre\u00f1o, Cl\u00e0udia Ruiz i Judit Vel\u00e1zquez.\r\n\r\n<strong><em>Apadrina una balena\r\n<\/em><\/strong>Hafsa Benaboud, Estel Puigdellivol, Noor El Mouden, Gina Tartaglia i Ivette Mayordomo.\r\n\r\n<strong><em>La gran final\r\n<\/em><\/strong>Gofran El Bajoui Aribiti, Bernat Llad\u00f3, Ricard Mart\u00edn, Adja Ndiaye i Otger Rabassa.\r\n\r\n<strong><em>PORS\r\n<\/em><\/strong>Emma Ferrer, Teo Fern\u00e1ndez, Isona Mant\u00e9, Quim Mestres i Laura Kamila.\r\n\r\n&nbsp;\r\n\r\n<strong>Sorteig de la gandula solid\u00e0ria\r\n<\/strong>Sorteig entre tot el p\u00fablic que hagi comprat n\u00fameros aquest dia d\u2019una de les 9 gandules solid\u00e0ries que han intervingut 9 artistes de manera altru\u00efta. Si us toca, us l\u2019endueu a casa!\r\nPodeu veure els autors i les gandules\u00a0<a href=\"https:\/\/www.mataroartcontemporani.cat\/seccio\/gandules-solidaries-2\/\">aqu\u00ed<\/a>.\r\n\r\n&nbsp;\r\n\r\n<strong>Dj Pine\r\n<\/strong>La Dj Pine, alter ego de la mataronina Irene Pineda, ens oferir\u00e0 la seva proposta electr\u00f2nica ballable plena d\u2019alegria i bones energies. Un viatge de sons tropicals barrejant electr\u00f2nica amb ritmes flamencs, africans i llatins.\r\n<a href=\"https:\/\/www.instagram.com\/dj.pine\/\">@dj.pine<\/a>\r\n\r\n&nbsp;","desc_es":"","desc_en":"","event_category":481,"event_show_only_own_date":false,"_event_confirmed":true,"_event_public":true,"_event_free":true,"_event_price-min":"","_event_price-max":"","_event_web_ca":"https:\/\/www.mataroartcontemporani.cat\/posts_activitats\/lhora-del-pati-2\/","_event_web_es":"","_event_web_en":"","event_contact_email":"","event_apply_email":"","is_online_event":false,"is_art_nou_event":false,"is_bgw_event":false,"date_text":"","register_deadline":null,"altres_organitzadors":""},"abe_event_venue":"M|A|C Pres\u00f3","abe_event_category":"Festival","start":"2024-07-19 21:00:00","end":"2024-07-19 23:55:00","schedule":"once","schedule_meta":"","frequency":1,"all_day":0,"until":"2024-07-19 21:00:00","include":[],"exclude":[],"_links":{"self":[{"href":"https:\/\/graf.cat\/es\/wp-json\/wp\/v2\/events\/40207","targetHints":{"allow":["GET"]}}],"collection":[{"href":"https:\/\/graf.cat\/es\/wp-json\/wp\/v2\/events"}],"about":[{"href":"https:\/\/graf.cat\/es\/wp-json\/wp\/v2\/types\/event"}],"author":[{"embeddable":true,"href":"https:\/\/graf.cat\/es\/wp-json\/wp\/v2\/users\/159"}],"occurrences":[{"embeddable":true,"href":"https:\/\/graf.cat\/es\/wp-json\/wp\/v2\/events\/40207\/occurrences"}],"acf:term":[{"embeddable":true,"taxonomy":"event-category","href":"https:\/\/graf.cat\/es\/wp-json\/wp\/v2\/event-category\/481"}],"wp:featuredmedia":[{"embeddable":true,"href":"https:\/\/graf.cat\/es\/wp-json\/wp\/v2\/media\/40196"}],"wp:attachment":[{"href":"https:\/\/graf.cat\/es\/wp-json\/wp\/v2\/media?parent=40207"}],"wp:term":[{"taxonomy":"event-venue","embeddable":true,"href":"https:\/\/graf.cat\/es\/wp-json\/wp\/v2\/event-venues?post=40207"},{"taxonomy":"event-tag","embeddable":true,"href":"https:\/\/graf.cat\/es\/wp-json\/wp\/v2\/event-tags?post=40207"}],"curies":[{"name":"wp","href":"https:\/\/api.w.org\/{rel}","templated":true}]}}

L&#8217;hora del pati | Videoart i música

L'hora del pati | Videoart i música

<strong>divendres 19 de juliol | Programació FAMILIAR </strong>
<strong>21.30 h
</strong>(obertura de portes: 21 h)

<strong>Anima’t
</strong>Escola Montserrat Solà
<strong>+ Sorteig gandula solidària
+ Dj Pine
</strong>

&nbsp;

<strong>Anima’t</strong>
Alumnes de 6è de l’Escola Montserrat Solà, 2024
Programa dirigit per <strong>Susana Bacardí</strong>, amb la col·laboració dels mestres tutors Vanessa Brunet i Oscar Juan.

<strong><em>Homenatge a Lotte Reiniger</em>, 2024
</strong>5’6’’<strong>
</strong><strong>
Anima’t 2024
</strong>44’50’’

<strong><em>Segones oportunitats
</em></strong>Arç Barnola, Adam El Hmidi, Jannat Marchan, Sergi Pont i Gael Ramos.

<strong><em>Accions solidàries
</em></strong>Júlia Esteve, Jordi Ocerans, Lluc Santaflorentina i Jannat Zafri.

<strong><em>Treball en equip
</em></strong>Pau Hernàndez, Adrian Galera, Daniel Vasilchikov, Teo Mestres i Álex Floriach.

<strong><em>La dopamina
</em></strong>Razan Nabi, Aran Nogueras, Alícia Pont i Atzar Serra.

<strong><em>Siguem inclusius!
</em></strong>Pere Carbonell, Quim Rodríguez, Aslin Dotto, Gina Baquero i Yasmine Charki.

<strong><em>Un dia a l’espai
</em></strong>Biel Arbonés, Anas Berraqui, Douae Farhaoui, Mariona Oller i Sara Pontseni.

<strong><em>Les aventures del Supercuc (a la lluna)
</em></strong>Ianis Cosmin Bob, Momo Adriana Cervera Esperalba, Maria Crespo Shikhina i Marc Serra Curell.

<strong><em>No als prejudicis
</em></strong>Omar Bah, Adrià Carreño, Clàudia Ruiz i Judit Velázquez.

<strong><em>Apadrina una balena
</em></strong>Hafsa Benaboud, Estel Puigdellivol, Noor El Mouden, Gina Tartaglia i Ivette Mayordomo.

<strong><em>La gran final
</em></strong>Gofran El Bajoui Aribiti, Bernat Lladó, Ricard Martín, Adja Ndiaye i Otger Rabassa.

<strong><em>PORS
</em></strong>Emma Ferrer, Teo Fernández, Isona Manté, Quim Mestres i Laura Kamila.

&nbsp;

<strong>Sorteig de la gandula solidària
</strong>Sorteig entre tot el públic que hagi comprat números aquest dia d’una de les 9 gandules solidàries que han intervingut 9 artistes de manera altruïta. Si us toca, us l’endueu a casa!
Podeu veure els autors i les gandules <a href="https://www.mataroartcontemporani.cat/seccio/gandules-solidaries-2/">aquí</a>.

&nbsp;

<strong>Dj Pine
</strong>La Dj Pine, alter ego de la mataronina Irene Pineda, ens oferirà la seva proposta electrònica ballable plena d’alegria i bones energies. Un viatge de sons tropicals barrejant electrònica amb ritmes flamencs, africans i llatins.
<a href="https://www.instagram.com/dj.pine/">@dj.pine</a>

&nbsp;

M|A|C Presó
