{"id":40361,"guid":{"rendered":"https:\/\/graf.cat\/?post_type=event&#038;p=40361"},"modified":"2024-07-18T13:05:07","modified_gmt":"2024-07-18T11:05:07","slug":"zozobra-exposicio-de-ilija-dincic-serbia","status":"publish","type":"event","link":"https:\/\/graf.cat\/es\/events\/event\/zozobra-exposicio-de-ilija-dincic-serbia\/","title":{"rendered":"Zozobra. Ilija Din\u010di\u0107"},"content":{"rendered":"","protected":false},"excerpt":{"rendered":"","protected":false},"author":3,"featured_media":40362,"template":"","meta":{"_acf_changed":false,"_monsterinsights_skip_tracking":false,"_monsterinsights_sitenote_active":false,"_monsterinsights_sitenote_note":"","_monsterinsights_sitenote_category":0},"event-venues":[131],"event-tags":[],"class_list":["post-40361","event","type-event","status-publish","has-post-thumbnail","hentry","event-venue-homesession","event-category-inauguracio"],"acf":{"title_ca":"Zozobra. Ilija Din\u010di\u0107 ","title_es":"Zozobra. Ilija Din\u010di\u0107 ","title_en":"Zozobra. Ilija Din\u010di\u0107 ","desc_ca":"<em>Inauguraci\u00f3: Dijous 25 Juliol de <\/em><em>18-21 h<\/em>\r\n\r\n<em>Exposici\u00f3 visitable sota cita pr\u00e8via: <\/em><em>26 - 28\u00a0Juliol<\/em>\r\n(reserves: ili.ja.dincic98@gmail.com)\r\n\r\n<em>Zozobra<\/em> \u00e9s una paraula en castell\u00e0 descrita com la inquietud, aflicci\u00f3 i angoixa de l'\u00e0nim, que no deixa assossegar, o pel risc que amena\u00e7a, o pel mal que ja es pateix.\r\n\r\nL'artista serbi\u00a0<strong>Ilija Din\u010di\u0107<\/strong>\u00a0(1998) despr\u00e9s d'una resid\u00e8ncia a Barcelona de tan sols un mes de durada, presenta una exposici\u00f3 que posa el focus en el patiment com a acci\u00f3 passiva que transcendeix el pla de l'individual. En aquesta ocasi\u00f3 explora com gestionar-la col\u00b7lectivament des d'una perspectiva lleugera, gaireb\u00e9 ir\u00f2nica.\r\n\r\nPer a aix\u00f2 pren com a punt de partida la idea de \u201cef\u00edgie\u201d. Les Ef\u00edgies s\u00f3n escultures\u00a0antropom\u00f2rfiques ef\u00edmeres destinades a ser cremades p\u00fablicament. Aquests ninots, representen a una persona espec\u00edfica o una figura protot\u00edpica, sovint a escala natural. Van ser usades en cultures europees com a elements de c\u00e0stig simb\u00f2lic en la just\u00edcia formal, quan el perpetrador no podia ser detingut o en pr\u00e0ctiques de just\u00edcia popular per a infligir vergonya als malfactors o aquells exclosos socialment. Aquesta acci\u00f3 de crema p\u00fablica i per tant de socialitzaci\u00f3 del mal-fer individual, es recupera aqu\u00ed per a proposar una crema p\u00fablica del mal-estar o patiment.\r\n\r\nEn el cor de la instal\u00b7laci\u00f3 trobem una \u201cgloom box\u201d [caixa de desolaci\u00f3]:\r\n\r\n\u201cS'anima a tots els que tinguin un exc\u00e9s d'angoixa a escriure la naturalesa de la mateixa en un tros de paper i dipositar-lo a la \u201cgloom box\u201d. Els assistents a l'exposici\u00f3 poden introduir en ella tot tipus d'ansietats, documents legals, papers de divorci, liquidacions d'hipoteques, multes d'aparcament o fins i tot un vestit de n\u00favia\u2026: tot aix\u00f2 \u00e9s benvingut a \u201c<em>Zozobra<\/em>\u201d per a ser convertit en fum. La crema aqu\u00ed no \u00e9s literal, per\u00f2 si t'ho preguntes, es far\u00e0 efectiva el dia 4 d'agost de 2024, a la ciutat natal de l'artista. No et preocupis, les teves preocupacions no tindran cap altre finalitat m\u00e9s enll\u00e0 de servir d'aliment a les flames.\u201d\r\n\r\n\u2013\r\n\r\n<a href=\"https:\/\/www.instagram.com\/i.dinch\/\" target=\"_blank\" rel=\"noreferrer noopener\">Ilija Din\u010di\u0107<\/a> (nascut en 1998) \u00e9s una artista visual de S\u00e8rbia establert a Belgrad. El seu treball aborda q\u00fcestions relacionades amb l'autobiografia, la hist\u00f2ria de l'art i la naturalesa ef\u00edmera de la materialitat. Emprant diverses estrat\u00e8gies i mitjans est\u00e8tics, incloent-hi pintura, dibuix, collage, gravat, instal\u00b7laci\u00f3 i v\u00eddeo, examina les tensions entre identitat i anonimat, \u201cexpressionisme\u201d i \u201cminimalisme\u201d, l'urb\u00e0 i el rural, la subcultura i la cultura. Est\u00e0 influenciat per la simbologia, la religi\u00f3, la m\u00fasica, la literatura i el cinema. Ilija es va graduar en la Facultat de Belles arts de Belgrad en 2021 i va rebre un MFA(M\u00e0ster en Belles arts) en el departament de pintura en 2023. Va exposar el seu treball en exposicions col\u00b7lectives tant a nivell local com a l'estranger.\r\n\r\n<strong>En col\u00b7laboraci\u00f3 amb Belgrade Artist in Residence<\/strong>","desc_es":"<em>Inauguraci\u00f3n: Jueves 25 Julio, 2024 de\u00a018-21h<\/em>\r\n\r\n<em>Exposici\u00f3n visitable:<\/em> <em>26 - 28\u00a0Julio\r\n<\/em>(reservas: ili.ja.dincic98@gmail.com)\r\n\r\n<em>Zozobra<\/em>\u00a0es una palabra en espa\u00f1ol descrita como la inquietud, aflicci\u00f3n y congoja del \u00e1nimo, que no deja sosegar, o por el riesgo que amenaza, o por el mal que ya se padece.\r\n\r\nEl artista serbio\u00a0<strong>Ilija Din\u010di\u0107<\/strong>\u00a0(1998) tras una residencia en Barcelona de tan solo un mes de duraci\u00f3n, presenta una exposici\u00f3n que pone el foco en el padecimiento como acci\u00f3n pasiva que trasciende el plano de lo individual. En esta ocasi\u00f3n explora como lidiar con ella colectivamente desde una perspectiva ligera, casi ir\u00f3nica.\r\n\r\nPara ello toma como punto de partida la idea de \u201cefigie\u201d. Las Efigies son esculturas\u00a0antropom\u00f3rficas ef\u00edmeras destinadas a ser quemadas p\u00fablicamente. Estos monigotes, representan a una persona espec\u00edfica o una figura protot\u00edpica, a menudo a escala natural. Ellas fueron usadas en culturas europeas como elementos de castigo simb\u00f3lico en la justicia formal, cuando el perpetrador no pod\u00eda ser detenido o en pr\u00e1cticas de justicia popular para infligir verg\u00fcenza a los malhechores o aquellos excluidos socialmente. Esta acci\u00f3n de quema p\u00fablica y por tanto de socializaci\u00f3n del mal-hacer individual, se recupera aqu\u00ed para proponer una quema p\u00fablica del mal-estar o padecimiento.\r\n\r\nEn el coraz\u00f3n de la instalaci\u00f3n encontramos una \u201cgloom box\u201d [caja de desolaci\u00f3n]:\r\n\r\n<em>\u201cSe anima a todos los que tengan un exceso de pesadumbre a que escriban la naturaleza de la misma en un trozo de papel y lo dejen en la \u201cgloom box\u201d. Los asistentes a la exposici\u00f3n pueden introducir en ella todo tipo de pesares, documentos legales, papeles de divorcio, liquidaciones de hipotecas, multas de aparcamiento o incluso un vestido de novia\u2026: todo ello es bienvenido a \u201cZozobra\u201d para ser convertido en humo. La quema aqu\u00ed no es literal, pero si te lo preguntas, se har\u00e1 efectiva el d\u00eda 4 de agosto de 2024, en la ciudad natal del artista. No te preocupes, tus preocupaciones no tendr\u00e1n otro fin m\u00e1s que servir de alimento a las llamas.\u201d<\/em>\r\n\r\n\u2013\r\n\r\n<a href=\"https:\/\/www.instagram.com\/i.dinch\/\" target=\"_blank\" rel=\"noreferrer noopener\">Ilija Din\u010di\u0107<\/a>\u00a0(nacido en 1998) es una artista visual de Serbia afincado en Belgrado. Su trabajo aborda cuestiones relacionadas con la autobiograf\u00eda, la historia del arte y la naturaleza ef\u00edmera de la materialidad. Empleando diversas estrategias y medios est\u00e9ticos, incluyendo pintura, dibujo, collage, grabado, instalaci\u00f3n y video, examina las tensiones entre identidad y anonimato, \u201cexpresionismo\u201d y \u201cminimalismo\u201d, lo urbano y lo rural, la subcultura y la cultura. Est\u00e1 influenciado por la simbolog\u00eda, la religi\u00f3n, la m\u00fasica, la literatura y el cine. Ilija se gradu\u00f3 en la Facultad de Bellas Artes de Belgrado en 2021 y recibi\u00f3 un MFA (Master en Bellas Artes) en el departamento de pintura en 2023. Expuso su trabajo en exposiciones colectivas tanto a nivel local como en el extranjero.\r\n\r\n<strong>En colaboraci\u00f3n con Belgrade Artist in Residence<\/strong>","desc_en":"<em>Opening: Thursday 25 July from 6 to 9 pm<\/em>\r\n\r\n<em>Exhibition visit by appointment:<\/em> <em>26 - 28 July<\/em>\r\n(to book: ili.ja.dincic98@gmail.com)\r\n\r\n<em>Zozobra<\/em> is a word in Spanish described as the restlessness, affliction and anguish of the spirit, which does not allow to calm down, or by the risk that threatens, or by the evil that already suffers.\r\n\r\nThe Serbian artist <strong>Ilija Din\u010di\u0107<\/strong> (1998), after a month-long residency in Barcelona, presents an exhibition that focuses on suffering as a passive action that transcends the individual. On this occasion he explores how to deal with it collectively from a light, almost ironic perspective.\r\n\r\nTo do so, he takes the idea of \u201ceffigy\u201d as a starting point. Effigies are ephemeral anthropomorphic sculpturesdestined to be publicly burned. They represent a specific person or a prototypical figure, often on a natural scale. They were used in European cultures as elements of symbolic punishment in formal justice when the perpetrator could not be apprehended or in popular justice practices to inflict shame on wrongdoers or the socially excluded. This action of public burning and therefore of socialization of the individual wrongdoing, is resumed here to propose a public burning of the discomfort or suffering.\r\n\r\nAt the heart of the installation we find a \u201cgloom box\u201d:\r\n\r\n<em>\u201cAnyone with an excess of gloom is encouraged to write the nature of it on a piece of paper and drop it in the \u201cgloom box.\u201d Exhibition attendees can put into it all sorts of anxiety, legal documents, divorce papers, mortgage settlements, parking tickets, and even a wedding dress\u2026 All are welcome in \u201cZozobra\u201d to be turned into smoke. The burning here is not literal, but if you\u2019re wondering, it will take effect on August 3, 2024, in the artist\u2019s hometown. Don\u2019t worry, your worries will serve no other purpose than to serve as fodder for the flames.\u201d<\/em>\r\n\r\n\u2013\r\n\r\n<a href=\"https:\/\/www.instagram.com\/i.dinch\/\" target=\"_blank\" rel=\"noreferrer noopener\">Ilija Din\u010di\u0107<\/a>\u00a0(born 1998) is a Serbian visual artist based in Belgrade. His work engages with issues related to autobiography, art history, and the ephemeral nature of materiality. Employing diverse aesthetic strategies and mediums\u2014including painting, drawing, collage, printmaking, installation and video\u2014he examines the tensions between identity and anonymity, \u201cExpressionism\u201d and \u201cMinimalism\u201d, the urban and the rural, subculture and culture.\u00a0He is influenced by symbology, religion, music, literature, and film.\r\nIlija graduated from the Faculty of Fine Arts in Belgrade in 2021 and received an MFA in painting department in 2023. He exhibited his work in group shows both locally and abroad.\r\n\r\n<strong>In collaboration with<\/strong>\u00a0<strong>Belgrade Artist in Residence<\/strong>","event_category":189,"event_show_only_own_date":true,"_event_confirmed":true,"_event_public":true,"_event_free":true,"_event_price-min":"","_event_price-max":"","_event_web_ca":"https:\/\/www.homesession.org\/blog\/zozobra-exposicion-de-ilija-dincic-serbia\/","_event_web_es":"https:\/\/www.homesession.org\/blog\/zozobra-exposicion-de-ilija-dincic-serbia\/","_event_web_en":"https:\/\/www.homesession.org\/blog\/zozobra-exposicion-de-ilija-dincic-serbia\/","event_contact_email":"","event_apply_email":"","is_online_event":false,"is_art_nou_event":false,"is_bgw_event":false,"date_text":"","register_deadline":null,"altres_organitzadors":""},"abe_event_venue":"Homesession","abe_event_category":"Inauguraci\u00f3","start":"2024-07-25 18:00:00","end":"2024-07-25 21:00:00","schedule":"once","schedule_meta":"","frequency":1,"all_day":0,"until":"2024-07-25 18:00:00","include":[],"exclude":[],"_links":{"self":[{"href":"https:\/\/graf.cat\/es\/wp-json\/wp\/v2\/events\/40361","targetHints":{"allow":["GET"]}}],"collection":[{"href":"https:\/\/graf.cat\/es\/wp-json\/wp\/v2\/events"}],"about":[{"href":"https:\/\/graf.cat\/es\/wp-json\/wp\/v2\/types\/event"}],"author":[{"embeddable":true,"href":"https:\/\/graf.cat\/es\/wp-json\/wp\/v2\/users\/3"}],"occurrences":[{"embeddable":true,"href":"https:\/\/graf.cat\/es\/wp-json\/wp\/v2\/events\/40361\/occurrences"}],"acf:term":[{"embeddable":true,"taxonomy":"event-category","href":"https:\/\/graf.cat\/es\/wp-json\/wp\/v2\/event-category\/189"}],"wp:featuredmedia":[{"embeddable":true,"href":"https:\/\/graf.cat\/es\/wp-json\/wp\/v2\/media\/40362"}],"wp:attachment":[{"href":"https:\/\/graf.cat\/es\/wp-json\/wp\/v2\/media?parent=40361"}],"wp:term":[{"taxonomy":"event-venue","embeddable":true,"href":"https:\/\/graf.cat\/es\/wp-json\/wp\/v2\/event-venues?post=40361"},{"taxonomy":"event-tag","embeddable":true,"href":"https:\/\/graf.cat\/es\/wp-json\/wp\/v2\/event-tags?post=40361"}],"curies":[{"name":"wp","href":"https:\/\/api.w.org\/{rel}","templated":true}]}}

Zozobra. Ilija Dinčić

<em>Inauguració: Dijous 25 Juliol de </em><em>18-21 h</em>

<em>Exposició visitable sota cita prèvia: </em><em>26 - 28 Juliol</em>
(reserves: ili.ja.dincic98@gmail.com)

<em>Zozobra</em> és una paraula en castellà descrita com la inquietud, aflicció i angoixa de l'ànim, que no deixa assossegar, o pel risc que amenaça, o pel mal que ja es pateix.

L'artista serbi <strong>Ilija Dinčić</strong> (1998) després d'una residència a Barcelona de tan sols un mes de durada, presenta una exposició que posa el focus en el patiment com a acció passiva que transcendeix el pla de l'individual. En aquesta ocasió explora com gestionar-la col·lectivament des d'una perspectiva lleugera, gairebé irònica.

Per a això pren com a punt de partida la idea de “efígie”. Les Efígies són escultures antropomòrfiques efímeres destinades a ser cremades públicament. Aquests ninots, representen a una persona específica o una figura prototípica, sovint a escala natural. Van ser usades en cultures europees com a elements de càstig simbòlic en la justícia formal, quan el perpetrador no podia ser detingut o en pràctiques de justícia popular per a infligir vergonya als malfactors o aquells exclosos socialment. Aquesta acció de crema pública i per tant de socialització del mal-fer individual, es recupera aquí per a proposar una crema pública del mal-estar o patiment.

En el cor de la instal·lació trobem una “gloom box” [caixa de desolació]:

“S'anima a tots els que tinguin un excés d'angoixa a escriure la naturalesa de la mateixa en un tros de paper i dipositar-lo a la “gloom box”. Els assistents a l'exposició poden introduir en ella tot tipus d'ansietats, documents legals, papers de divorci, liquidacions d'hipoteques, multes d'aparcament o fins i tot un vestit de núvia…: tot això és benvingut a “<em>Zozobra</em>” per a ser convertit en fum. La crema aquí no és literal, però si t'ho preguntes, es farà efectiva el dia 4 d'agost de 2024, a la ciutat natal de l'artista. No et preocupis, les teves preocupacions no tindran cap altre finalitat més enllà de servir d'aliment a les flames.”

–

<a href="https://www.instagram.com/i.dinch/" target="_blank" rel="noreferrer noopener">Ilija Dinčić</a> (nascut en 1998) és una artista visual de Sèrbia establert a Belgrad. El seu treball aborda qüestions relacionades amb l'autobiografia, la història de l'art i la naturalesa efímera de la materialitat. Emprant diverses estratègies i mitjans estètics, incloent-hi pintura, dibuix, collage, gravat, instal·lació i vídeo, examina les tensions entre identitat i anonimat, “expressionisme” i “minimalisme”, l'urbà i el rural, la subcultura i la cultura. Està influenciat per la simbologia, la religió, la música, la literatura i el cinema. Ilija es va graduar en la Facultat de Belles arts de Belgrad en 2021 i va rebre un MFA(Màster en Belles arts) en el departament de pintura en 2023. Va exposar el seu treball en exposicions col·lectives tant a nivell local com a l'estranger.

<strong>En col·laboració amb Belgrade Artist in Residence</strong>

<em>Inauguración: Jueves 25 Julio, 2024 de 18-21h</em>

<em>Exposición visitable:</em> <em>26 - 28 Julio
</em>(reservas: ili.ja.dincic98@gmail.com)

<em>Zozobra</em> es una palabra en español descrita como la inquietud, aflicción y congoja del ánimo, que no deja sosegar, o por el riesgo que amenaza, o por el mal que ya se padece.

El artista serbio <strong>Ilija Dinčić</strong> (1998) tras una residencia en Barcelona de tan solo un mes de duración, presenta una exposición que pone el foco en el padecimiento como acción pasiva que trasciende el plano de lo individual. En esta ocasión explora como lidiar con ella colectivamente desde una perspectiva ligera, casi irónica.

Para ello toma como punto de partida la idea de “efigie”. Las Efigies son esculturas antropomórficas efímeras destinadas a ser quemadas públicamente. Estos monigotes, representan a una persona específica o una figura prototípica, a menudo a escala natural. Ellas fueron usadas en culturas europeas como elementos de castigo simbólico en la justicia formal, cuando el perpetrador no podía ser detenido o en prácticas de justicia popular para infligir vergüenza a los malhechores o aquellos excluidos socialmente. Esta acción de quema pública y por tanto de socialización del mal-hacer individual, se recupera aquí para proponer una quema pública del mal-estar o padecimiento.

En el corazón de la instalación encontramos una “gloom box” [caja de desolación]:

<em>“Se anima a todos los que tengan un exceso de pesadumbre a que escriban la naturaleza de la misma en un trozo de papel y lo dejen en la “gloom box”. Los asistentes a la exposición pueden introducir en ella todo tipo de pesares, documentos legales, papeles de divorcio, liquidaciones de hipotecas, multas de aparcamiento o incluso un vestido de novia…: todo ello es bienvenido a “Zozobra” para ser convertido en humo. La quema aquí no es literal, pero si te lo preguntas, se hará efectiva el día 4 de agosto de 2024, en la ciudad natal del artista. No te preocupes, tus preocupaciones no tendrán otro fin más que servir de alimento a las llamas.”</em>

–

<a href="https://www.instagram.com/i.dinch/" target="_blank" rel="noreferrer noopener">Ilija Dinčić</a> (nacido en 1998) es una artista visual de Serbia afincado en Belgrado. Su trabajo aborda cuestiones relacionadas con la autobiografía, la historia del arte y la naturaleza efímera de la materialidad. Empleando diversas estrategias y medios estéticos, incluyendo pintura, dibujo, collage, grabado, instalación y video, examina las tensiones entre identidad y anonimato, “expresionismo” y “minimalismo”, lo urbano y lo rural, la subcultura y la cultura. Está influenciado por la simbología, la religión, la música, la literatura y el cine. Ilija se graduó en la Facultad de Bellas Artes de Belgrado en 2021 y recibió un MFA (Master en Bellas Artes) en el departamento de pintura en 2023. Expuso su trabajo en exposiciones colectivas tanto a nivel local como en el extranjero.

<strong>En colaboración con Belgrade Artist in Residence</strong>

<em>Opening: Thursday 25 July from 6 to 9 pm</em>

<em>Exhibition visit by appointment:</em> <em>26 - 28 July</em>
(to book: ili.ja.dincic98@gmail.com)

<em>Zozobra</em> is a word in Spanish described as the restlessness, affliction and anguish of the spirit, which does not allow to calm down, or by the risk that threatens, or by the evil that already suffers.

The Serbian artist <strong>Ilija Dinčić</strong> (1998), after a month-long residency in Barcelona, presents an exhibition that focuses on suffering as a passive action that transcends the individual. On this occasion he explores how to deal with it collectively from a light, almost ironic perspective.

To do so, he takes the idea of “effigy” as a starting point. Effigies are ephemeral anthropomorphic sculpturesdestined to be publicly burned. They represent a specific person or a prototypical figure, often on a natural scale. They were used in European cultures as elements of symbolic punishment in formal justice when the perpetrator could not be apprehended or in popular justice practices to inflict shame on wrongdoers or the socially excluded. This action of public burning and therefore of socialization of the individual wrongdoing, is resumed here to propose a public burning of the discomfort or suffering.

At the heart of the installation we find a “gloom box”:

<em>“Anyone with an excess of gloom is encouraged to write the nature of it on a piece of paper and drop it in the “gloom box.” Exhibition attendees can put into it all sorts of anxiety, legal documents, divorce papers, mortgage settlements, parking tickets, and even a wedding dress… All are welcome in “Zozobra” to be turned into smoke. The burning here is not literal, but if you’re wondering, it will take effect on August 3, 2024, in the artist’s hometown. Don’t worry, your worries will serve no other purpose than to serve as fodder for the flames.”</em>

–

<a href="https://www.instagram.com/i.dinch/" target="_blank" rel="noreferrer noopener">Ilija Dinčić</a> (born 1998) is a Serbian visual artist based in Belgrade. His work engages with issues related to autobiography, art history, and the ephemeral nature of materiality. Employing diverse aesthetic strategies and mediums—including painting, drawing, collage, printmaking, installation and video—he examines the tensions between identity and anonymity, “Expressionism” and “Minimalism”, the urban and the rural, subculture and culture. He is influenced by symbology, religion, music, literature, and film.
Ilija graduated from the Faculty of Fine Arts in Belgrade in 2021 and received an MFA in painting department in 2023. He exhibited his work in group shows both locally and abroad.

<strong>In collaboration with</strong> <strong>Belgrade Artist in Residence</strong>

Inauguració
