{"id":40366,"guid":{"rendered":"https:\/\/graf.cat\/?post_type=event&#038;p=40366"},"modified":"2024-07-18T13:33:49","modified_gmt":"2024-07-18T11:33:49","slug":"festa-de-cloenda","status":"publish","type":"event","link":"https:\/\/graf.cat\/es\/events\/event\/festa-de-cloenda\/","title":{"rendered":"Festa de Cloenda Escola de Context Transmarikabibollo"},"content":{"rendered":"","protected":false},"excerpt":{"rendered":"","protected":false},"author":10,"featured_media":40374,"template":"","meta":{"_acf_changed":false,"_monsterinsights_skip_tracking":false,"_monsterinsights_sitenote_active":false,"_monsterinsights_sitenote_note":"","_monsterinsights_sitenote_category":0},"event-venues":[146],"event-tags":[],"class_list":["post-40366","event","type-event","status-publish","has-post-thumbnail","hentry","event-venue-la-capella","event-category-altres"],"acf":{"title_ca":"Festa de Cloenda Escola de Context Transmarikabibollo","title_es":"Fiesta de clausura Escola de Context Transmarikabibollo ","title_en":"Escola de Context Transmarikabibollo Farewell party ","desc_ca":"Fa dos anys va n\u00e9ixer Escola de Context Transmarikabibollo i el divendres 19 de juliol volem celebrar-ho en un acte festiu amb m\u00fasica i actuacions. Durant aquest temps, per l'Escola han passat persones que ens han plantejat diferents temes que han servit com a motor per cohesionar una comunitat on debatre temes interseccionals que travessen les nostres vides i les nostres exist\u00e8ncies, generant un espai cr\u00edtic d'aprenentatge horitzontal per a altres realitats no normatives. \u00c9s per aquesta ra\u00f3, que el 19 de juliol, abans de res, celebrarem que estem vivxs, que som com som i que des de i en l'\u00e0mbit col\u00b7lectiu \u00e9s com podem sobreviure.\r\n\r\nAmor i lluita companyxs.","desc_es":"Hace dos a\u00f1os naci\u00f3 Escola de Context Transmarikabibollo y el viernes 19 de julio queremos celebrarlo en un acto festivo con m\u00fasica y actuaciones. Durante este tiempo, por Escola han pasado personas que nos han planteado diferentes temas que han servido como motor para cohesionar una comunidad donde debatir temas interseccionales que atraviesan nuestras vidas y existencias, generando un espacio cr\u00edtico de aprendizaje horizontal para otras realidades no normativas. Es por esa raz\u00f3n, que el 19 de julio, ante todo, celebraremos que estamos vivxs, que somos como somos y que desde y en lo colectivo es como podemos sobrevivir.\r\n\r\nAmor y lucha compa\u00f1erxs.","desc_en":"<div class=\"clearfix text-formatted field field--name-body field--type-text-with-summary field--label-hidden field__item\">\r\n\r\nTwo years ago Escola de Context Transmarikabibollo was born and on Friday, July 19, we want to celebrate it in a festive event with music and performances. During this time, the\u00a0people invited by the\u00a0Escola have presented us different topics that have served as a driving force to unite a community where we can debate intersectional issues that cross our lives and existences, generating a critical horizontal learning space for other non-normative realities. It is for that reason that on July 19, above all, we will celebrate that we are alive, that we are as we are and that from and collectively is how we can survive.\r\n\r\nLove and fight comrades.\r\n\r\n<\/div>","event_category":191,"event_show_only_own_date":false,"_event_confirmed":true,"_event_public":true,"_event_free":true,"_event_price-min":"","_event_price-max":"","_event_web_ca":"https:\/\/www.lacapella.barcelona\/ca\/festa-de-cloenda","_event_web_es":"https:\/\/www.lacapella.barcelona\/es\/fiesta-de-clausura","_event_web_en":"https:\/\/www.lacapella.barcelona\/en\/farewell-party","event_contact_email":"lacapella@bcn.cat","event_apply_email":"","is_online_event":false,"is_art_nou_event":false,"is_bgw_event":false,"date_text":"","register_deadline":null,"altres_organitzadors":""},"abe_event_venue":"La Capella","abe_event_category":"Altres","start":"2024-07-19 18:00:00","end":"2024-07-19 22:00:00","schedule":"once","schedule_meta":"","frequency":1,"all_day":0,"until":"2024-07-19 18:00:00","include":[],"exclude":[],"_links":{"self":[{"href":"https:\/\/graf.cat\/es\/wp-json\/wp\/v2\/events\/40366","targetHints":{"allow":["GET"]}}],"collection":[{"href":"https:\/\/graf.cat\/es\/wp-json\/wp\/v2\/events"}],"about":[{"href":"https:\/\/graf.cat\/es\/wp-json\/wp\/v2\/types\/event"}],"author":[{"embeddable":true,"href":"https:\/\/graf.cat\/es\/wp-json\/wp\/v2\/users\/10"}],"occurrences":[{"embeddable":true,"href":"https:\/\/graf.cat\/es\/wp-json\/wp\/v2\/events\/40366\/occurrences"}],"acf:term":[{"embeddable":true,"taxonomy":"event-category","href":"https:\/\/graf.cat\/es\/wp-json\/wp\/v2\/event-category\/191"}],"wp:featuredmedia":[{"embeddable":true,"href":"https:\/\/graf.cat\/es\/wp-json\/wp\/v2\/media\/40374"}],"wp:attachment":[{"href":"https:\/\/graf.cat\/es\/wp-json\/wp\/v2\/media?parent=40366"}],"wp:term":[{"taxonomy":"event-venue","embeddable":true,"href":"https:\/\/graf.cat\/es\/wp-json\/wp\/v2\/event-venues?post=40366"},{"taxonomy":"event-tag","embeddable":true,"href":"https:\/\/graf.cat\/es\/wp-json\/wp\/v2\/event-tags?post=40366"}],"curies":[{"name":"wp","href":"https:\/\/api.w.org\/{rel}","templated":true}]}}

Fa dos anys va néixer Escola de Context Transmarikabibollo i el divendres 19 de juliol volem celebrar-ho en un acte festiu amb música i actuacions. Durant aquest temps, per l'Escola han passat persones que ens han plantejat diferents temes que han servit com a motor per cohesionar una comunitat on debatre temes interseccionals que travessen les nostres vides i les nostres existències, generant un espai crític d'aprenentatge horitzontal per a altres realitats no normatives. És per aquesta raó, que el 19 de juliol, abans de res, celebrarem que estem vivxs, que som com som i que des de i en l'àmbit col·lectiu és com podem sobreviure.

Amor i lluita companyxs.

Hace dos años nació Escola de Context Transmarikabibollo y el viernes 19 de julio queremos celebrarlo en un acto festivo con música y actuaciones. Durante este tiempo, por Escola han pasado personas que nos han planteado diferentes temas que han servido como motor para cohesionar una comunidad donde debatir temas interseccionales que atraviesan nuestras vidas y existencias, generando un espacio crítico de aprendizaje horizontal para otras realidades no normativas. Es por esa razón, que el 19 de julio, ante todo, celebraremos que estamos vivxs, que somos como somos y que desde y en lo colectivo es como podemos sobrevivir.

Amor y lucha compañerxs.
