{"id":40455,"guid":{"rendered":"https:\/\/graf.cat\/?post_type=event&#038;p=40455"},"modified":"2024-07-31T13:06:09","modified_gmt":"2024-07-31T11:06:09","slug":"punt-de-trobada-joves-i-a-carrec-de-victor-balcells-mata-2-2","status":"publish","type":"event","link":"https:\/\/graf.cat\/es\/events\/event\/punt-de-trobada-joves-i-a-carrec-de-victor-balcells-mata-2-2\/","title":{"rendered":"Taller de cuina, a c\u00e0rrec de Mango &amp; Okra"},"content":{"rendered":"","protected":false},"excerpt":{"rendered":"","protected":false},"author":181,"featured_media":40456,"template":"","meta":{"_acf_changed":false,"_monsterinsights_skip_tracking":false,"_monsterinsights_sitenote_active":false,"_monsterinsights_sitenote_note":"","_monsterinsights_sitenote_category":0},"event-venues":[738],"event-tags":[],"class_list":["post-40455","event","type-event","status-publish","has-post-thumbnail","hentry","event-venue-casal-torreblanca","event-category-taller"],"acf":{"title_ca":"Taller de cuina, a c\u00e0rrec de Mango &amp; Okra","title_es":"Taller de cocina, a cargo de Mango &amp; Okra","title_en":"Cooking workshop, by Mango &amp; Okra","desc_ca":"Compartirem la cuina amb Mango &amp; Okra en un taller on activarem la llengua des de la parla i el paladar per pensar idees com el ritual, la pertin\u00e8ncia i els futurs postcolonials. El proc\u00e9s de digesti\u00f3 ens estimular\u00e0 a reflexionar sobre les din\u00e0miques de la transformaci\u00f3 dels estats de la mat\u00e8ria, de la gesti\u00f3 de recursos i dels tr\u00e0nsits diasp\u00f2rics des d'un context local.\r\n\r\nActivitat amb aforament limitat. \u00c9s necess\u00e0ria la\u00a0<strong>inscripci\u00f3 pr\u00e8via<\/strong>\u00a0a trav\u00e9s del correu\u00a0<a href=\"mailto:casaaymat@santcugat.cat\">casaaymat@santcugat.cat<\/a>\u00a0o b\u00e9 del tel\u00e8fon 93 565 70 82.\r\n\r\n<strong>Activitat vinculada<\/strong>\u00a0amb\u00a0<a href=\"https:\/\/centresculturals.santcugat.cat\/14330\/exposicio\/162\/\">l\u2019exposici\u00f3 \u201cM\u00e0quines, ruletes, trucs i trampes\u201d, a cura de Julia Coelho i Renan Araujo<\/a>.","desc_es":"<p class=\"p1\"><span class=\"s1\">Compartiremos la cocina con Mango &amp; Okra en un taller en el que activaremos la lengua desde el habla y el paladar para pensar ideas como el ritual, la pertinencia y los futuros postcoloniales. El proceso de digesti\u00f3n nos estimular\u00e1 a dar vueltas sobre las din\u00e1micas de la transformaci\u00f3n de los estados de la materia, de la gesti\u00f3n de recursos y de los tr\u00e1nsitos diasp\u00f3ricos desde un contexto local.<\/span><\/p>\r\nActividad con aforo limitado. Es necesaria la <strong>inscripci\u00f3n previa<\/strong> a trav\u00e9s del correo <a href=\"mailto:casaaymat@santcugat.cat\">casaaymat@santcugat.cat<\/a> o el tel\u00e9fono 93 565 70 82.\r\n\r\n<strong>Activitad vinculada<\/strong> a la exposici\u00f3n<a href=\"https:\/\/centresculturals.santcugat.cat\/14330\/exposicio\/162\/\">\u00a0\u201cM\u00e0quines, ruletes, trucs i trampes\u201d, a cura de Julia Coelho i Renan Araujo<\/a>.","desc_en":"","event_category":235,"event_show_only_own_date":false,"_event_confirmed":true,"_event_public":true,"_event_free":true,"_event_price-min":"","_event_price-max":"","_event_web_ca":"https:\/\/centresculturals.santcugat.cat\/28637\/acte\/3366\/","_event_web_es":"https:\/\/centresculturals.santcugat.cat\/28637\/acte\/3366\/","_event_web_en":"https:\/\/centresculturals.santcugat.cat\/28637\/acte\/3366\/","event_contact_email":"albavilardebo@gmail.com","event_apply_email":"albavilardebo@gmail.com","is_online_event":false,"is_art_nou_event":false,"is_bgw_event":false,"date_text":"","register_deadline":null,"altres_organitzadors":""},"abe_event_venue":"Casal Torreblanca","abe_event_category":"Taller","start":"2024-11-16 10:00:00","end":"2024-11-16 11:00:00","schedule":"once","schedule_meta":"","frequency":1,"all_day":0,"until":"2024-11-16 10:00:00","include":[],"exclude":[],"_links":{"self":[{"href":"https:\/\/graf.cat\/es\/wp-json\/wp\/v2\/events\/40455","targetHints":{"allow":["GET"]}}],"collection":[{"href":"https:\/\/graf.cat\/es\/wp-json\/wp\/v2\/events"}],"about":[{"href":"https:\/\/graf.cat\/es\/wp-json\/wp\/v2\/types\/event"}],"author":[{"embeddable":true,"href":"https:\/\/graf.cat\/es\/wp-json\/wp\/v2\/users\/181"}],"occurrences":[{"embeddable":true,"href":"https:\/\/graf.cat\/es\/wp-json\/wp\/v2\/events\/40455\/occurrences"}],"acf:term":[{"embeddable":true,"taxonomy":"event-category","href":"https:\/\/graf.cat\/es\/wp-json\/wp\/v2\/event-category\/235"}],"wp:featuredmedia":[{"embeddable":true,"href":"https:\/\/graf.cat\/es\/wp-json\/wp\/v2\/media\/40456"}],"wp:attachment":[{"href":"https:\/\/graf.cat\/es\/wp-json\/wp\/v2\/media?parent=40455"}],"wp:term":[{"taxonomy":"event-venue","embeddable":true,"href":"https:\/\/graf.cat\/es\/wp-json\/wp\/v2\/event-venues?post=40455"},{"taxonomy":"event-tag","embeddable":true,"href":"https:\/\/graf.cat\/es\/wp-json\/wp\/v2\/event-tags?post=40455"}],"curies":[{"name":"wp","href":"https:\/\/api.w.org\/{rel}","templated":true}]}}

Taller de cuina, a càrrec de Mango &amp; Okra

Compartirem la cuina amb Mango &amp; Okra en un taller on activarem la llengua des de la parla i el paladar per pensar idees com el ritual, la pertinència i els futurs postcolonials. El procés de digestió ens estimularà a reflexionar sobre les dinàmiques de la transformació dels estats de la matèria, de la gestió de recursos i dels trànsits diaspòrics des d'un context local.

Activitat amb aforament limitat. És necessària la <strong>inscripció prèvia</strong> a través del correu <a href="mailto:casaaymat@santcugat.cat">casaaymat@santcugat.cat</a> o bé del telèfon 93 565 70 82.

<strong>Activitat vinculada</strong> amb <a href="https://centresculturals.santcugat.cat/14330/exposicio/162/">l’exposició “Màquines, ruletes, trucs i trampes”, a cura de Julia Coelho i Renan Araujo</a>.

<p class="p1"><span class="s1">Compartiremos la cocina con Mango &amp; Okra en un taller en el que activaremos la lengua desde el habla y el paladar para pensar ideas como el ritual, la pertinencia y los futuros postcoloniales. El proceso de digestión nos estimulará a dar vueltas sobre las dinámicas de la transformación de los estados de la materia, de la gestión de recursos y de los tránsitos diaspóricos desde un contexto local.</span></p>
Actividad con aforo limitado. Es necesaria la <strong>inscripción previa</strong> a través del correo <a href="mailto:casaaymat@santcugat.cat">casaaymat@santcugat.cat</a> o el teléfono 93 565 70 82.

<strong>Activitad vinculada</strong> a la exposición<a href="https://centresculturals.santcugat.cat/14330/exposicio/162/"> “Màquines, ruletes, trucs i trampes”, a cura de Julia Coelho i Renan Araujo</a>.
