{"id":40508,"guid":{"rendered":"https:\/\/graf.cat\/?post_type=event&#038;p=40508"},"modified":"2024-08-01T12:48:36","modified_gmt":"2024-08-01T10:48:36","slug":"eclosion-lionel-sabatte-2","status":"publish","type":"event","link":"https:\/\/graf.cat\/es\/events\/event\/eclosion-lionel-sabatte-2\/","title":{"rendered":"Va tornar amb sacs de terra vermella i rebuig. Lionel Sabatt\u00e9"},"content":{"rendered":"","protected":false},"excerpt":{"rendered":"","protected":false},"author":110,"featured_media":40505,"template":"","meta":{"_acf_changed":false,"_monsterinsights_skip_tracking":false,"_monsterinsights_sitenote_active":false,"_monsterinsights_sitenote_note":"","_monsterinsights_sitenote_category":0},"event-venues":[518],"event-tags":[],"class_list":["post-40508","event","type-event","status-publish","has-post-thumbnail","hentry","event-venue-rociosantacruz","event-category-inauguracio"],"acf":{"title_ca":"Va tornar amb sacs de terra vermella i rebuig. Lionel Sabatt\u00e9 ","title_es":"Regres\u00f3 con sacos de tierra roja y desechos. Lionel Sabatt\u00e9 ","title_en":"Va tornar amb sacs de terra vermella i rebuig. Lionel Sabatt\u00e9 ","desc_ca":"Amb motiu del 10\u00e8 aniversari del Barcelona Gallery Weekend, la galeria RocioSantaCruz presentar\u00e0\u00a0la primera exposici\u00f3 individual a Espanya de\u00a0<b>Lionel Sabatt\u00e9<\/b> (Toulouse, Fran\u00e7a, 1975). Escultor, pintor, dibuixant i, m\u00e9s recentment, fot\u00f2graf. <b>Lionel Sabatt\u00e9<\/b> s\u2019ha\u00a0donat a con\u00e8ixer sobretot per l\u2019\u00fas de materials poc habituals en l\u2019art, que extreu del regne \u201cdel\u00a0rebuig\u201d: en particular, pols, pell morta i ungles. L\u2019argila tamb\u00e9 exerceix un paper important en la\u00a0seva obra.\r\n\r\nLa seva exposici\u00f3 a RocioSantaCruz mostrar\u00e0 tot el talent de Lionel Sabatt\u00e9 a trav\u00e9s d\u2019una s\u00e8rie\u00a0d\u2019obres creades expressament per a l\u2019ocasi\u00f3. Les Terres de l\u2019Ebre, en el sud de Catalunya, amb\u00a0els seus paisatges, i les pintures rupestres del Coc\u00f3 de la Gralla, l\u2019ha inspirat per a crear una s\u00e8rie\u00a0d\u2019escultures, pintures, fotografies i dibuixos d\u2019una bellesa que captiva.\u00a0Les petjades del temps, entre la prehist\u00f2ria i el m\u00f3n contemporani, impregnen l\u2019obra de l\u2019artista.","desc_es":"Con motivo del 10\u00ba aniversario del Barcelona Gallery Weekend, la galer\u00eda RocioSantaCruz presentar\u00e1\u00a0la primera exposici\u00f3n individual en Espa\u00f1a de <b>Lionel Sabatt\u00e9<\/b>\u00a0(Toulouse, Francia, 1975). Escultor, pintor, dibujante y, m\u00e1s recientemente, fot\u00f3grafo. Lionel Sabatt\u00e9\u00a0se ha dado a conocer sobre todo por el uso de materiales poco habituales en el arte, que extrae\u00a0del reino de lo desechado: en particular, polvo, piel muerta y u\u00f1as. La arcilla tambi\u00e9n desempe\u00f1a\u00a0un papel importante en su obra.\r\n\r\nSu exposici\u00f3n en RocioSantaCruz mostrar\u00e1 todo el talento de Lionel Sabatt\u00e9 a trav\u00e9s de una serie\u00a0de obras creadas expresamente para la ocasi\u00f3n. Les Terres de l\u2019Ebre, en el sur de Catalu\u00f1a, con\u00a0sus paisajes, y las pinturas rupestres del Coc\u00f3 de la Gralla, le han inspirado para crear una serie de\u00a0esculturas, pinturas, fotograf\u00edas y dibujos de una belleza que hechiza.\u00a0Las huellas del tiempo, entre la prehistoria y el mundo contempor\u00e1neo, impregnan la obra del\r\nartista.","desc_en":"This content is not available in English.\r\nYou can consult it in Catalan or Spanish.","event_category":189,"event_show_only_own_date":true,"_event_confirmed":true,"_event_public":true,"_event_free":true,"_event_price-min":"","_event_price-max":"","_event_web_ca":"https:\/\/barcelonagalleryweekend.com\/expo.php?lang=cat&id=123","_event_web_es":"https:\/\/barcelonagalleryweekend.com\/expo.php?lang=esp&id=123","_event_web_en":"https:\/\/barcelonagalleryweekend.com\/expo.php?lang=eng&id=123","event_contact_email":"","event_apply_email":"","is_online_event":false,"is_art_nou_event":false,"is_bgw_event":false,"date_text":"","register_deadline":null,"altres_organitzadors":""},"abe_event_venue":"RocioSantaCruz","abe_event_category":"Inauguraci\u00f3","start":"2024-09-19 18:00:00","end":"2024-09-19 21:00:00","schedule":"once","schedule_meta":"","frequency":1,"all_day":0,"until":"2024-09-19 18:00:00","include":[],"exclude":[],"_links":{"self":[{"href":"https:\/\/graf.cat\/es\/wp-json\/wp\/v2\/events\/40508","targetHints":{"allow":["GET"]}}],"collection":[{"href":"https:\/\/graf.cat\/es\/wp-json\/wp\/v2\/events"}],"about":[{"href":"https:\/\/graf.cat\/es\/wp-json\/wp\/v2\/types\/event"}],"author":[{"embeddable":true,"href":"https:\/\/graf.cat\/es\/wp-json\/wp\/v2\/users\/110"}],"occurrences":[{"embeddable":true,"href":"https:\/\/graf.cat\/es\/wp-json\/wp\/v2\/events\/40508\/occurrences"}],"acf:term":[{"embeddable":true,"taxonomy":"event-category","href":"https:\/\/graf.cat\/es\/wp-json\/wp\/v2\/event-category\/189"}],"wp:featuredmedia":[{"embeddable":true,"href":"https:\/\/graf.cat\/es\/wp-json\/wp\/v2\/media\/40505"}],"wp:attachment":[{"href":"https:\/\/graf.cat\/es\/wp-json\/wp\/v2\/media?parent=40508"}],"wp:term":[{"taxonomy":"event-venue","embeddable":true,"href":"https:\/\/graf.cat\/es\/wp-json\/wp\/v2\/event-venues?post=40508"},{"taxonomy":"event-tag","embeddable":true,"href":"https:\/\/graf.cat\/es\/wp-json\/wp\/v2\/event-tags?post=40508"}],"curies":[{"name":"wp","href":"https:\/\/api.w.org\/{rel}","templated":true}]}}

Va tornar amb sacs de terra vermella i rebuig. Lionel Sabatté

Regresó con sacos de tierra roja y desechos. Lionel Sabatté

Amb motiu del 10è aniversari del Barcelona Gallery Weekend, la galeria RocioSantaCruz presentarà la primera exposició individual a Espanya de <b>Lionel Sabatté</b> (Toulouse, França, 1975). Escultor, pintor, dibuixant i, més recentment, fotògraf. <b>Lionel Sabatté</b> s’ha donat a conèixer sobretot per l’ús de materials poc habituals en l’art, que extreu del regne “del rebuig”: en particular, pols, pell morta i ungles. L’argila també exerceix un paper important en la seva obra.

La seva exposició a RocioSantaCruz mostrarà tot el talent de Lionel Sabatté a través d’una sèrie d’obres creades expressament per a l’ocasió. Les Terres de l’Ebre, en el sud de Catalunya, amb els seus paisatges, i les pintures rupestres del Cocó de la Gralla, l’ha inspirat per a crear una sèrie d’escultures, pintures, fotografies i dibuixos d’una bellesa que captiva. Les petjades del temps, entre la prehistòria i el món contemporani, impregnen l’obra de l’artista.

Con motivo del 10º aniversario del Barcelona Gallery Weekend, la galería RocioSantaCruz presentará la primera exposición individual en España de <b>Lionel Sabatté</b> (Toulouse, Francia, 1975). Escultor, pintor, dibujante y, más recientemente, fotógrafo. Lionel Sabatté se ha dado a conocer sobre todo por el uso de materiales poco habituales en el arte, que extrae del reino de lo desechado: en particular, polvo, piel muerta y uñas. La arcilla también desempeña un papel importante en su obra.

Su exposición en RocioSantaCruz mostrará todo el talento de Lionel Sabatté a través de una serie de obras creadas expresamente para la ocasión. Les Terres de l’Ebre, en el sur de Cataluña, con sus paisajes, y las pinturas rupestres del Cocó de la Gralla, le han inspirado para crear una serie de esculturas, pinturas, fotografías y dibujos de una belleza que hechiza. Las huellas del tiempo, entre la prehistoria y el mundo contemporáneo, impregnan la obra del
artista.

Inauguració
