{"id":40765,"guid":{"rendered":"https:\/\/graf.cat\/?post_type=event&#038;p=40765"},"modified":"2024-08-26T09:06:59","modified_gmt":"2024-08-26T07:06:59","slug":"dijous-de-ve-i-paraula-inesperat-com-un-tall-el-temps-en-ordre-amb-teresa-pascual-i-greta-sibling-recital-poetic","status":"publish","type":"event","link":"https:\/\/graf.cat\/es\/events\/event\/dijous-de-ve-i-paraula-inesperat-com-un-tall-el-temps-en-ordre-amb-teresa-pascual-i-greta-sibling-recital-poetic\/","title":{"rendered":"Dijous de ve i paraula \/ Inesperat com un tall, el temps en ordre, amb Teresa Pascual i Greta Sibling \/ recital po\u00e8tic"},"content":{"rendered":"","protected":false},"excerpt":{"rendered":"","protected":false},"author":19,"featured_media":40766,"template":"","meta":{"_acf_changed":false,"_monsterinsights_skip_tracking":false,"_monsterinsights_sitenote_active":false,"_monsterinsights_sitenote_note":"","_monsterinsights_sitenote_category":0},"event-venues":[560],"event-tags":[],"class_list":["post-40765","event","type-event","status-publish","has-post-thumbnail","hentry","event-venue-santa-monica","event-category-arts-in-viu"],"acf":{"title_ca":"Dijous de ve i paraula \/ Inesperat com un tall, el temps en ordre, amb Teresa Pascual i Greta Sibling \/ recital po\u00e8tic","title_es":"Jueves de voz y palabra \/ Inesperat com un tall, el temps en ordre, con Teresa Pascual y Greta Sibling \/ recital po\u00e9tico","title_en":"Thursday of voice and word \/ Inesperat com un tall, el temps en ordre, with Teresa Pascual and Greta Sibling \/ poetry recital","desc_ca":"Dues veus que dialoguen a trav\u00e9s del temps, els esvorancs, udols i l\u2019imprescindible. Dues generacions amb maneres de dir molt singulars. Pascual, amb una traject\u00f2ria de prestigi i grans reconeixements; Sibling, com una de les noves veus joves m\u00e9s interessants.","desc_es":"Dos voces que dialogan a trav\u00e9s del tiempo, los huecos, aullidos y lo imprescindible. Dos generaciones con maneras de decir muy singulares. Pascual, con una trayectoria de prestigio y grandes reconocimientos; Sibling, como una de las nuevas voces j\u00f3venes m\u00e1s interesantes.","desc_en":"Two voices in dialogue through time, gaps, howls and the essential. Two generations with very unique ways of speaking. Pascual, with a prestigious career and great recognition; Sibling, as one of the most interesting new young voices.","event_category":440,"event_show_only_own_date":false,"_event_confirmed":true,"_event_public":true,"_event_free":true,"_event_price-min":"","_event_price-max":"","_event_web_ca":"https:\/\/artssantamonica.gencat.cat\/ca\/detall\/Dijous-de-veu-i-paraula-00029","_event_web_es":"https:\/\/artssantamonica.gencat.cat\/es\/detall\/Dijous-de-veu-i-paraula-00029","_event_web_en":"https:\/\/artssantamonica.gencat.cat\/en\/detall\/Dijous-de-veu-i-paraula-00029","event_contact_email":"santamonica@gencat.cat","event_apply_email":"","is_online_event":false,"is_art_nou_event":false,"is_bgw_event":false,"date_text":"","register_deadline":null,"altres_organitzadors":""},"abe_event_venue":"Santa M\u00f2nica","abe_event_category":"Arts en Viu","start":"2024-10-10 19:00:00","end":"2024-10-10 20:00:00","schedule":"once","schedule_meta":"","frequency":1,"all_day":0,"until":"2024-10-10 19:00:00","include":[],"exclude":[],"_links":{"self":[{"href":"https:\/\/graf.cat\/es\/wp-json\/wp\/v2\/events\/40765","targetHints":{"allow":["GET"]}}],"collection":[{"href":"https:\/\/graf.cat\/es\/wp-json\/wp\/v2\/events"}],"about":[{"href":"https:\/\/graf.cat\/es\/wp-json\/wp\/v2\/types\/event"}],"author":[{"embeddable":true,"href":"https:\/\/graf.cat\/es\/wp-json\/wp\/v2\/users\/19"}],"occurrences":[{"embeddable":true,"href":"https:\/\/graf.cat\/es\/wp-json\/wp\/v2\/events\/40765\/occurrences"}],"acf:term":[{"embeddable":true,"taxonomy":"event-category","href":"https:\/\/graf.cat\/es\/wp-json\/wp\/v2\/event-category\/440"}],"wp:featuredmedia":[{"embeddable":true,"href":"https:\/\/graf.cat\/es\/wp-json\/wp\/v2\/media\/40766"}],"wp:attachment":[{"href":"https:\/\/graf.cat\/es\/wp-json\/wp\/v2\/media?parent=40765"}],"wp:term":[{"taxonomy":"event-venue","embeddable":true,"href":"https:\/\/graf.cat\/es\/wp-json\/wp\/v2\/event-venues?post=40765"},{"taxonomy":"event-tag","embeddable":true,"href":"https:\/\/graf.cat\/es\/wp-json\/wp\/v2\/event-tags?post=40765"}],"curies":[{"name":"wp","href":"https:\/\/api.w.org\/{rel}","templated":true}]}}

Dijous de ve i paraula / Inesperat com un tall, el temps en ordre, amb Teresa Pascual i Greta Sibling / recital poètic

Jueves de voz y palabra / Inesperat com un tall, el temps en ordre, con Teresa Pascual y Greta Sibling / recital poético

Dues veus que dialoguen a través del temps, els esvorancs, udols i l’imprescindible. Dues generacions amb maneres de dir molt singulars. Pascual, amb una trajectòria de prestigi i grans reconeixements; Sibling, com una de les noves veus joves més interessants.

Dos voces que dialogan a través del tiempo, los huecos, aullidos y lo imprescindible. Dos generaciones con maneras de decir muy singulares. Pascual, con una trayectoria de prestigio y grandes reconocimientos; Sibling, como una de las nuevas voces jóvenes más interesantes.

Santa Mònica
