{"id":40806,"guid":{"rendered":"https:\/\/graf.cat\/?post_type=event&#038;p=40806"},"modified":"2024-08-26T13:03:04","modified_gmt":"2024-08-26T11:03:04","slug":"rasmus-nilausen-2","status":"publish","type":"event","link":"https:\/\/graf.cat\/es\/events\/event\/rasmus-nilausen-2\/","title":{"rendered":"Id\u00e9e Fixe. Rasmus Nilausen"},"content":{"rendered":"","protected":false},"excerpt":{"rendered":"","protected":false},"author":21,"featured_media":39737,"template":"","meta":{"_acf_changed":false,"_monsterinsights_skip_tracking":false,"_monsterinsights_sitenote_active":false,"_monsterinsights_sitenote_note":"","_monsterinsights_sitenote_category":0},"event-venues":[102],"event-tags":[],"class_list":["post-40806","event","type-event","status-publish","has-post-thumbnail","hentry","event-venue-ethall-2","event-category-inauguracio"],"acf":{"title_ca":"Id\u00e9e Fixe. Rasmus Nilausen","title_es":"Id\u00e9e Fixe. Rasmus Nilausen","title_en":"Id\u00e9e Fixe. Rasmus Nilausen","desc_ca":"Amb motiu del 10\u00e8 aniversari del Barcelona Gallery Weekend,\u00a0<b>ethall\u00a0<\/b>presenta una instal\u00b7laci\u00f3 site-specific de l\u2019artista dan\u00e8s\u00a0<b>Rasmus Nilausen<\/b>\u00a0(Copenhagen, Dinamarca, 1980; viu a Barcelona).\r\n\r\nL\u2019exposici\u00f3, titulada\u00a0<b>\u00abId\u00e9e Fixe\u00bb<\/b>, fa refer\u00e8ncia a una tend\u00e8ncia recurrent en l\u2019obra de l\u2019artista.\u00a0<b>Nilausen<\/b>\u00a0sembla construir la seva pr\u00e0ctica pict\u00f2rica sobre un fonament d\u2019idees fermes i concretes que, no obstant aix\u00f2, apareixen barrejades amb fr\u00e8vols sentiments de dubtes interminables.\r\n\r\nLa galeria acollir\u00e0 un arxiu pict\u00f2ric d\u2019obres recents compost per pintures i un altre tipus d\u2019elements fixos. Es convida el visitant a inspeccionar, de prop i al\u00b7leg\u00f2ricament, com la nostra percepci\u00f3 de l\u2019altre potser esdev\u00e9 en la incomprensi\u00f3 de nosaltres mateixos.","desc_es":"Con motivo del 10\u00ba aniversario del Barcelona Gallery Weekend,\u00a0<b>ethall<\/b>\u00a0presenta una instalaci\u00f3n site-specific\u00a0del artista dan\u00e9s<b>\u00a0Rasmus Nilausen\u00a0<\/b>(Copenhagen, Dinamarca, 1980; vive en Barcelona).\r\n\r\nLa exposici\u00f3n, titulada\u00a0<b>\u00abId\u00e9e Fixe\u00bb<\/b>, hace referencia a una tendencia recurrente en la obra del artista.\u00a0<b>Nilausen<\/b>\u00a0parece construir su pr\u00e1ctica pict\u00f3rica sobre un fundamento de ideas firmes y concretas que sin embargo\u00a0aparecen mezcladas con endebles sentimientos de dudas interminables.\r\n\r\nLa galer\u00eda acoger\u00e1 un archivo pict\u00f3rico de obras recientes compuesto por pinturas y otro tipo de elementos\u00a0fijos. Se invita al visitante a inspeccionar, de cerca y aleg\u00f3ricamente, c\u00f3mo nuestra percepci\u00f3n del otro\u00a0quiz\u00e1 deviene en la incomprensi\u00f3n de nosotros mismos.","desc_en":"On the occasion of the 10th anniversary of the Barcelona Gallery Weekend,\u00a0<b>ethall<\/b>\u00a0presents a site-specific\u00a0installation by Danish artist\u00a0<b>Rasmus Nilausen<\/b>\u00a0(Copenhagen, Denmark,1980; lives in Barcelona).\r\n\r\nThe exhibition, entitled\u00a0<b>\u2018Id\u00e9e Fixe\u2019<\/b>, refers to a recurring tendency in the artist\u2019s work.\u00a0<b>Nilausen<\/b>\u00a0seems to build\u00a0his pictorial practice on a foundation of firm, concrete ideas that nevertheless seem to be mixed with a\u00a0tenuous sense of never ending doubt.\r\n\r\nThe gallery will host a pictorial archive of recent works, arranged with paintings and other sorts of faux\u00a0fixtures. The viewer is invited to have a closer, allegorical, look at how our perception of others might lead to\u00a0interesting misunderstandings about ourselves.","event_category":189,"event_show_only_own_date":false,"_event_confirmed":true,"_event_public":true,"_event_free":true,"_event_price-min":"","_event_price-max":"","_event_web_ca":"https:\/\/barcelonagalleryweekend.com\/expo.php?lang=cat&id=109","_event_web_es":"https:\/\/barcelonagalleryweekend.com\/expo.php?lang=esp&id=109","_event_web_en":"https:\/\/barcelonagalleryweekend.com\/expo.php?lang=eng&id=109","event_contact_email":"","event_apply_email":"","is_online_event":false,"is_art_nou_event":false,"is_bgw_event":false,"date_text":"","register_deadline":null,"altres_organitzadors":""},"abe_event_venue":"ethall","abe_event_category":"Inauguraci\u00f3","start":"2024-09-19 18:00:00","end":"2024-09-19 21:00:00","schedule":"once","schedule_meta":"","frequency":1,"all_day":0,"until":"2024-09-19 18:00:00","include":[],"exclude":[],"_links":{"self":[{"href":"https:\/\/graf.cat\/es\/wp-json\/wp\/v2\/events\/40806","targetHints":{"allow":["GET"]}}],"collection":[{"href":"https:\/\/graf.cat\/es\/wp-json\/wp\/v2\/events"}],"about":[{"href":"https:\/\/graf.cat\/es\/wp-json\/wp\/v2\/types\/event"}],"author":[{"embeddable":true,"href":"https:\/\/graf.cat\/es\/wp-json\/wp\/v2\/users\/21"}],"occurrences":[{"embeddable":true,"href":"https:\/\/graf.cat\/es\/wp-json\/wp\/v2\/events\/40806\/occurrences"}],"acf:term":[{"embeddable":true,"taxonomy":"event-category","href":"https:\/\/graf.cat\/es\/wp-json\/wp\/v2\/event-category\/189"}],"wp:featuredmedia":[{"embeddable":true,"href":"https:\/\/graf.cat\/es\/wp-json\/wp\/v2\/media\/39737"}],"wp:attachment":[{"href":"https:\/\/graf.cat\/es\/wp-json\/wp\/v2\/media?parent=40806"}],"wp:term":[{"taxonomy":"event-venue","embeddable":true,"href":"https:\/\/graf.cat\/es\/wp-json\/wp\/v2\/event-venues?post=40806"},{"taxonomy":"event-tag","embeddable":true,"href":"https:\/\/graf.cat\/es\/wp-json\/wp\/v2\/event-tags?post=40806"}],"curies":[{"name":"wp","href":"https:\/\/api.w.org\/{rel}","templated":true}]}}

Idée Fixe. Rasmus Nilausen

Amb motiu del 10è aniversari del Barcelona Gallery Weekend, <b>ethall </b>presenta una instal·lació site-specific de l’artista danès <b>Rasmus Nilausen</b> (Copenhagen, Dinamarca, 1980; viu a Barcelona).

L’exposició, titulada <b>«Idée Fixe»</b>, fa referència a una tendència recurrent en l’obra de l’artista. <b>Nilausen</b> sembla construir la seva pràctica pictòrica sobre un fonament d’idees fermes i concretes que, no obstant això, apareixen barrejades amb frèvols sentiments de dubtes interminables.

La galeria acollirà un arxiu pictòric d’obres recents compost per pintures i un altre tipus d’elements fixos. Es convida el visitant a inspeccionar, de prop i al·legòricament, com la nostra percepció de l’altre potser esdevé en la incomprensió de nosaltres mateixos.

Con motivo del 10º aniversario del Barcelona Gallery Weekend, <b>ethall</b> presenta una instalación site-specific del artista danés<b> Rasmus Nilausen </b>(Copenhagen, Dinamarca, 1980; vive en Barcelona).

La exposición, titulada <b>«Idée Fixe»</b>, hace referencia a una tendencia recurrente en la obra del artista. <b>Nilausen</b> parece construir su práctica pictórica sobre un fundamento de ideas firmes y concretas que sin embargo aparecen mezcladas con endebles sentimientos de dudas interminables.

La galería acogerá un archivo pictórico de obras recientes compuesto por pinturas y otro tipo de elementos fijos. Se invita al visitante a inspeccionar, de cerca y alegóricamente, cómo nuestra percepción del otro quizá deviene en la incomprensión de nosotros mismos.

On the occasion of the 10th anniversary of the Barcelona Gallery Weekend, <b>ethall</b> presents a site-specific installation by Danish artist <b>Rasmus Nilausen</b> (Copenhagen, Denmark,1980; lives in Barcelona).

The exhibition, entitled <b>‘Idée Fixe’</b>, refers to a recurring tendency in the artist’s work. <b>Nilausen</b> seems to build his pictorial practice on a foundation of firm, concrete ideas that nevertheless seem to be mixed with a tenuous sense of never ending doubt.

The gallery will host a pictorial archive of recent works, arranged with paintings and other sorts of faux fixtures. The viewer is invited to have a closer, allegorical, look at how our perception of others might lead to interesting misunderstandings about ourselves.

Inauguració
