{"id":41155,"guid":{"rendered":"https:\/\/graf.cat\/?post_type=event&#038;p=41155"},"modified":"2024-09-09T09:33:38","modified_gmt":"2024-09-09T07:33:38","slug":"laboratori-cartells-pel-canvi-socialfestbcn","status":"publish","type":"event","link":"https:\/\/graf.cat\/es\/events\/event\/laboratori-cartells-pel-canvi-socialfestbcn\/","title":{"rendered":"Laboratori Cartells pel canvi \/ SocialFestBcn"},"content":{"rendered":"","protected":false},"excerpt":{"rendered":"","protected":false},"author":19,"featured_media":41156,"template":"","meta":{"_acf_changed":false,"_monsterinsights_skip_tracking":false,"_monsterinsights_sitenote_active":false,"_monsterinsights_sitenote_note":"","_monsterinsights_sitenote_category":0},"event-venues":[560],"event-tags":[],"class_list":["post-41155","event","type-event","status-publish","has-post-thumbnail","hentry","event-venue-santa-monica","event-category-lab"],"acf":{"title_ca":"Laboratori Cartells pel canvi \/ SocialFestBcn","title_es":"Laboratorio Carteles por el cambio \/ SocialFestBcn","title_en":"Posters for Change Laboratory \/ SocialFestBcn","desc_ca":"Salut i medi ambient van agafats de la m\u00e0. A mesura que anem contaminant i esgotant els recursos naturals la nostra salut es veu afectada.\r\n\r\nEn aquest taller, volem reflexionar sobre quins canvis volem en la nostra societat i mostrar el poder per poder fer canvis. Per poder fer aquestes comunicacions volem fer-ho de manera responsable i sostenible. Massa vegades es dissocia sostenibilitat amb creativitat. Ens han acostumat que tenir en compte l'impacte ambiental t\u00e9 un cost visual. I moltes vegades aix\u00f2 \u00e9s fruit de la desconeixen\u00e7a de nous materials, de processos, i de no arriscar.\r\n\r\nPlantegem un taller creatiu per jugar i embrutar-se les mans amb recursos m\u00e9s respectuosos amb el medi ambient.\r\n\r\nEns acompanyeu?","desc_es":"Salud y medio ambiente van cogidos de la mano. A medida que vamos contaminando y agotando los recursos naturales, nuestra salud se ve afectada.\r\n\r\nEn este taller, queremos reflexionar sobre qu\u00e9 cambios queremos en nuestra sociedad y mostrar el poder para poder realizar cambios. Para poder realizar estas comunicaciones queremos hacerlo de forma responsable y sostenible. Demasiadas veces se disocia sostenibilidad con creatividad. Nos han acostumbrado a que tener en cuenta el impacto ambiental tiene un coste visual. Y muchas veces esto es fruto del desconocimiento de nuevos materiales, de procesos y de no arriesgar.\r\n\r\nPlanteamos un taller creativo para jugar y ensuciarse las manos con recursos m\u00e1s respetuosos con el medio ambiente.\r\n\r\n\u00bfNos acompa\u00f1\u00e1is?","desc_en":"Health and environment go hand in hand. As we pollute and deplete natural resources, our health is affected.\r\n\r\nIn this workshop, we want to reflect on what changes we want in our society and show the power to make changes. In order to be able to make these communications we want to do it in a responsible and sustainable way. Too often sustainability is dissociated with creativity. We have become accustomed to the fact that taking environmental impact into account has a visual cost. And often this is the result of ignorance of new materials, processes and not taking risks.\r\n\r\nWe propose a creative workshop to play and get your hands dirty with more environmentally friendly resources.\r\n\r\nWill you join us?","event_category":495,"event_show_only_own_date":false,"_event_confirmed":true,"_event_public":true,"_event_free":true,"_event_price-min":"","_event_price-max":"","_event_web_ca":"https:\/\/artssantamonica.gencat.cat\/ca\/detall\/Laboratori-Cartells-pel-canvi","_event_web_es":"https:\/\/artssantamonica.gencat.cat\/es\/detall\/Laboratori-Cartells-pel-canvi","_event_web_en":"https:\/\/artssantamonica.gencat.cat\/en\/detall\/Laboratori-Cartells-pel-canvi","event_contact_email":"santamonica@gencat.cat","event_apply_email":"https:\/\/www.socialfilmfest.com\/","is_online_event":false,"is_art_nou_event":false,"is_bgw_event":false,"date_text":"","register_deadline":null,"altres_organitzadors":""},"abe_event_venue":"Santa M\u00f2nica","abe_event_category":"Laboratori","start":"2024-10-22 17:00:00","end":"2024-10-22 20:00:00","schedule":"once","schedule_meta":"","frequency":1,"all_day":0,"until":"2024-10-22 17:00:00","include":[],"exclude":[],"_links":{"self":[{"href":"https:\/\/graf.cat\/es\/wp-json\/wp\/v2\/events\/41155","targetHints":{"allow":["GET"]}}],"collection":[{"href":"https:\/\/graf.cat\/es\/wp-json\/wp\/v2\/events"}],"about":[{"href":"https:\/\/graf.cat\/es\/wp-json\/wp\/v2\/types\/event"}],"author":[{"embeddable":true,"href":"https:\/\/graf.cat\/es\/wp-json\/wp\/v2\/users\/19"}],"occurrences":[{"embeddable":true,"href":"https:\/\/graf.cat\/es\/wp-json\/wp\/v2\/events\/41155\/occurrences"}],"acf:term":[{"embeddable":true,"taxonomy":"event-category","href":"https:\/\/graf.cat\/es\/wp-json\/wp\/v2\/event-category\/495"}],"wp:featuredmedia":[{"embeddable":true,"href":"https:\/\/graf.cat\/es\/wp-json\/wp\/v2\/media\/41156"}],"wp:attachment":[{"href":"https:\/\/graf.cat\/es\/wp-json\/wp\/v2\/media?parent=41155"}],"wp:term":[{"taxonomy":"event-venue","embeddable":true,"href":"https:\/\/graf.cat\/es\/wp-json\/wp\/v2\/event-venues?post=41155"},{"taxonomy":"event-tag","embeddable":true,"href":"https:\/\/graf.cat\/es\/wp-json\/wp\/v2\/event-tags?post=41155"}],"curies":[{"name":"wp","href":"https:\/\/api.w.org\/{rel}","templated":true}]}}

Salut i medi ambient van agafats de la mà. A mesura que anem contaminant i esgotant els recursos naturals la nostra salut es veu afectada.

En aquest taller, volem reflexionar sobre quins canvis volem en la nostra societat i mostrar el poder per poder fer canvis. Per poder fer aquestes comunicacions volem fer-ho de manera responsable i sostenible. Massa vegades es dissocia sostenibilitat amb creativitat. Ens han acostumat que tenir en compte l'impacte ambiental té un cost visual. I moltes vegades això és fruit de la desconeixença de nous materials, de processos, i de no arriscar.

Plantegem un taller creatiu per jugar i embrutar-se les mans amb recursos més respectuosos amb el medi ambient.

Ens acompanyeu?

Salud y medio ambiente van cogidos de la mano. A medida que vamos contaminando y agotando los recursos naturales, nuestra salud se ve afectada.

En este taller, queremos reflexionar sobre qué cambios queremos en nuestra sociedad y mostrar el poder para poder realizar cambios. Para poder realizar estas comunicaciones queremos hacerlo de forma responsable y sostenible. Demasiadas veces se disocia sostenibilidad con creatividad. Nos han acostumbrado a que tener en cuenta el impacto ambiental tiene un coste visual. Y muchas veces esto es fruto del desconocimiento de nuevos materiales, de procesos y de no arriesgar.

Planteamos un taller creativo para jugar y ensuciarse las manos con recursos más respetuosos con el medio ambiente.

¿Nos acompañáis?

Santa Mònica
