{"id":41541,"guid":{"rendered":"https:\/\/graf.cat\/?post_type=event&#038;p=41541"},"modified":"2025-01-10T17:57:04","modified_gmt":"2025-01-10T15:57:04","slug":"carlos-albert","status":"publish","type":"event","link":"https:\/\/graf.cat\/es\/events\/event\/carlos-albert\/","title":{"rendered":"El origen de los sue\u00f1os. Carlos Albert"},"content":{"rendered":"","protected":false},"excerpt":{"rendered":"","protected":false},"author":126,"featured_media":43998,"template":"","meta":{"_acf_changed":false,"_monsterinsights_skip_tracking":false,"_monsterinsights_sitenote_active":false,"_monsterinsights_sitenote_note":"","_monsterinsights_sitenote_category":0},"event-venues":[589],"event-tags":[],"class_list":["post-41541","event","type-event","status-publish","has-post-thumbnail","hentry","event-venue-3-punts-galeria","event-category-exposicio"],"acf":{"title_ca":"El origen de los sue\u00f1os. Carlos Albert","title_es":"El origen de los sue\u00f1os. Carlos Albert","title_en":"El origen de los sue\u00f1os. Carlos Albert","desc_ca":"Nascut a Madrid en 1978. Es va iniciar en el treball de la forja en 1999 al costat de\u00a0Mart\u00edn\u00a0Chirino, de qui no sols va aprendre la t\u00e8cnica i la concepci\u00f3 escult\u00f2rica, sin\u00f3 que tamb\u00e9 el va ajudar a descobrir nous camins en la seva creaci\u00f3 pl\u00e0stica. En aquest mateix any crea juntament amb altres artistes el \"Grup 99\", en el manifest del qual s'exalten \u00abels valors tradicionals de l'art\u00bb en el qual \u00e9s un moment conf\u00fas per al sector.\r\n\r\nContinua la seva formaci\u00f3 en la Facultat de\u00a0Belles\u00a0Arts de la Universitat Complutense amb una llicenciatura i un Diploma en Estudis Avan\u00e7ats i, gr\u00e0cies a una beca de la universitat madrilenya, en el Camberwell College of Arts del London\u00a0Insitute\u00a0(1999-2000). Al llarg de la seva carrera el seu treball tamb\u00e9 li ha aportat beques en el Ministeri de Cultura de Luxemburg (2001), la Fundaci\u00f3 Elsa\u00a0Peretti\u00a0de Girona (2002) i el\u00a0Hong\u00a0Hac\u00a0Dai\u00a0Lai\u00a0JSC\u00a0del Flamingo Group de Vietnam (2017).\r\n\r\nLa producci\u00f3 d'Albert gira entorn del treball amb el ferro i l'acer tallin, modelant-los de tal manera que aconsegueix que les seves peces gaireb\u00e9 cobrin vida, en una cerca cont\u00ednua del moviment, exploracions de l'espai i la geometria, i reflexions entre l'objecte i el buit. Encara que la seva pr\u00e0ctica est\u00e0 fermament arrelada dins de l'Abstracci\u00f3, ell es considera un artista molt tradicional que es guia per c\u00e0nons cl\u00e0ssics i dona molta import\u00e0ncia al dibuix i la composici\u00f3. En la seva etapa m\u00e9s recent destaca la incorporaci\u00f3 del color com a eina addicional que refor\u00e7a el contrast entre els volums i es posiciona com una senya d'identitat del seu treball.","desc_es":"Nacido en Madrid en 1978. Se inici\u00f3 en el trabajo de la forja en 1999 junto a Mart\u00edn Chirino, de quien no solo aprendi\u00f3 la t\u00e9cnica y la concepci\u00f3n escult\u00f3rica, sino que tambi\u00e9n le ayud\u00f3 a descubrir nuevos caminos en su creaci\u00f3n pl\u00e1stica. En ese mismo a\u00f1o crea junto con otros artistas el \u201cGrupo 99\u201d, en cuyo manifiesto se exaltan \u00ablos valores tradicionales del arte\u00bb en el que es un momento confuso para el sector.\r\n\r\nContin\u00faa su formaci\u00f3n en la Facultad deBellas Artes de la Universidad Complutense con una licenciatura y un Diploma en Estudios Avanzados y, gracias a una beca de la universidad madrile\u00f1a, en el Camberwell College of Arts del London Insitute (1999-2000). A lo largo de su carrera su trabajo tambi\u00e9n le ha aportado becas en el Ministerio de Cultura de Luxemburgo (2001), la Fundaci\u00f3n Elsa Peretti de Girona (2002) y el Hong Hac Dai Lai JSC del Flamingo Group de Vietnam (2017).\r\n\r\nLa producci\u00f3n de Albert gira en torno al trabajo con el hierro y el acero corten, model\u00e1ndolos de tal manera que consigue que sus piezas casi cobren vida, en una b\u00fasqueda continua del movimiento, exploraciones del espacio y la geometr\u00eda, y reflexiones entre el objeto y el vac\u00edo. Aunque su pr\u00e1ctica est\u00e1 firmemente arraigada dentro de la Abstracci\u00f3n, \u00e9l se considera un artista muy tradicional que se gu\u00eda por c\u00e1nones cl\u00e1sicos y da mucha importancia al dibujo y la composici\u00f3n. En su etapa m\u00e1s reciente destaca la incorporaci\u00f3n del color como herramienta adicional que refuerza el contraste entre los vol\u00famenes y se posiciona como una se\u00f1a de identidad de su trabajo.","desc_en":"Born in Madrid in 1978. He began working with the wrought iron in 1999 together with Mart\u00edn Chirino, from whom he not only learned the technique and sculptural conception, but also helped him discover new paths in his plastic creation. In that same year he created together with other artists the \"Group 99\", in whose manifesto exalt \"the traditional values of art\" in which it is a confusing moment for the sector.\r\n\r\nHe continued his training at the Faculty of Fine Arts of the Complutense University with a degree and a Diploma in Advanced Studies and, thanks to a scholarship from the Madrid university, at the Camberwell College of Arts of the London Insitute (1999-2000). Throughout his career his work has also contributed scholarships to the Ministry of Culture of Luxembourg (2001), the Elsa Peretti Foundation of Girona (2002) and the Hong Hac Dai Lai JSC of the Flamingo Group of Vietnam (2017).\r\n\r\nAlbert\u2019s production revolves around the work with iron and steel cutting, modeling them in such a way that his pieces almost come to life, in a continuous search for movement, explorations of space and geometry, and reflections between the object and the void. Although his practice is firmly rooted within abstraction, he is considered a very traditional artist who is guided by classical canons and gives great importance to drawing and composition. In his most recent stage, the incorporation of colour as an additional tool that reinforces the contrast between the volumes and is positioned as a hallmark of his work.","event_category":103,"event_show_only_own_date":true,"_event_confirmed":true,"_event_public":true,"_event_free":true,"_event_price-min":"","_event_price-max":"","_event_web_ca":"https:\/\/www.3punts.com\/ca","_event_web_es":"https:\/\/www.3punts.com\/es","_event_web_en":"https:\/\/www.3punts.com\/en","event_contact_email":"","event_apply_email":"","is_online_event":false,"is_art_nou_event":false,"is_bgw_event":false,"date_text":"","register_deadline":null,"altres_organitzadors":""},"abe_event_venue":"3 Punts Galeria","abe_event_category":"Exposici\u00f3","start":"2024-12-11 00:00:00","end":"2025-01-18 23:59:00","schedule":"once","schedule_meta":"","frequency":1,"all_day":1,"until":"2024-12-11 00:00:00","include":[],"exclude":[],"_links":{"self":[{"href":"https:\/\/graf.cat\/es\/wp-json\/wp\/v2\/events\/41541","targetHints":{"allow":["GET"]}}],"collection":[{"href":"https:\/\/graf.cat\/es\/wp-json\/wp\/v2\/events"}],"about":[{"href":"https:\/\/graf.cat\/es\/wp-json\/wp\/v2\/types\/event"}],"author":[{"embeddable":true,"href":"https:\/\/graf.cat\/es\/wp-json\/wp\/v2\/users\/126"}],"occurrences":[{"embeddable":true,"href":"https:\/\/graf.cat\/es\/wp-json\/wp\/v2\/events\/41541\/occurrences"}],"acf:term":[{"embeddable":true,"taxonomy":"event-category","href":"https:\/\/graf.cat\/es\/wp-json\/wp\/v2\/event-category\/103"}],"wp:featuredmedia":[{"embeddable":true,"href":"https:\/\/graf.cat\/es\/wp-json\/wp\/v2\/media\/43998"}],"wp:attachment":[{"href":"https:\/\/graf.cat\/es\/wp-json\/wp\/v2\/media?parent=41541"}],"wp:term":[{"taxonomy":"event-venue","embeddable":true,"href":"https:\/\/graf.cat\/es\/wp-json\/wp\/v2\/event-venues?post=41541"},{"taxonomy":"event-tag","embeddable":true,"href":"https:\/\/graf.cat\/es\/wp-json\/wp\/v2\/event-tags?post=41541"}],"curies":[{"name":"wp","href":"https:\/\/api.w.org\/{rel}","templated":true}]}}

El origen de los sueños. Carlos Albert

Nascut a Madrid en 1978. Es va iniciar en el treball de la forja en 1999 al costat de Martín Chirino, de qui no sols va aprendre la tècnica i la concepció escultòrica, sinó que també el va ajudar a descobrir nous camins en la seva creació plàstica. En aquest mateix any crea juntament amb altres artistes el "Grup 99", en el manifest del qual s'exalten «els valors tradicionals de l'art» en el qual és un moment confús per al sector.

Continua la seva formació en la Facultat de Belles Arts de la Universitat Complutense amb una llicenciatura i un Diploma en Estudis Avançats i, gràcies a una beca de la universitat madrilenya, en el Camberwell College of Arts del London Insitute (1999-2000). Al llarg de la seva carrera el seu treball també li ha aportat beques en el Ministeri de Cultura de Luxemburg (2001), la Fundació Elsa Peretti de Girona (2002) i el Hong Hac Dai Lai JSC del Flamingo Group de Vietnam (2017).

La producció d'Albert gira entorn del treball amb el ferro i l'acer tallin, modelant-los de tal manera que aconsegueix que les seves peces gairebé cobrin vida, en una cerca contínua del moviment, exploracions de l'espai i la geometria, i reflexions entre l'objecte i el buit. Encara que la seva pràctica està fermament arrelada dins de l'Abstracció, ell es considera un artista molt tradicional que es guia per cànons clàssics i dona molta importància al dibuix i la composició. En la seva etapa més recent destaca la incorporació del color com a eina addicional que reforça el contrast entre els volums i es posiciona com una senya d'identitat del seu treball.

Nacido en Madrid en 1978. Se inició en el trabajo de la forja en 1999 junto a Martín Chirino, de quien no solo aprendió la técnica y la concepción escultórica, sino que también le ayudó a descubrir nuevos caminos en su creación plástica. En ese mismo año crea junto con otros artistas el “Grupo 99”, en cuyo manifiesto se exaltan «los valores tradicionales del arte» en el que es un momento confuso para el sector.

Continúa su formación en la Facultad deBellas Artes de la Universidad Complutense con una licenciatura y un Diploma en Estudios Avanzados y, gracias a una beca de la universidad madrileña, en el Camberwell College of Arts del London Insitute (1999-2000). A lo largo de su carrera su trabajo también le ha aportado becas en el Ministerio de Cultura de Luxemburgo (2001), la Fundación Elsa Peretti de Girona (2002) y el Hong Hac Dai Lai JSC del Flamingo Group de Vietnam (2017).

La producción de Albert gira en torno al trabajo con el hierro y el acero corten, modelándolos de tal manera que consigue que sus piezas casi cobren vida, en una búsqueda continua del movimiento, exploraciones del espacio y la geometría, y reflexiones entre el objeto y el vacío. Aunque su práctica está firmemente arraigada dentro de la Abstracción, él se considera un artista muy tradicional que se guía por cánones clásicos y da mucha importancia al dibujo y la composición. En su etapa más reciente destaca la incorporación del color como herramienta adicional que refuerza el contraste entre los volúmenes y se posiciona como una seña de identidad de su trabajo.

Born in Madrid in 1978. He began working with the wrought iron in 1999 together with Martín Chirino, from whom he not only learned the technique and sculptural conception, but also helped him discover new paths in his plastic creation. In that same year he created together with other artists the "Group 99", in whose manifesto exalt "the traditional values of art" in which it is a confusing moment for the sector.

He continued his training at the Faculty of Fine Arts of the Complutense University with a degree and a Diploma in Advanced Studies and, thanks to a scholarship from the Madrid university, at the Camberwell College of Arts of the London Insitute (1999-2000). Throughout his career his work has also contributed scholarships to the Ministry of Culture of Luxembourg (2001), the Elsa Peretti Foundation of Girona (2002) and the Hong Hac Dai Lai JSC of the Flamingo Group of Vietnam (2017).

Albert’s production revolves around the work with iron and steel cutting, modeling them in such a way that his pieces almost come to life, in a continuous search for movement, explorations of space and geometry, and reflections between the object and the void. Although his practice is firmly rooted within abstraction, he is considered a very traditional artist who is guided by classical canons and gives great importance to drawing and composition. In his most recent stage, the incorporation of colour as an additional tool that reinforces the contrast between the volumes and is positioned as a hallmark of his work.

Exposició
