{"id":41547,"guid":{"rendered":"https:\/\/graf.cat\/?post_type=event&#038;p=41547"},"modified":"2024-09-23T15:53:38","modified_gmt":"2024-09-23T13:53:38","slug":"recherche-sur-lorigine-1974-robert-filliou-2","status":"publish","type":"event","link":"https:\/\/graf.cat\/es\/events\/event\/recherche-sur-lorigine-1974-robert-filliou-2\/","title":{"rendered":"Recherche sur l\u2019origine 1974. Robert Filliou"},"content":{"rendered":"","protected":false},"excerpt":{"rendered":"","protected":false},"author":14,"featured_media":41544,"template":"","meta":{"_acf_changed":false,"_monsterinsights_skip_tracking":false,"_monsterinsights_sitenote_active":false,"_monsterinsights_sitenote_note":"","_monsterinsights_sitenote_category":0},"event-venues":[29],"event-tags":[],"class_list":["post-41547","event","type-event","status-publish","has-post-thumbnail","hentry","event-venue-adn-galeria","event-category-inauguracio"],"acf":{"title_ca":"Recherche sur l\u2019origine 1974. Robert Filliou","title_es":"Recherche sur l\u2019origine 1974. Robert Filliou","title_en":"Recherche sur l\u2019origine 1974. Robert Filliou","desc_ca":"Es compleixen 50 anys des que Robert Filliou produ\u00eds entre Berl\u00edn i D\u00fcsseldorf l\u2019obra\u00a0<em>Recherche sur l\u2019origine<\/em>, que configura juntament amb\u00a0<em>Principe d\u2019\u00e9quivalence<\/em>\u00a0i\u00a0<em>Le Po\u00efpo\u00efdrome<\/em>, la tr\u00edada m\u00e9s emblem\u00e0tica de l\u2019artista. Es tracta d\u2019una obra t\u00e8xtil monumental de gaireb\u00e9 84 metres de llarg per 2,71 d\u2019alt, coberta d\u2019inscripcions, s\u00edmbols i dibuixos provinents de les ci\u00e8ncies, religions i mites, on reivindica un paral\u00b7lelisme entre creaci\u00f3 universal i els processos de creaci\u00f3 humans.","desc_es":"Se cumplen 50 a\u00f1os desde que Robert Filliou produjese entre Berl\u00edn y D\u00fcsseldorf la obra hom\u00f3nima\u00a0<em>Recherche sur l\u2019origine<\/em>\u00a0que configura junto a\u00a0<em>Principe d\u2019\u00e9quivalence<\/em>\u00a0y\u00a0<em>Le Po\u00efpo\u00efdrome<\/em>\u00a0la triada m\u00e1s emblem\u00e1tica del artista. Se trata de una obra textil monumental de casi 84 metros de largo por 2,71 de alto, cubierta de inscripciones, s\u00edmbolos y dibujos, provenientes de las ciencias, religiones y mitos donde reivindica un paralelismo entre creaci\u00f3n universal y los procesos de creaci\u00f3n humanos","desc_en":"It\u2019s been 50 years since Robert Filliou produced the piece R<em>echerche sur l\u2019origine<\/em>\u00a0between Berlin and D\u00fcsseldorf, which, in conjunction with\u00a0<em>Principe d\u2019\u00e9quivalence<\/em>\u00a0and\u00a0<em>Le Po\u00efpo\u00efdrome<\/em>, is the artist\u2019s most emblematic triad. It is a monumental textile work of almost 84 meters long by 2.71 meters high, covered with inscriptions, symbols and drawings from the sciences, religions and myths where he claims a parallelism between universal creation and human creation processes.","event_category":189,"event_show_only_own_date":false,"_event_confirmed":true,"_event_public":true,"_event_free":true,"_event_price-min":"","_event_price-max":"","_event_web_ca":"https:\/\/www.adngaleria.com\/ca\/exhibitions\/176-recherche-sur-lorigine-1974-adn-collection-robert-filliou\/","_event_web_es":"https:\/\/www.adngaleria.com\/es\/exhibitions\/176-recherche-sur-lorigine-1974-adn-collection-robert-filliou\/","_event_web_en":"https:\/\/www.adngaleria.com\/exhibitions\/176-recherche-sur-lorigine-1974-adn-collection-robert-filliou\/","event_contact_email":"","event_apply_email":"","is_online_event":false,"is_art_nou_event":false,"is_bgw_event":false,"date_text":"","register_deadline":null,"altres_organitzadors":""},"abe_event_venue":"ADN Galeria","abe_event_category":"Inauguraci\u00f3","start":"2024-09-19 00:00:00","end":"2024-09-19 00:00:00","schedule":"once","schedule_meta":"","frequency":1,"all_day":0,"until":"2024-09-19 00:00:00","include":[],"exclude":[],"_links":{"self":[{"href":"https:\/\/graf.cat\/es\/wp-json\/wp\/v2\/events\/41547","targetHints":{"allow":["GET"]}}],"collection":[{"href":"https:\/\/graf.cat\/es\/wp-json\/wp\/v2\/events"}],"about":[{"href":"https:\/\/graf.cat\/es\/wp-json\/wp\/v2\/types\/event"}],"author":[{"embeddable":true,"href":"https:\/\/graf.cat\/es\/wp-json\/wp\/v2\/users\/14"}],"occurrences":[{"embeddable":true,"href":"https:\/\/graf.cat\/es\/wp-json\/wp\/v2\/events\/41547\/occurrences"}],"acf:term":[{"embeddable":true,"taxonomy":"event-category","href":"https:\/\/graf.cat\/es\/wp-json\/wp\/v2\/event-category\/189"}],"wp:featuredmedia":[{"embeddable":true,"href":"https:\/\/graf.cat\/es\/wp-json\/wp\/v2\/media\/41544"}],"wp:attachment":[{"href":"https:\/\/graf.cat\/es\/wp-json\/wp\/v2\/media?parent=41547"}],"wp:term":[{"taxonomy":"event-venue","embeddable":true,"href":"https:\/\/graf.cat\/es\/wp-json\/wp\/v2\/event-venues?post=41547"},{"taxonomy":"event-tag","embeddable":true,"href":"https:\/\/graf.cat\/es\/wp-json\/wp\/v2\/event-tags?post=41547"}],"curies":[{"name":"wp","href":"https:\/\/api.w.org\/{rel}","templated":true}]}}

Es compleixen 50 anys des que Robert Filliou produís entre Berlín i Düsseldorf l’obra <em>Recherche sur l’origine</em>, que configura juntament amb <em>Principe d’équivalence</em> i <em>Le Poïpoïdrome</em>, la tríada més emblemàtica de l’artista. Es tracta d’una obra tèxtil monumental de gairebé 84 metres de llarg per 2,71 d’alt, coberta d’inscripcions, símbols i dibuixos provinents de les ciències, religions i mites, on reivindica un paral·lelisme entre creació universal i els processos de creació humans.

Se cumplen 50 años desde que Robert Filliou produjese entre Berlín y Düsseldorf la obra homónima <em>Recherche sur l’origine</em> que configura junto a <em>Principe d’équivalence</em> y <em>Le Poïpoïdrome</em> la triada más emblemática del artista. Se trata de una obra textil monumental de casi 84 metros de largo por 2,71 de alto, cubierta de inscripciones, símbolos y dibujos, provenientes de las ciencias, religiones y mitos donde reivindica un paralelismo entre creación universal y los procesos de creación humanos

It’s been 50 years since Robert Filliou produced the piece R<em>echerche sur l’origine</em> between Berlin and Düsseldorf, which, in conjunction with <em>Principe d’équivalence</em> and <em>Le Poïpoïdrome</em>, is the artist’s most emblematic triad. It is a monumental textile work of almost 84 meters long by 2.71 meters high, covered with inscriptions, symbols and drawings from the sciences, religions and myths where he claims a parallelism between universal creation and human creation processes.

Inauguració
