{"id":41919,"guid":{"rendered":"https:\/\/graf.cat\/?post_type=event&#038;p=41919"},"modified":"2024-10-02T11:02:50","modified_gmt":"2024-10-02T09:02:50","slug":"locked-items-marti-sawe","status":"publish","type":"event","link":"https:\/\/graf.cat\/es\/events\/event\/locked-items-marti-sawe\/","title":{"rendered":"Locked Items &#8211; Mart\u00ed Sawe"},"content":{"rendered":"","protected":false},"excerpt":{"rendered":"","protected":false},"author":62,"featured_media":41920,"template":"","meta":{"_acf_changed":false,"_monsterinsights_skip_tracking":false,"_monsterinsights_sitenote_active":false,"_monsterinsights_sitenote_note":"","_monsterinsights_sitenote_category":0},"event-venues":[253],"event-tags":[],"class_list":["post-41919","event","type-event","status-publish","has-post-thumbnail","hentry","event-venue-piramidon-2","event-category-exposicio"],"acf":{"title_ca":"Locked Items - Mart\u00ed Sawe","title_es":"Locked Items - Mart\u00ed Sawe","title_en":"Locked Items - Mart\u00ed Sawe","desc_ca":"En aquesta mostra, Sawe continua explorant les tensions entre el control i el descontrol que han definit la seva traject\u00f2ria art\u00edstica, on la confrontaci\u00f3 entre oposats es converteix en el nucli de la seva pr\u00e0ctica pict\u00f2rica.\r\n\r\nLes obres de Sawe s\u00f3n un espai de col\u00b7lisi\u00f3 visual. En elles, detalls meticulosos coexisteixen amb gargots espontanis; el color pla es barreja amb textures accidentals, i la figuraci\u00f3 es desintegra en formes desfigurades.","desc_es":"En esta muestra, Sawe contin\u00faa explorando las tensiones entre el control y el descontrol que han definido su trayectoria art\u00edstica, donde la confrontaci\u00f3n entre opuestos se convierte en el n\u00facleo de su pr\u00e1ctica pict\u00f3rica.\r\n\r\nLas obras de Sawe son un espacio de colisi\u00f3n visual. En ellas, detalles meticulosos coexisten con garabatos espont\u00e1neos; el color plano se mezcla con texturas accidentales, y la figuraci\u00f3n se desintegra en formas desfiguradas.","desc_en":"In this exhibition, Sawe continues to explore the tensions between control and chaos that have defined his artistic trajectory, where the confrontation between opposites becomes the core of his pictorial practice.\r\n\r\nSawe's works are a space of visual collision. Meticulous details coexist with spontaneous doodles; flat colors blend with accidental textures, and figuration disintegrates into distorted shapes.","event_category":103,"event_show_only_own_date":false,"_event_confirmed":true,"_event_public":true,"_event_free":true,"_event_price-min":"","_event_price-max":"","_event_web_ca":"https:\/\/www.piramidon.com","_event_web_es":"https:\/\/www.piramidon.com\/es\/","_event_web_en":"https:\/\/www.piramidon.com","event_contact_email":"gestio@piramidon.com","event_apply_email":"","is_online_event":false,"is_art_nou_event":false,"is_bgw_event":false,"date_text":"","register_deadline":null,"altres_organitzadors":""},"abe_event_venue":"PIRAMID\u00d3N","abe_event_category":"Exposici\u00f3","start":"2024-09-21 00:00:00","end":"2024-11-12 23:59:00","schedule":"once","schedule_meta":"","frequency":1,"all_day":1,"until":"2024-09-21 00:00:00","include":[],"exclude":[],"_links":{"self":[{"href":"https:\/\/graf.cat\/es\/wp-json\/wp\/v2\/events\/41919","targetHints":{"allow":["GET"]}}],"collection":[{"href":"https:\/\/graf.cat\/es\/wp-json\/wp\/v2\/events"}],"about":[{"href":"https:\/\/graf.cat\/es\/wp-json\/wp\/v2\/types\/event"}],"author":[{"embeddable":true,"href":"https:\/\/graf.cat\/es\/wp-json\/wp\/v2\/users\/62"}],"occurrences":[{"embeddable":true,"href":"https:\/\/graf.cat\/es\/wp-json\/wp\/v2\/events\/41919\/occurrences"}],"acf:term":[{"embeddable":true,"taxonomy":"event-category","href":"https:\/\/graf.cat\/es\/wp-json\/wp\/v2\/event-category\/103"}],"wp:featuredmedia":[{"embeddable":true,"href":"https:\/\/graf.cat\/es\/wp-json\/wp\/v2\/media\/41920"}],"wp:attachment":[{"href":"https:\/\/graf.cat\/es\/wp-json\/wp\/v2\/media?parent=41919"}],"wp:term":[{"taxonomy":"event-venue","embeddable":true,"href":"https:\/\/graf.cat\/es\/wp-json\/wp\/v2\/event-venues?post=41919"},{"taxonomy":"event-tag","embeddable":true,"href":"https:\/\/graf.cat\/es\/wp-json\/wp\/v2\/event-tags?post=41919"}],"curies":[{"name":"wp","href":"https:\/\/api.w.org\/{rel}","templated":true}]}}

Locked Items &#8211; Martí Sawe

Locked Items - Martí Sawe

En aquesta mostra, Sawe continua explorant les tensions entre el control i el descontrol que han definit la seva trajectòria artística, on la confrontació entre oposats es converteix en el nucli de la seva pràctica pictòrica.

Les obres de Sawe són un espai de col·lisió visual. En elles, detalls meticulosos coexisteixen amb gargots espontanis; el color pla es barreja amb textures accidentals, i la figuració es desintegra en formes desfigurades.

En esta muestra, Sawe continúa explorando las tensiones entre el control y el descontrol que han definido su trayectoria artística, donde la confrontación entre opuestos se convierte en el núcleo de su práctica pictórica.

Las obras de Sawe son un espacio de colisión visual. En ellas, detalles meticulosos coexisten con garabatos espontáneos; el color plano se mezcla con texturas accidentales, y la figuración se desintegra en formas desfiguradas.

PIRAMIDÓN

Exposició
