{"id":43384,"guid":{"rendered":"https:\/\/graf.cat\/?post_type=event&#038;p=43384"},"modified":"2024-11-15T13:48:40","modified_gmt":"2024-11-15T11:48:40","slug":"tejer-genealogias","status":"publish","type":"event","link":"https:\/\/graf.cat\/es\/events\/event\/tejer-genealogias\/","title":{"rendered":"Teixir genealogies"},"content":{"rendered":"","protected":false},"excerpt":{"rendered":"","protected":false},"author":30,"featured_media":43385,"template":"","meta":{"_acf_changed":false,"_monsterinsights_skip_tracking":false,"_monsterinsights_sitenote_active":false,"_monsterinsights_sitenote_note":"","_monsterinsights_sitenote_category":0},"event-venues":[127],"event-tags":[],"class_list":["post-43384","event","type-event","status-publish","has-post-thumbnail","hentry","event-venue-hangar","event-category-taller"],"acf":{"title_ca":"Teixir genealogies","title_es":"Tejer genealog\u00edas","title_en":"Teixir genealogies","desc_ca":"<b>Un taller amb Claudia Delso i Tau Luna Acosta\r\n29 de novembre i 2 de desembre a Hangar (Barcelona)\r\n<a href=\"https:\/\/hamacaonline.net\/projects\/les-pelis-fora-de-les-pelis\/\"><em>Les pelis fora de les pelis<\/em> | #HamacaApr\u00e9n &gt; Amb_Artistes<\/a><\/b>\r\n<div class=\"newspaper col-sm-9\">\r\n\r\n<em>Teixir genealogies<\/em> proposa cosir, compartir, teixir, conversar a partir de les genealogies pr\u00f2pies que es tornen col\u00b7lectives. Cadascuni t\u00e9 una genealogia pol\u00edtica, moments que van provocar l'ajuntar-se, el convocar-se, l'activar-se: el fer amb altris. Va haver-hi, segur, petites accions que, encara que semblessin insignificants, en el seu context van ser importants. Va haver-hi fites col\u00b7lectives, moments biogr\u00e0fics de coincid\u00e8ncia en un espaitemps que es queden en la pell. En aquest costat del m\u00f3n podem identificar el 15M, al qual tornem una vegada i una altra, a vegades com br\u00faixola, a vegades com souvenir de la nost\u00e0lgia. Per\u00f2 quines s\u00f3n les genealogies d'altres latituds que habiten tamb\u00e9 aquest costat del m\u00f3n? On estan els cossos que les habiten?\r\n\r\nA Col\u00f2mbia ens ajuntem a fer <em>punto cadeneta chisme<\/em>; una instituci\u00f3 \u00edntima erigida al voltant de l'acte de posar l'ull en l'agulla mentre es deixa anar la llengua. Brodem i teixim juntes i en el fil els relats \u00edntims de les amigues mentre es barregen amb la pujada del preu de la papa, del bus o el viatge de no s\u00e9 qui que es va anar a no s\u00e9 on.\r\n\r\nQuines ruptures, quines lluites?, Quines resist\u00e8ncies, quines tra\u00efcions, que ferides ens bullen? Proposem filar genealogies d'imaginacions pol\u00edtiques compartides que conformin una mem\u00f2ria en el present. Com unim genealogies i mons entre aquest costat del m\u00f3n i els molts suds que l'habiten? Com creuem bulliments per a con\u00e8ixer-nos i fer aliances honestes? En un temps on l'esperan\u00e7a, aix\u00ed com l'aigua i les imatges de futur, escassegen proposem trobada i suavitat per a recordar que les nostres pr\u00f2pies genealogies pol\u00edtiques fan part d'escenaris que s\u00f3n producte de profundes transformacions, viol\u00e8ncies i lluites que travessen des de la papa fins a la xafarderia m\u00e9s \u00edntima de l'amiga. Proposem ajuntar-nos per a buscar aquesta genealogia d'imaginacions pol\u00edtiques compartides que contribueixin, potser, a conformar una mem\u00f2ria activadora per al present, aquest temps convuls que compartim i habitem. Farem <em>punto cadeneta chisme<\/em> mentre veiem alguns v\u00eddeos i comentem.\r\n\r\n<strong>A qui va dirigit: <\/strong>\r\nEns agradaria convocar a una diversitat representativa que habita aquesta ciutat i que no est\u00e0 prou representada en les institucions culturals d'aqu\u00ed: \u201c<a href=\"https:\/\/www.elsaltodiario.com\/culturas\/acciomigrant-festival-culturas-resistencia-produccion-cultural-colectiva-migrantes-barcelona\">29,4% de la poblaci\u00f3n que vive en Barcelona naci\u00f3 fuera de Espa\u00f1a<\/a>\u201d.\r\n\r\n<strong>Portar de casa:<\/strong>\r\nCada participant haur\u00e0 de portar els fils i les agulles que vulgui emprar per a cosir sobre la tela basi.\r\n\r\n<strong>Dates, horaris:<\/strong>\r\n29 de novembre de 16:30h a 20:30h\r\n2 de desembre de 17:00h a 21:00h\r\n\r\n<strong>Lloc:<\/strong> Hangar. C\/ Emilia Coranty 8-16 (Barcelona).\r\n<strong>Preu:<\/strong> 20\u20ac p\u00fablic general \/ 10\u20ac <a href=\"https:\/\/hamacaonline.net\/info\/friends\/\">Amiges Hamaca opci\u00f3 2<\/a>\r\n<a href=\"https:\/\/forms.gle\/DZN98usarK6YjDjo7\">\u2192 INSCRIPCIONS<\/a>\r\n<strong>Claudia Delso<\/strong>\r\nDe petita somiava amb ser il\u00b7lustradora de c\u00f2mics o pirata per\u00f2 es conforma amb dibuixar avis i tallar culleres de fusta. Sempre en tr\u00e0nsit entre la gesti\u00f3, la mediaci\u00f3 i les pr\u00e0ctiques situades del cultural, el pol\u00edtic i el com\u00fa. Creuant sabers i alimentant el pensament en col\u00b7lectiu. Durant m\u00e9s de set anys va habitar una instituci\u00f3 p\u00fablica, des de llavors l'atreu en gran manera el jur\u00eddic i l'obertura de l'institucional. En realitat \u00e9s malabarista.\r\n\r\n<a href=\"https:\/\/lunaacosta.net\/\"><strong>Tau Luna Acosta<\/strong><\/a>\r\nArtista, investigadori, mediador i docent, cuir migrant part de la di\u00e0spora colombiana regada pel m\u00f3n. \u00c9s agrodescendent e filli de docents. Viu enamoradi de l'ofici t\u00e8xtil, especialment del t\u00e8xtil col\u00b7laboratiu, i d'una pedra, la magnetita que \u00e9s el seu amulet migrant. El seu treball germina a partir de preguntes sobre les migracions humanes com a resultats de processos colonials, i li interessa generar dispositius que posin en primer pla la interdepend\u00e8ncia, la cooperaci\u00f3 i la solidaritat com a dignificadores i sustentadores de la vida.\r\n\r\n<\/div>","desc_es":"<b>Un taller con Claudia Delso y Tau Luna Acosta\r\n29 de noviembre y 2 de diciembre en Hangar (Barcelona)\r\n<a href=\"https:\/\/hamacaonline.net\/projects\/les-pelis-fora-de-les-pelis\/\"><em>Las pelis fuera de las pelis<\/em> | #HamacaAprende &gt; Con_Artistas<\/a><\/b>\r\n<div class=\"newspaper col-sm-9\">\r\n\r\n<em>Tejer genealog\u00edas<\/em> propone coser, compartir, tejer, conversar a partir de las genealog\u00edas propias que se vuelven colectivas. Cada une tiene una genealog\u00eda pol\u00edtica, momentos que provocaron el juntarse, el convocarse, el activarse: el hacer con otres. Hubo, seguro, peque\u00f1as acciones que, aunque parecieran insignificantes, en su contexto fueron importantes. Hubo hitos colectivos, momentos biogr\u00e1ficos de coincidencia en un espacio-tiempo que se quedan en la piel. En este lado del mundo podemos identificar el 15M, al que volvemos una y otra vez, a veces c\u00f3mo br\u00fajula, a veces como souvenir de la nostalgia. \u00bfPero cu\u00e1les son las genealog\u00edas de otras latitudes que habitan tambi\u00e9n este lado del mundo? \u00bfD\u00f3nde est\u00e1n los cuerpos que las habitan?\r\n\r\nEn Colombia nos juntamos a hacer <em>punto cadeneta chisme<\/em>; una instituci\u00f3n \u00edntima erigida alrededor del acto de poner el ojo en la aguja mientras se suelta la lengua. Bordamos y tejemos juntas y en el hilo los relatos \u00edntimos de las amigas mientras se mezclan con la subida del precio de la papa, del bus o el viaje de no s\u00e9 qui\u00e9n que se fue a no s\u00e9 donde.\r\n\r\n\u00bfQu\u00e9 rupturas, qu\u00e9 luchas? \u00bfQu\u00e9 resistencias, qu\u00e9 traiciones, que heridas nos hierven? Proponemos hilar genealog\u00edas de imaginaciones pol\u00edticas compartidas que conformen una memoria en el presente. \u00bfC\u00f3mo unimos genealog\u00edas y mundos entre este lado del mundo y los muchos sures que lo habitan? \u00bfC\u00f3mo cruzamos hervores para conocernos y hacer alianzas honestas? En un tiempo donde la esperanza, as\u00ed como el agua y las im\u00e1genes de futuro, escasean proponemos juntanza y suavidad para recordar que nuestras propias genealog\u00edas pol\u00edticas hacen parte de escenarios que son producto de profundas transformaciones, violencias y luchas que atraviesan desde la papa hasta el chisme m\u00e1s \u00edntimo de la amiga. Proponemos juntarnos para buscar esa genealog\u00eda de imaginaciones pol\u00edticas compartidas que contribuyan, quiz\u00e1s, a conformar una memoria accionadora para el presente, este tiempo convulso que compartimos y habitamos. Haremos <em>punto cadeneta chisme<\/em> mientras vemos algunos v\u00eddeos y comentamos.\r\n\r\n<strong>A qui\u00e9n va dirigido:<\/strong>\r\nNos gustar\u00eda convocar a una diversidad representativa que habita esta ciudad y que no est\u00e1 suficientemente representada en las instituciones culturales de ac\u00e1: \u201c<a href=\"https:\/\/www.elsaltodiario.com\/culturas\/acciomigrant-festival-culturas-resistencia-produccion-cultural-colectiva-migrantes-barcelona\">29,4% de la poblaci\u00f3n que vive en Barcelona naci\u00f3 fuera de Espa\u00f1a<\/a>\u201d.\r\n\r\n<strong>Traer de casa:<\/strong>\r\nCada participante deber\u00e1 traer hilos y agujas que quiera emplear para coser sobre la tela base.\r\n\r\n<strong>Fechas, horarios:<\/strong>\r\n29 de noviembre de 16:30h a 20:30h\r\n2 de diciembre de 17:00h a 21:00h\r\n\r\n<strong>Lugar:<\/strong> Hangar. C\/ Emilia Coranty 8-16 (Barcelona).\r\n\r\n<strong>Precio:<\/strong> 20\u20ac p\u00fablico general \/ 10\u20ac <a href=\"https:\/\/hamacaonline.net\/info\/friends\/\">Amigas Hamaca opci\u00f3n 2<\/a>. Si tienes alg\u00fan problema para pagar la matr\u00edcula, puedes indic\u00e1rnoslo en el formulario.\r\n\r\n<a href=\"https:\/\/forms.gle\/DZN98usarK6YjDjo7\">\u2192 INSCRIPCIONES<\/a>\r\n\r\n<strong>Claudia Delso<\/strong>\r\nDe peque\u00f1a so\u00f1aba con ser ilustradora de c\u00f3mics o pirata pero se conforma con dibujar abuelxs y tallar cucharas de madera. Siempre en tr\u00e1nsito entre la gesti\u00f3n, la mediaci\u00f3n y las pr\u00e1cticas situadas de lo cultural, lo pol\u00edtico y lo com\u00fan. Cruzando saberes y alimentando el pensamiento en colectivo. Durante m\u00e1s de siete a\u00f1os habit\u00f3 una instituci\u00f3n p\u00fablica, desde entonces le atrae sobremanera lo jur\u00eddico y la apertura de lo institucional. En realidad es malabarista.\r\n\r\n<a href=\"https:\/\/lunaacosta.net\/\"><strong>Tau Luna Acosta<\/strong><\/a>\r\nArtista, investigadore, mediador y docente, cuir migrante parte de la di\u00e1spora colombiana regada por el mundo. Es agrodescendiente e hije de docentes. Vive enamorade del oficio textil, especialmente del textil colaborativo, y de una piedra, la magnetita que es su amuleto migrante. Su trabajo germina a partir de preguntas sobre las migraciones humanas como resultados de procesos coloniales, y le interesa generar dispositivos que pongan en primer plano la interdepencencia, la cooperaci\u00f3n y la solidaridad como dignificadoras y sostenedoras de la vida.\r\n\r\n<\/div>","desc_en":"","event_category":235,"event_show_only_own_date":false,"_event_confirmed":true,"_event_public":true,"_event_free":false,"_event_price-min":5,"_event_price-max":20,"_event_web_ca":"https:\/\/hamacaonline.net\/projects\/teixir-genealogies\/","_event_web_es":"https:\/\/hamacaonline.net\/projects\/teixir-genealogies\/","_event_web_en":"https:\/\/hamacaonline.net\/projects\/teixir-genealogies\/","event_contact_email":"belen@hamacaonline.net","event_apply_email":"https:\/\/hamacaonline.net\/projects\/teixir-genealogies\/","is_online_event":false,"is_art_nou_event":false,"is_bgw_event":false,"date_text":"29 de novembre de 16:30h a 20:30h 2 de desembre de 17:00h a 21:00h","register_deadline":"20241128","altres_organitzadors":""},"abe_event_venue":"Hangar","abe_event_category":"Taller","start":"2024-11-29 16:30:00","end":"2024-12-02 21:00:00","schedule":"once","schedule_meta":"","frequency":1,"all_day":0,"until":"2024-11-29 16:30:00","include":[],"exclude":[],"_links":{"self":[{"href":"https:\/\/graf.cat\/es\/wp-json\/wp\/v2\/events\/43384","targetHints":{"allow":["GET"]}}],"collection":[{"href":"https:\/\/graf.cat\/es\/wp-json\/wp\/v2\/events"}],"about":[{"href":"https:\/\/graf.cat\/es\/wp-json\/wp\/v2\/types\/event"}],"author":[{"embeddable":true,"href":"https:\/\/graf.cat\/es\/wp-json\/wp\/v2\/users\/30"}],"occurrences":[{"embeddable":true,"href":"https:\/\/graf.cat\/es\/wp-json\/wp\/v2\/events\/43384\/occurrences"}],"acf:term":[{"embeddable":true,"taxonomy":"event-category","href":"https:\/\/graf.cat\/es\/wp-json\/wp\/v2\/event-category\/235"}],"wp:featuredmedia":[{"embeddable":true,"href":"https:\/\/graf.cat\/es\/wp-json\/wp\/v2\/media\/43385"}],"wp:attachment":[{"href":"https:\/\/graf.cat\/es\/wp-json\/wp\/v2\/media?parent=43384"}],"wp:term":[{"taxonomy":"event-venue","embeddable":true,"href":"https:\/\/graf.cat\/es\/wp-json\/wp\/v2\/event-venues?post=43384"},{"taxonomy":"event-tag","embeddable":true,"href":"https:\/\/graf.cat\/es\/wp-json\/wp\/v2\/event-tags?post=43384"}],"curies":[{"name":"wp","href":"https:\/\/api.w.org\/{rel}","templated":true}]}}

Tejer genealogías

<b>Un taller amb Claudia Delso i Tau Luna Acosta
29 de novembre i 2 de desembre a Hangar (Barcelona)
<a href="https://hamacaonline.net/projects/les-pelis-fora-de-les-pelis/"><em>Les pelis fora de les pelis</em> | #HamacaAprén &gt; Amb_Artistes</a></b>
<div class="newspaper col-sm-9">

<em>Teixir genealogies</em> proposa cosir, compartir, teixir, conversar a partir de les genealogies pròpies que es tornen col·lectives. Cadascuni té una genealogia política, moments que van provocar l'ajuntar-se, el convocar-se, l'activar-se: el fer amb altris. Va haver-hi, segur, petites accions que, encara que semblessin insignificants, en el seu context van ser importants. Va haver-hi fites col·lectives, moments biogràfics de coincidència en un espaitemps que es queden en la pell. En aquest costat del món podem identificar el 15M, al qual tornem una vegada i una altra, a vegades com brúixola, a vegades com souvenir de la nostàlgia. Però quines són les genealogies d'altres latituds que habiten també aquest costat del món? On estan els cossos que les habiten?

A Colòmbia ens ajuntem a fer <em>punto cadeneta chisme</em>; una institució íntima erigida al voltant de l'acte de posar l'ull en l'agulla mentre es deixa anar la llengua. Brodem i teixim juntes i en el fil els relats íntims de les amigues mentre es barregen amb la pujada del preu de la papa, del bus o el viatge de no sé qui que es va anar a no sé on.

Quines ruptures, quines lluites?, Quines resistències, quines traïcions, que ferides ens bullen? Proposem filar genealogies d'imaginacions polítiques compartides que conformin una memòria en el present. Com unim genealogies i mons entre aquest costat del món i els molts suds que l'habiten? Com creuem bulliments per a conèixer-nos i fer aliances honestes? En un temps on l'esperança, així com l'aigua i les imatges de futur, escassegen proposem trobada i suavitat per a recordar que les nostres pròpies genealogies polítiques fan part d'escenaris que són producte de profundes transformacions, violències i lluites que travessen des de la papa fins a la xafarderia més íntima de l'amiga. Proposem ajuntar-nos per a buscar aquesta genealogia d'imaginacions polítiques compartides que contribueixin, potser, a conformar una memòria activadora per al present, aquest temps convuls que compartim i habitem. Farem <em>punto cadeneta chisme</em> mentre veiem alguns vídeos i comentem.

<strong>A qui va dirigit: </strong>
Ens agradaria convocar a una diversitat representativa que habita aquesta ciutat i que no està prou representada en les institucions culturals d'aquí: “<a href="https://www.elsaltodiario.com/culturas/acciomigrant-festival-culturas-resistencia-produccion-cultural-colectiva-migrantes-barcelona">29,4% de la población que vive en Barcelona nació fuera de España</a>”.

<strong>Portar de casa:</strong>
Cada participant haurà de portar els fils i les agulles que vulgui emprar per a cosir sobre la tela basi.

<strong>Dates, horaris:</strong>
29 de novembre de 16:30h a 20:30h
2 de desembre de 17:00h a 21:00h

<strong>Lloc:</strong> Hangar. C/ Emilia Coranty 8-16 (Barcelona).
<strong>Preu:</strong> 20€ públic general / 10€ <a href="https://hamacaonline.net/info/friends/">Amiges Hamaca opció 2</a>
<a href="https://forms.gle/DZN98usarK6YjDjo7">→ INSCRIPCIONS</a>
<strong>Claudia Delso</strong>
De petita somiava amb ser il·lustradora de còmics o pirata però es conforma amb dibuixar avis i tallar culleres de fusta. Sempre en trànsit entre la gestió, la mediació i les pràctiques situades del cultural, el polític i el comú. Creuant sabers i alimentant el pensament en col·lectiu. Durant més de set anys va habitar una institució pública, des de llavors l'atreu en gran manera el jurídic i l'obertura de l'institucional. En realitat és malabarista.

<a href="https://lunaacosta.net/"><strong>Tau Luna Acosta</strong></a>
Artista, investigadori, mediador i docent, cuir migrant part de la diàspora colombiana regada pel món. És agrodescendent e filli de docents. Viu enamoradi de l'ofici tèxtil, especialment del tèxtil col·laboratiu, i d'una pedra, la magnetita que és el seu amulet migrant. El seu treball germina a partir de preguntes sobre les migracions humanes com a resultats de processos colonials, i li interessa generar dispositius que posin en primer pla la interdependència, la cooperació i la solidaritat com a dignificadores i sustentadores de la vida.

</div>

<b>Un taller con Claudia Delso y Tau Luna Acosta
29 de noviembre y 2 de diciembre en Hangar (Barcelona)
<a href="https://hamacaonline.net/projects/les-pelis-fora-de-les-pelis/"><em>Las pelis fuera de las pelis</em> | #HamacaAprende &gt; Con_Artistas</a></b>
<div class="newspaper col-sm-9">

<em>Tejer genealogías</em> propone coser, compartir, tejer, conversar a partir de las genealogías propias que se vuelven colectivas. Cada une tiene una genealogía política, momentos que provocaron el juntarse, el convocarse, el activarse: el hacer con otres. Hubo, seguro, pequeñas acciones que, aunque parecieran insignificantes, en su contexto fueron importantes. Hubo hitos colectivos, momentos biográficos de coincidencia en un espacio-tiempo que se quedan en la piel. En este lado del mundo podemos identificar el 15M, al que volvemos una y otra vez, a veces cómo brújula, a veces como souvenir de la nostalgia. ¿Pero cuáles son las genealogías de otras latitudes que habitan también este lado del mundo? ¿Dónde están los cuerpos que las habitan?

En Colombia nos juntamos a hacer <em>punto cadeneta chisme</em>; una institución íntima erigida alrededor del acto de poner el ojo en la aguja mientras se suelta la lengua. Bordamos y tejemos juntas y en el hilo los relatos íntimos de las amigas mientras se mezclan con la subida del precio de la papa, del bus o el viaje de no sé quién que se fue a no sé donde.

¿Qué rupturas, qué luchas? ¿Qué resistencias, qué traiciones, que heridas nos hierven? Proponemos hilar genealogías de imaginaciones políticas compartidas que conformen una memoria en el presente. ¿Cómo unimos genealogías y mundos entre este lado del mundo y los muchos sures que lo habitan? ¿Cómo cruzamos hervores para conocernos y hacer alianzas honestas? En un tiempo donde la esperanza, así como el agua y las imágenes de futuro, escasean proponemos juntanza y suavidad para recordar que nuestras propias genealogías políticas hacen parte de escenarios que son producto de profundas transformaciones, violencias y luchas que atraviesan desde la papa hasta el chisme más íntimo de la amiga. Proponemos juntarnos para buscar esa genealogía de imaginaciones políticas compartidas que contribuyan, quizás, a conformar una memoria accionadora para el presente, este tiempo convulso que compartimos y habitamos. Haremos <em>punto cadeneta chisme</em> mientras vemos algunos vídeos y comentamos.

<strong>A quién va dirigido:</strong>
Nos gustaría convocar a una diversidad representativa que habita esta ciudad y que no está suficientemente representada en las instituciones culturales de acá: “<a href="https://www.elsaltodiario.com/culturas/acciomigrant-festival-culturas-resistencia-produccion-cultural-colectiva-migrantes-barcelona">29,4% de la población que vive en Barcelona nació fuera de España</a>”.

<strong>Traer de casa:</strong>
Cada participante deberá traer hilos y agujas que quiera emplear para coser sobre la tela base.

<strong>Fechas, horarios:</strong>
29 de noviembre de 16:30h a 20:30h
2 de diciembre de 17:00h a 21:00h

<strong>Lugar:</strong> Hangar. C/ Emilia Coranty 8-16 (Barcelona).

<strong>Precio:</strong> 20€ público general / 10€ <a href="https://hamacaonline.net/info/friends/">Amigas Hamaca opción 2</a>. Si tienes algún problema para pagar la matrícula, puedes indicárnoslo en el formulario.

<a href="https://forms.gle/DZN98usarK6YjDjo7">→ INSCRIPCIONES</a>

<strong>Claudia Delso</strong>
De pequeña soñaba con ser ilustradora de cómics o pirata pero se conforma con dibujar abuelxs y tallar cucharas de madera. Siempre en tránsito entre la gestión, la mediación y las prácticas situadas de lo cultural, lo político y lo común. Cruzando saberes y alimentando el pensamiento en colectivo. Durante más de siete años habitó una institución pública, desde entonces le atrae sobremanera lo jurídico y la apertura de lo institucional. En realidad es malabarista.

<a href="https://lunaacosta.net/"><strong>Tau Luna Acosta</strong></a>
Artista, investigadore, mediador y docente, cuir migrante parte de la diáspora colombiana regada por el mundo. Es agrodescendiente e hije de docentes. Vive enamorade del oficio textil, especialmente del textil colaborativo, y de una piedra, la magnetita que es su amuleto migrante. Su trabajo germina a partir de preguntas sobre las migraciones humanas como resultados de procesos coloniales, y le interesa generar dispositivos que pongan en primer plano la interdepencencia, la cooperación y la solidaridad como dignificadoras y sostenedoras de la vida.

</div>
