{"id":44182,"guid":{"rendered":"https:\/\/graf.cat\/?post_type=event&#038;p=44182"},"modified":"2024-12-17T10:41:36","modified_gmt":"2024-12-17T08:41:36","slug":"dimarts-de-video-flux-summa-joan-vinuesa","status":"publish","type":"event","link":"https:\/\/graf.cat\/es\/events\/event\/dimarts-de-video-flux-summa-joan-vinuesa\/","title":{"rendered":"Dimarts de v\u00eddeo \/ FLUX SUMMA: Joan Vinuesa"},"content":{"rendered":"","protected":false},"excerpt":{"rendered":"","protected":false},"author":19,"featured_media":44183,"template":"","meta":{"_acf_changed":false,"_monsterinsights_skip_tracking":false,"_monsterinsights_sitenote_active":false,"_monsterinsights_sitenote_note":"","_monsterinsights_sitenote_category":0},"event-venues":[560],"event-tags":[],"class_list":["post-44182","event","type-event","status-publish","has-post-thumbnail","hentry","event-venue-santa-monica","event-category-screening"],"acf":{"title_ca":"Dimarts de v\u00eddeo \/ FLUX SUMMA: Joan Vinuesa","title_es":"Martes de video \/ FLUX SUMMA: Joan Vinuesa","title_en":"Tuesday of video \/  FLUX SUMMA: Joan Vinuesa","desc_ca":"<strong>Joan Vinuesa i Baliu<\/strong>. Autodidacte i insubm\u00eds. Artista per necessitat.\r\n\r\n\"La primera exposici\u00f3 de pintura que vaig fer me la va organitzar el meu pare, a la casa del barri de Sants on viv\u00edem, amb la mare i els avis, jo tenia cinc anys. Els dibuixos penjaven d\u2019unes tires de paper engomat els uns dels altres, i tenien per temes,\u00a0<em>barcos<\/em>, indis i \u201ccombois\u201d, balenes, volcans i batalles amb canons disparant. Van ser uns dos mesos d\u2019exposici\u00f3. Els familiars, ve\u00efns i amics que venien a casa podien mirar aquells primers dibuixos; abans la gent es visitava m\u00e9s, i per sorpresa, eren els anys 50, no hi havia \u201ctele\u201d, pocs cotxes i les \u00faniques m\u00e0quines de la casa eren les de cosir amb pedals, un rellotge de paret i la r\u00e0dio. Han passat 65 anys. Vaig anar ampliant el meu neguit natural i a la fi en va sortir una mica d\u2019art, com un oli exprimit, esc\u00e0s i preci\u00f3s, com tothom t\u00e9, m\u00e9s o menys.\r\n\r\n\"He practicat moltes expressions i creacions que han sortit de mi, molts intents de poesia, narracions dels viatges dels que mai he tornat, assajos de l\u2019absurd i de la imaginaci\u00f3 misteriosa, de ballar les meves \u201cperformances\u201d improvisant el llenguatge, he cantat les can\u00e7ons que m\u2019ha semblat compondre, he pintat centenars de quadres, i he, i he, i he, com un rock cantat a cor amb totes les personalitats, m\u00faltiples i agosarades, que he pogut reunir dins meu.\r\n\r\n\"I ara, si veniu, ara que ser\u00e0 dem\u00e0 i tamb\u00e9 un ahir com sempre, sabreu els tres rals de com ho he fet, m\u00e9s o menys.\r\n\r\n\"B\u00e9, ja est\u00e0, per si vol\u00edeu tres caldos aix\u00f2 n\u2019\u00e9s mitja tassa.\r\n\r\n\"Gr\u00e0cies pel vostre somriure, ja s\u00e9 que no prova res\".\r\n\r\n&nbsp;\r\n\r\nEn aquesta sessi\u00f3 veurem un v\u00eddeo amb una selecci\u00f3 de les seves actuacions entre els anys 2001 i 2024.\r\n\r\n&nbsp;","desc_es":"<strong>Joan Vinuesa i Baliu<\/strong>. Autodidacta e insumiso. Artista por necesidad.\r\n\r\n\"La primera exposici\u00f3n de pintura que hice me la organiz\u00f3 mi padre, en la casa del barrio de Sants donde viv\u00edamos, con la madre y los abuelos, yo ten\u00eda cinco a\u00f1os. Los dibujos colgaban de unas tiras de papel engomado los unos de los otros, y ten\u00edan por temas, barcos, indios y \u201cconvoys\u201d, ballenas, volcanes y batallas con ca\u00f1ones disparando. Fueron unos dos meses de exposici\u00f3n. Los familiares, vecinos y amigos que ven\u00edan a casa pod\u00edan mirar aquellos primeros dibujos; antes la gente se visitaba m\u00e1s, y para sorpresa, eran en 50s, no hab\u00eda \u201ctele\u201d, pocos coches y las \u00fanicas m\u00e1quinas de la casa eran las de coser con pedales, un reloj de pared y la radio. Han pasado 65 a\u00f1os. Fui ampliando mi desaz\u00f3n natural y al fin sali\u00f3 un poco de arte, como un \u00f3leo exprimido, escaso y precioso, como todo el mundo tiene, m\u00e1s o menos.\r\n\r\n\"He practicado muchas expresiones y creaciones han salido de m\u00ed, muchos intentos de poes\u00eda, narraciones de los viajes de los que nunca he vuelto, ensayos del absurdo y de la imaginaci\u00f3n misteriosa, de bailar mis 'performances' improvisando el lenguaje, he cantado las canciones que me ha parecido componer, he pintado centenares de cuadros, y he, y he, y he, como un rock cantado a coro con todas las personalidades, m\u00faltiples y osadas, que he podido reunir dentro de m\u00ed.\r\n\r\n\"Y ahora, si ven\u00eds, ahora que ser\u00e1 ma\u00f1ana y tambi\u00e9n un ayer como siempre, sabr\u00e9is los tres reales de c\u00f3mo lo he hecho, m\u00e1s o menos.\r\n\r\n\"Bien, ya est\u00e1, por s\u00ed quer\u00edais tres caldos esto es media taza.\r\n\r\n\"Gracias por vuestra sonrisa, ya s\u00e9 que no prueba nada\".\r\n\r\n&nbsp;\r\n\r\nEn esta sesi\u00f3n veremos un v\u00eddeo con una selecci\u00f3n de sus actuaciones entre los a\u00f1os 2001 y 2024.\r\n\r\n&nbsp;","desc_en":"<strong>Joan Vinuesa i Baliu<\/strong>. Self-taught and insubmissive. Artist by necessity.\r\n\r\n\u2018The first painting exhibition I did was organised by my father, in the house in the Sants neighbourhood where we lived, with my mother and grandparents, when I was five years old. The drawings hung on strips of gummed paper one on top of the other, and the themes were boats, Indians and convoys, whales, volcanoes and battles with cannons firing. The exhibition lasted about two months. Relatives, neighbours and friends who came to the house could look at those first drawings; before, people visited more, and to their surprise, it was in the 50s, there was no TV, few cars and the only machines in the house were sewing machines with pedals, a wall clock and a radio. Sixty-five years have passed. I expanded my natural unease and at last a bit of art came out, like a squeezed oil painting, scarce and precious, like everyone has, more or less.\r\n\r\n\u2018I have practised many expressions and creations have come out of me, many attempts at poetry, narratives of journeys from which I have never returned, essays of the absurd and of the mysterious imagination, of dancing my \u2018performances\u2019 improvising the language, I have sung the songs I have seemed to compose, I have painted hundreds of pictures, and I have, and have, and have, and have, like a rock sung in chorus with all the personalities, multiple and daring, that I have been able to gather inside me.\r\n\r\n\u2018And now, if you come, now that it will be tomorrow and also a yesterday as always, you'll know the three reals of how I've done it, more or less.\r\n\r\n\u2018Well, that's it, in case you wanted three cups of broth, this is half a cup.\r\n\r\n\u2018Thank you for your smile, I know it doesn't prove anything\u2019.\r\n\r\nIn this session we will watch a video with a selection of his performances between 2001 and 2024.\r\n\r\n&nbsp;","event_category":219,"event_show_only_own_date":false,"_event_confirmed":true,"_event_public":true,"_event_free":true,"_event_price-min":"","_event_price-max":"","_event_web_ca":"https:\/\/artssantamonica.gencat.cat\/ca\/detall\/Dimarts-de-video-00121","_event_web_es":"https:\/\/artssantamonica.gencat.cat\/es\/detall\/Dimarts-de-video-00121","_event_web_en":"https:\/\/artssantamonica.gencat.cat\/en\/detall\/Dimarts-de-video-00121","event_contact_email":"santamonica@gencat.cat","event_apply_email":"","is_online_event":false,"is_art_nou_event":false,"is_bgw_event":false,"date_text":"","register_deadline":null,"altres_organitzadors":""},"abe_event_venue":"Santa M\u00f2nica","abe_event_category":"Screening","start":"2025-03-18 19:00:00","end":"2025-03-18 20:00:00","schedule":"once","schedule_meta":"","frequency":1,"all_day":0,"until":"2025-03-18 19:00:00","include":[],"exclude":[],"_links":{"self":[{"href":"https:\/\/graf.cat\/es\/wp-json\/wp\/v2\/events\/44182","targetHints":{"allow":["GET"]}}],"collection":[{"href":"https:\/\/graf.cat\/es\/wp-json\/wp\/v2\/events"}],"about":[{"href":"https:\/\/graf.cat\/es\/wp-json\/wp\/v2\/types\/event"}],"author":[{"embeddable":true,"href":"https:\/\/graf.cat\/es\/wp-json\/wp\/v2\/users\/19"}],"occurrences":[{"embeddable":true,"href":"https:\/\/graf.cat\/es\/wp-json\/wp\/v2\/events\/44182\/occurrences"}],"acf:term":[{"embeddable":true,"taxonomy":"event-category","href":"https:\/\/graf.cat\/es\/wp-json\/wp\/v2\/event-category\/219"}],"wp:featuredmedia":[{"embeddable":true,"href":"https:\/\/graf.cat\/es\/wp-json\/wp\/v2\/media\/44183"}],"wp:attachment":[{"href":"https:\/\/graf.cat\/es\/wp-json\/wp\/v2\/media?parent=44182"}],"wp:term":[{"taxonomy":"event-venue","embeddable":true,"href":"https:\/\/graf.cat\/es\/wp-json\/wp\/v2\/event-venues?post=44182"},{"taxonomy":"event-tag","embeddable":true,"href":"https:\/\/graf.cat\/es\/wp-json\/wp\/v2\/event-tags?post=44182"}],"curies":[{"name":"wp","href":"https:\/\/api.w.org\/{rel}","templated":true}]}}

Dimarts de vídeo / FLUX SUMMA: Joan Vinuesa

<strong>Joan Vinuesa i Baliu</strong>. Autodidacte i insubmís. Artista per necessitat.

"La primera exposició de pintura que vaig fer me la va organitzar el meu pare, a la casa del barri de Sants on vivíem, amb la mare i els avis, jo tenia cinc anys. Els dibuixos penjaven d’unes tires de paper engomat els uns dels altres, i tenien per temes, <em>barcos</em>, indis i “combois”, balenes, volcans i batalles amb canons disparant. Van ser uns dos mesos d’exposició. Els familiars, veïns i amics que venien a casa podien mirar aquells primers dibuixos; abans la gent es visitava més, i per sorpresa, eren els anys 50, no hi havia “tele”, pocs cotxes i les úniques màquines de la casa eren les de cosir amb pedals, un rellotge de paret i la ràdio. Han passat 65 anys. Vaig anar ampliant el meu neguit natural i a la fi en va sortir una mica d’art, com un oli exprimit, escàs i preciós, com tothom té, més o menys.

"He practicat moltes expressions i creacions que han sortit de mi, molts intents de poesia, narracions dels viatges dels que mai he tornat, assajos de l’absurd i de la imaginació misteriosa, de ballar les meves “performances” improvisant el llenguatge, he cantat les cançons que m’ha semblat compondre, he pintat centenars de quadres, i he, i he, i he, com un rock cantat a cor amb totes les personalitats, múltiples i agosarades, que he pogut reunir dins meu.

"I ara, si veniu, ara que serà demà i també un ahir com sempre, sabreu els tres rals de com ho he fet, més o menys.

"Bé, ja està, per si volíeu tres caldos això n’és mitja tassa.

"Gràcies pel vostre somriure, ja sé que no prova res".

&nbsp;

En aquesta sessió veurem un vídeo amb una selecció de les seves actuacions entre els anys 2001 i 2024.

&nbsp;

<strong>Joan Vinuesa i Baliu</strong>. Autodidacta e insumiso. Artista por necesidad.

"La primera exposición de pintura que hice me la organizó mi padre, en la casa del barrio de Sants donde vivíamos, con la madre y los abuelos, yo tenía cinco años. Los dibujos colgaban de unas tiras de papel engomado los unos de los otros, y tenían por temas, barcos, indios y “convoys”, ballenas, volcanes y batallas con cañones disparando. Fueron unos dos meses de exposición. Los familiares, vecinos y amigos que venían a casa podían mirar aquellos primeros dibujos; antes la gente se visitaba más, y para sorpresa, eran en 50s, no había “tele”, pocos coches y las únicas máquinas de la casa eran las de coser con pedales, un reloj de pared y la radio. Han pasado 65 años. Fui ampliando mi desazón natural y al fin salió un poco de arte, como un óleo exprimido, escaso y precioso, como todo el mundo tiene, más o menos.

"He practicado muchas expresiones y creaciones han salido de mí, muchos intentos de poesía, narraciones de los viajes de los que nunca he vuelto, ensayos del absurdo y de la imaginación misteriosa, de bailar mis 'performances' improvisando el lenguaje, he cantado las canciones que me ha parecido componer, he pintado centenares de cuadros, y he, y he, y he, como un rock cantado a coro con todas las personalidades, múltiples y osadas, que he podido reunir dentro de mí.

"Y ahora, si venís, ahora que será mañana y también un ayer como siempre, sabréis los tres reales de cómo lo he hecho, más o menos.

"Bien, ya está, por sí queríais tres caldos esto es media taza.

"Gracias por vuestra sonrisa, ya sé que no prueba nada".

&nbsp;

En esta sesión veremos un vídeo con una selección de sus actuaciones entre los años 2001 y 2024.

&nbsp;

Santa Mònica
