{"id":44190,"guid":{"rendered":"https:\/\/graf.cat\/?post_type=event&#038;p=44190"},"modified":"2024-12-17T10:56:47","modified_gmt":"2024-12-17T08:56:47","slug":"dimarts-de-video-que-todxs-puedan-correr-jugar-banarse-y-disfrutar","status":"publish","type":"event","link":"https:\/\/graf.cat\/es\/events\/event\/dimarts-de-video-que-todxs-puedan-correr-jugar-banarse-y-disfrutar\/","title":{"rendered":"Dimarts de v\u00eddeo \/ Que todxs puedan correr, jugar, ba\u00f1arse y disfrutar"},"content":{"rendered":"","protected":false},"excerpt":{"rendered":"","protected":false},"author":19,"featured_media":44191,"template":"","meta":{"_acf_changed":false,"_monsterinsights_skip_tracking":false,"_monsterinsights_sitenote_active":false,"_monsterinsights_sitenote_note":"","_monsterinsights_sitenote_category":0},"event-venues":[560],"event-tags":[],"class_list":["post-44190","event","type-event","status-publish","has-post-thumbnail","hentry","event-venue-santa-monica","event-category-screening"],"acf":{"title_ca":"Dimarts de v\u00eddeo \/ Que todxs puedan correr, jugar, ba\u00f1arse y disfrutar","title_es":"Martes de video \/ Que todxs puedan correr, jugar, ba\u00f1arse y disfrutar","title_en":"Tuesday of video \/ Que todxs puedan correr, jugar, ba\u00f1arse y disfrutar","desc_ca":"<em><strong>Protectio<\/strong>\u00a0<\/em>(2014) narra les hist\u00f2ries de vida en un lloc creat per Lydia i Jordi: la protectora d'animals Lydia Argil\u00e9s. El projecte d'aquest treball va arrencar quan el realitzador va visitar la protectora per fer un v\u00eddeo destinat a aconseguir fons per a aquesta. En con\u00e8ixer el relat i les persones que sustentaven el projecte, Raul Vicente els va proposar rodar un documental que mostr\u00e9s les vides humanes i no humanes que convergeixen en aquest enclavament rural de Lleida. La cinta mostra un retrat etnogr\u00e0fic de les quotidianitats dels personatges principals, que viuen compartint espai entre centenars de gossos i gats abandonats. Queden relatats els seus sistemes de valors, la seva manera d'entendre i afrontar la vida, amb una cosmologia pr\u00f2pia disposada a plantar cara a les contradiccions de la societat. Amb una vida de sacrifici al servei, la protecci\u00f3 i la salva de milers de vides a la seva esquena, les seves reflexions ens plantegen que alguna cosa falla a la societat, alguna cosa no va b\u00e9 en les seves normes, les seves creences i els seus actes.\r\n\r\nEl v\u00eddeo vindr\u00e0 acompanyat de la intervenci\u00f3 de\u00a0<strong>Yvonne Ram\u00edrez<\/strong>, qui en el seu comentari reflexionar\u00e0 al voltant del treball etnogr\u00e0fic i la contund\u00e8ncia d'unes vides que han deixat de embolicar-se en la paraula i en les lluites culturals per transformar el present des d'un inapel\u00b7lable fer.","desc_es":"<strong><em>Protectio<\/em>\u00a0<\/strong>(2014) narra las historias de vida en un lugar creado por Lydia y Jordi: la protectora de animales Lydia Argil\u00e9s. El proyecto de este trabajo arranc\u00f3 cuando el realizador visit\u00f3 la protectora para hacer un v\u00eddeo destinado a conseguir fondos para la misma. Al conocer el relato y las personas que sustentaban el proyecto, Raul Vicente les propuso rodar un documental que mostrara las vidas humanas y no humanas que convergen en este enclave rural de Lleida. La cinta muestra un retrato etnogr\u00e1fico de las cotidianidades de los personajes principales, que viven compartiendo espacio entre centenares de perros y gatos abandonados. Quedan relatados sus sistemas de valores, su manera de entender y afrontar la vida, con una cosmolog\u00eda propia dispuesta a plantar cara a las contradicciones de la sociedad. Con una vida de sacrificio al servicio, la protecci\u00f3n y la salva de miles de vidas a sus espaldas, sus reflexiones nos plantean que algo falla en la sociedad, algo no va bien en sus normas, sus creencias y sus actos.\r\n\r\nEl v\u00eddeo vendr\u00e1 acompa\u00f1ado de la intervenci\u00f3n de\u00a0<strong>Yvonne Ram\u00edrez<\/strong>, quien en su comentario reflexionar\u00e1 en torno al trabajo etnogr\u00e1fico y la contundencia de unas vidas que han dejado de enredarse en la palabra y en las luchas culturales para transformar el presente desde un inapelable hacer.","desc_en":"<em><strong>Protectio<\/strong><\/em>\u00a0(2014) tells the stories of life in a place created by Lydia and Jordi: the Lydia Argil\u00e9s animal shelter. The project for this work began when the filmmaker visited the shelter to make a video to raise funds for it. On learning about the story and the people behind the project, Raul Vicente proposed shooting a documentary that would show the human and non-human lives that converge in this rural enclave of Lleida. The film shows an ethnographic portrait of the daily lives of the main characters, who live sharing space among hundreds of abandoned dogs and cats. Their value systems, their way of understanding and facing life, with their own cosmology ready to stand up to the contradictions of society, are portrayed. With a life of sacrifice in the service, protection and saving of thousands of lives behind them, their reflections show us that something is wrong with society, something is wrong with its norms, beliefs and actions.\r\n\r\nThe video will be accompanied by the intervention of\u00a0<strong>Yvonne Ram\u00edrez<\/strong>, who in her commentary will reflect on the ethnographic work and the forcefulness of lives that have ceased to be entangled in words and cultural struggles to transform the present from an unappealable doing.","event_category":219,"event_show_only_own_date":false,"_event_confirmed":true,"_event_public":true,"_event_free":true,"_event_price-min":"","_event_price-max":"","_event_web_ca":"https:\/\/artssantamonica.gencat.cat\/ca\/detall\/Dimarts-de-video-00120","_event_web_es":"https:\/\/artssantamonica.gencat.cat\/es\/detall\/Dimarts-de-video-00120","_event_web_en":"https:\/\/artssantamonica.gencat.cat\/en\/detall\/Dimarts-de-video-00120","event_contact_email":"santamonica@gencat.cat","event_apply_email":"","is_online_event":false,"is_art_nou_event":false,"is_bgw_event":false,"date_text":"","register_deadline":null,"altres_organitzadors":""},"abe_event_venue":"Santa M\u00f2nica","abe_event_category":"Screening","start":"2025-03-25 19:00:00","end":"2025-03-25 20:00:00","schedule":"once","schedule_meta":"","frequency":1,"all_day":0,"until":"2025-03-25 19:00:00","include":[],"exclude":[],"_links":{"self":[{"href":"https:\/\/graf.cat\/es\/wp-json\/wp\/v2\/events\/44190","targetHints":{"allow":["GET"]}}],"collection":[{"href":"https:\/\/graf.cat\/es\/wp-json\/wp\/v2\/events"}],"about":[{"href":"https:\/\/graf.cat\/es\/wp-json\/wp\/v2\/types\/event"}],"author":[{"embeddable":true,"href":"https:\/\/graf.cat\/es\/wp-json\/wp\/v2\/users\/19"}],"occurrences":[{"embeddable":true,"href":"https:\/\/graf.cat\/es\/wp-json\/wp\/v2\/events\/44190\/occurrences"}],"acf:term":[{"embeddable":true,"taxonomy":"event-category","href":"https:\/\/graf.cat\/es\/wp-json\/wp\/v2\/event-category\/219"}],"wp:featuredmedia":[{"embeddable":true,"href":"https:\/\/graf.cat\/es\/wp-json\/wp\/v2\/media\/44191"}],"wp:attachment":[{"href":"https:\/\/graf.cat\/es\/wp-json\/wp\/v2\/media?parent=44190"}],"wp:term":[{"taxonomy":"event-venue","embeddable":true,"href":"https:\/\/graf.cat\/es\/wp-json\/wp\/v2\/event-venues?post=44190"},{"taxonomy":"event-tag","embeddable":true,"href":"https:\/\/graf.cat\/es\/wp-json\/wp\/v2\/event-tags?post=44190"}],"curies":[{"name":"wp","href":"https:\/\/api.w.org\/{rel}","templated":true}]}}

Dimarts de vídeo / Que todxs puedan correr, jugar, bañarse y disfrutar

Martes de video / Que todxs puedan correr, jugar, bañarse y disfrutar

Tuesday of video / Que todxs puedan correr, jugar, bañarse y disfrutar

<em><strong>Protectio</strong> </em>(2014) narra les històries de vida en un lloc creat per Lydia i Jordi: la protectora d'animals Lydia Argilés. El projecte d'aquest treball va arrencar quan el realitzador va visitar la protectora per fer un vídeo destinat a aconseguir fons per a aquesta. En conèixer el relat i les persones que sustentaven el projecte, Raul Vicente els va proposar rodar un documental que mostrés les vides humanes i no humanes que convergeixen en aquest enclavament rural de Lleida. La cinta mostra un retrat etnogràfic de les quotidianitats dels personatges principals, que viuen compartint espai entre centenars de gossos i gats abandonats. Queden relatats els seus sistemes de valors, la seva manera d'entendre i afrontar la vida, amb una cosmologia pròpia disposada a plantar cara a les contradiccions de la societat. Amb una vida de sacrifici al servei, la protecció i la salva de milers de vides a la seva esquena, les seves reflexions ens plantegen que alguna cosa falla a la societat, alguna cosa no va bé en les seves normes, les seves creences i els seus actes.

El vídeo vindrà acompanyat de la intervenció de <strong>Yvonne Ramírez</strong>, qui en el seu comentari reflexionarà al voltant del treball etnogràfic i la contundència d'unes vides que han deixat de embolicar-se en la paraula i en les lluites culturals per transformar el present des d'un inapel·lable fer.

<strong><em>Protectio</em> </strong>(2014) narra las historias de vida en un lugar creado por Lydia y Jordi: la protectora de animales Lydia Argilés. El proyecto de este trabajo arrancó cuando el realizador visitó la protectora para hacer un vídeo destinado a conseguir fondos para la misma. Al conocer el relato y las personas que sustentaban el proyecto, Raul Vicente les propuso rodar un documental que mostrara las vidas humanas y no humanas que convergen en este enclave rural de Lleida. La cinta muestra un retrato etnográfico de las cotidianidades de los personajes principales, que viven compartiendo espacio entre centenares de perros y gatos abandonados. Quedan relatados sus sistemas de valores, su manera de entender y afrontar la vida, con una cosmología propia dispuesta a plantar cara a las contradicciones de la sociedad. Con una vida de sacrificio al servicio, la protección y la salva de miles de vidas a sus espaldas, sus reflexiones nos plantean que algo falla en la sociedad, algo no va bien en sus normas, sus creencias y sus actos.

El vídeo vendrá acompañado de la intervención de <strong>Yvonne Ramírez</strong>, quien en su comentario reflexionará en torno al trabajo etnográfico y la contundencia de unas vidas que han dejado de enredarse en la palabra y en las luchas culturales para transformar el presente desde un inapelable hacer.

<em><strong>Protectio</strong></em> (2014) tells the stories of life in a place created by Lydia and Jordi: the Lydia Argilés animal shelter. The project for this work began when the filmmaker visited the shelter to make a video to raise funds for it. On learning about the story and the people behind the project, Raul Vicente proposed shooting a documentary that would show the human and non-human lives that converge in this rural enclave of Lleida. The film shows an ethnographic portrait of the daily lives of the main characters, who live sharing space among hundreds of abandoned dogs and cats. Their value systems, their way of understanding and facing life, with their own cosmology ready to stand up to the contradictions of society, are portrayed. With a life of sacrifice in the service, protection and saving of thousands of lives behind them, their reflections show us that something is wrong with society, something is wrong with its norms, beliefs and actions.

The video will be accompanied by the intervention of <strong>Yvonne Ramírez</strong>, who in her commentary will reflect on the ethnographic work and the forcefulness of lives that have ceased to be entangled in words and cultural struggles to transform the present from an unappealable doing.

Santa Mònica
