{"id":44665,"guid":{"rendered":"https:\/\/graf.cat\/?post_type=event&#038;p=44665"},"modified":"2025-01-16T16:32:35","modified_gmt":"2025-01-16T14:32:35","slug":"antoni-tapies-la-imaginacio-del-mon","status":"publish","type":"event","link":"https:\/\/graf.cat\/es\/events\/event\/antoni-tapies-la-imaginacio-del-mon\/","title":{"rendered":"Antoni T\u00e0pies. La imaginaci\u00f3 del m\u00f3n"},"content":{"rendered":"","protected":false},"excerpt":{"rendered":"","protected":false},"author":8,"featured_media":44666,"template":"","meta":{"_acf_changed":false,"_monsterinsights_skip_tracking":false,"_monsterinsights_sitenote_active":false,"_monsterinsights_sitenote_note":"","_monsterinsights_sitenote_category":0},"event-venues":[734],"event-tags":[],"class_list":["post-44665","event","type-event","status-publish","has-post-thumbnail","hentry","event-venue-museu-tapies","event-category-exposicio"],"acf":{"title_ca":"Antoni T\u00e0pies. La imaginaci\u00f3 del m\u00f3n","title_es":"Antoni T\u00e0pies. La imaginaci\u00f3n del mundo","title_en":"Antoni T\u00e0pies: The Imagination of the World","desc_ca":"El projecte monogr\u00e0fic\u00a0<em>Antoni T\u00e0pies. La imaginaci\u00f3 del m\u00f3n<\/em>\u00a0plantejar\u00e0 una revisi\u00f3 de l\u2019obra d\u2019Antoni T\u00e0pies a partir de les idees contingudes en la seva producci\u00f3 m\u00e9s primerenca. Prenent la figura de T\u00e0pies com a node central, l\u2019exposici\u00f3 mirar\u00e0 de cartografiar una xarxa de relacions entre agents, discursos i pr\u00e0ctiques al voltant de dos eixos: d\u2019una banda, la complexa assimilaci\u00f3 de corrents art\u00edstics \u2014dad\u00e0, surrealisme\u2014 i de pensament \u2014psicoan\u00e0lisi, marxisme\u2014 a la Barcelona de l\u2019\u00e8poca; i, de l\u2019altra, el di\u00e0leg que aquests moviments van establir amb diverses formes de tradici\u00f3 vernacla i cultura popular. La selecci\u00f3 de materials se centrar\u00e0 en el per\u00edode que va des d\u2019inicis dels anys quaranta fins a mitjans dels cinquanta, tot i que tamb\u00e9 suggerir\u00e0 possibles continu\u00eftats i ruptures al llarg de les seg\u00fcents d\u00e8cades.\r\n\r\nL\u2019exposici\u00f3 pren el seu t\u00edtol d\u2019un assaig publicat per l\u2019artista l\u2019any 1999, en qu\u00e8 les idees d\u2019interdisciplinarietat i interculturalitat ocupen un lloc central. Des de posicions te\u00f2riques que pretenen anar m\u00e9s enll\u00e0 de la hist\u00f2ria de l\u2019art i el model biogr\u00e0fic, aquesta exposici\u00f3 reunir\u00e0 una multiplicitat d\u2019objectes est\u00e8tics de diverses proced\u00e8ncies amb un triple objectiu: primer, ampliar les genealogies de l\u2019univers tapi\u00e0 cap a refer\u00e8ncies menys\u00a0habituals, analitzant no nom\u00e9s els textos i les imatges sin\u00f3 tamb\u00e9 els contextos i els imaginaris; segon, problematitzar certs debats del moment sobre l\u2019acad\u00e8mia, els primitivismes,\u00a0el cos, la natura o l\u2019espectacle, entre d\u2019altres, i tercer, recuperar cr\u00edticament des del present aquells aspectes que ens permetin seguir imaginant noves formes de ser al m\u00f3n.","desc_es":"El proyecto monogr\u00e1fico\u00a0<em>La imaginaci\u00f3n del mundo<\/em>\u00a0plantear\u00e1 una revisi\u00f3n de la obra de Antoni T\u00e0pies a partir de las ideas contenidas en su producci\u00f3n m\u00e1s temprana. Tomando\u00a0la figura de T\u00e0pies como nodo central, la exposici\u00f3n tratar\u00e1 de cartografiar una red de relaciones entre agentes, discursos y pr\u00e1cticas en torno a dos ejes: por una parte, la compleja\u00a0asimilaci\u00f3n de corrientes art\u00edsticas \u2014dad\u00e1, surrealismo\u2014 y de pensamiento \u2014psicoan\u00e1lisis, marxismo\u2014 en la Barcelona de la \u00e9poca; y, por otro, el di\u00e1logo que dichos movimientos\u00a0establecieron con diferentes formas de tradici\u00f3n vern\u00e1cula y cultura popular. La selecci\u00f3n de materiales se centrar\u00e1 en el per\u00edodo que va desde comienzos de los a\u00f1os cuarenta hasta mediados de los cincuenta, aunque tambi\u00e9n sugerir\u00e1 posibles continuidades y rupturas a lo largo de las siguientes d\u00e9cadas.\r\n\r\nLa exposici\u00f3n toma su t\u00edtulo de un ensayo publicado por el artista en 1999, en el que las ideas de interdisciplinariedad e interculturalidad ocupan un lugar central.\u00a0Desde posiciones te\u00f3ricas que pretenden ir m\u00e1s all\u00e1 de la historia del arte y el modelo biogr\u00e1fico, esta exposici\u00f3n reunir\u00e1 una multiplicidad de objetos est\u00e9ticos de procedencias\u00a0diversas con un triple objetivo: primero, ampliar las genealog\u00edas del universo tapiano hacia referencias menos habituales, analizando no solo los textos y las im\u00e1genes sino tambi\u00e9n los contextos y los imaginarios; segundo, problematizar ciertos debates del momento sobre la academia, los primitivismos, el cuerpo, la naturaleza o el espect\u00e1culo, entre otros, y tercero, recuperar cr\u00edticamente desde el presente aquellos aspectos que nos permitan seguir imaginando nuevas formas de estar en el mundo.","desc_en":"The solo exhibition\u00a0<em>The Imagination of the World<\/em>\u00a0proposes a revision of the work of Antoni T\u00e0pies based on ideas found in his earliest period of production. With T\u00e0pies as the centre of the project, the exhibition seeks to map out a network of relationships between active\r\n\r\nagents, discourses and practices, as related to two key areas: on the one hand, the complex assimilation of artistic tendencies\u2014such as dada and surrealism\u2014and currents of\u00a0thought\u2014psychoanalysis, Marxism\u2014in Barcelona in that period; on the other hand, the\r\ndialogue of these movements with various forms of the vernacular tradition of popular culture. The curatorial selection of works will focus on the period from the early 1940s to the mid-1950s, while also suggesting other possible areas of continuity or rupture over the following decades.\r\n\r\nThe exhibition takes its title from an essay written by the artist at the end of his life, where ideas related to inter-disciplinarity and interculturality play a significant role. Basing itself on theoretical positions that seek to go beyond art history and the biographical model, the exhibition will feature a multiplicity of aesthetic objects with diverse origins, with a three-fold aim: first, to broaden the genealogies of T\u00e0pies \u2019world towards less habitual references, analysing texts and images as well as contexts and imaginary realms; second, to raise concerns in relation to various current debates on the academy, primitivist modes, the body, nature or the spectacle, amongst others, and third, to critically revive those considerations that allow us to keep conceiving new ways of being in the world.","event_category":103,"event_show_only_own_date":true,"_event_confirmed":true,"_event_public":true,"_event_free":false,"_event_price-min":0,"_event_price-max":12,"_event_web_ca":"https:\/\/museutapies.org\/exposicio\/antoni-tapies-la-imaginacio-del-mon\/","_event_web_es":"https:\/\/museutapies.org\/es\/exposicio\/antoni-tapies-la-imaginacion-del-mundo\/","_event_web_en":"https:\/\/museutapies.org\/en\/exposicio\/antoni-tapies-the-imagination-of-the-world\/","event_contact_email":"","event_apply_email":"","is_online_event":false,"is_art_nou_event":false,"is_bgw_event":false,"date_text":"","register_deadline":null,"altres_organitzadors":""},"abe_event_venue":"Museu T\u00e0pies","abe_event_category":"Exposici\u00f3","start":"2025-02-13 00:00:00","end":"2026-01-25 23:59:00","schedule":"once","schedule_meta":"","frequency":1,"all_day":1,"until":"2025-02-13 00:00:00","include":[],"exclude":[],"_links":{"self":[{"href":"https:\/\/graf.cat\/es\/wp-json\/wp\/v2\/events\/44665","targetHints":{"allow":["GET"]}}],"collection":[{"href":"https:\/\/graf.cat\/es\/wp-json\/wp\/v2\/events"}],"about":[{"href":"https:\/\/graf.cat\/es\/wp-json\/wp\/v2\/types\/event"}],"author":[{"embeddable":true,"href":"https:\/\/graf.cat\/es\/wp-json\/wp\/v2\/users\/8"}],"occurrences":[{"embeddable":true,"href":"https:\/\/graf.cat\/es\/wp-json\/wp\/v2\/events\/44665\/occurrences"}],"acf:term":[{"embeddable":true,"taxonomy":"event-category","href":"https:\/\/graf.cat\/es\/wp-json\/wp\/v2\/event-category\/103"}],"wp:featuredmedia":[{"embeddable":true,"href":"https:\/\/graf.cat\/es\/wp-json\/wp\/v2\/media\/44666"}],"wp:attachment":[{"href":"https:\/\/graf.cat\/es\/wp-json\/wp\/v2\/media?parent=44665"}],"wp:term":[{"taxonomy":"event-venue","embeddable":true,"href":"https:\/\/graf.cat\/es\/wp-json\/wp\/v2\/event-venues?post=44665"},{"taxonomy":"event-tag","embeddable":true,"href":"https:\/\/graf.cat\/es\/wp-json\/wp\/v2\/event-tags?post=44665"}],"curies":[{"name":"wp","href":"https:\/\/api.w.org\/{rel}","templated":true}]}}

Antoni Tàpies. La imaginació del món

Antoni Tàpies. La imaginación del mundo

Antoni Tàpies: The Imagination of the World

El projecte monogràfic <em>Antoni Tàpies. La imaginació del món</em> plantejarà una revisió de l’obra d’Antoni Tàpies a partir de les idees contingudes en la seva producció més primerenca. Prenent la figura de Tàpies com a node central, l’exposició mirarà de cartografiar una xarxa de relacions entre agents, discursos i pràctiques al voltant de dos eixos: d’una banda, la complexa assimilació de corrents artístics —dadà, surrealisme— i de pensament —psicoanàlisi, marxisme— a la Barcelona de l’època; i, de l’altra, el diàleg que aquests moviments van establir amb diverses formes de tradició vernacla i cultura popular. La selecció de materials se centrarà en el període que va des d’inicis dels anys quaranta fins a mitjans dels cinquanta, tot i que també suggerirà possibles continuïtats i ruptures al llarg de les següents dècades.

L’exposició pren el seu títol d’un assaig publicat per l’artista l’any 1999, en què les idees d’interdisciplinarietat i interculturalitat ocupen un lloc central. Des de posicions teòriques que pretenen anar més enllà de la història de l’art i el model biogràfic, aquesta exposició reunirà una multiplicitat d’objectes estètics de diverses procedències amb un triple objectiu: primer, ampliar les genealogies de l’univers tapià cap a referències menys habituals, analitzant no només els textos i les imatges sinó també els contextos i els imaginaris; segon, problematitzar certs debats del moment sobre l’acadèmia, els primitivismes, el cos, la natura o l’espectacle, entre d’altres, i tercer, recuperar críticament des del present aquells aspectes que ens permetin seguir imaginant noves formes de ser al món.

El proyecto monográfico <em>La imaginación del mundo</em> planteará una revisión de la obra de Antoni Tàpies a partir de las ideas contenidas en su producción más temprana. Tomando la figura de Tàpies como nodo central, la exposición tratará de cartografiar una red de relaciones entre agentes, discursos y prácticas en torno a dos ejes: por una parte, la compleja asimilación de corrientes artísticas —dadá, surrealismo— y de pensamiento —psicoanálisis, marxismo— en la Barcelona de la época; y, por otro, el diálogo que dichos movimientos establecieron con diferentes formas de tradición vernácula y cultura popular. La selección de materiales se centrará en el período que va desde comienzos de los años cuarenta hasta mediados de los cincuenta, aunque también sugerirá posibles continuidades y rupturas a lo largo de las siguientes décadas.

La exposición toma su título de un ensayo publicado por el artista en 1999, en el que las ideas de interdisciplinariedad e interculturalidad ocupan un lugar central. Desde posiciones teóricas que pretenden ir más allá de la historia del arte y el modelo biográfico, esta exposición reunirá una multiplicidad de objetos estéticos de procedencias diversas con un triple objetivo: primero, ampliar las genealogías del universo tapiano hacia referencias menos habituales, analizando no solo los textos y las imágenes sino también los contextos y los imaginarios; segundo, problematizar ciertos debates del momento sobre la academia, los primitivismos, el cuerpo, la naturaleza o el espectáculo, entre otros, y tercero, recuperar críticamente desde el presente aquellos aspectos que nos permitan seguir imaginando nuevas formas de estar en el mundo.

The solo exhibition <em>The Imagination of the World</em> proposes a revision of the work of Antoni Tàpies based on ideas found in his earliest period of production. With Tàpies as the centre of the project, the exhibition seeks to map out a network of relationships between active

agents, discourses and practices, as related to two key areas: on the one hand, the complex assimilation of artistic tendencies—such as dada and surrealism—and currents of thought—psychoanalysis, Marxism—in Barcelona in that period; on the other hand, the
dialogue of these movements with various forms of the vernacular tradition of popular culture. The curatorial selection of works will focus on the period from the early 1940s to the mid-1950s, while also suggesting other possible areas of continuity or rupture over the following decades.

The exhibition takes its title from an essay written by the artist at the end of his life, where ideas related to inter-disciplinarity and interculturality play a significant role. Basing itself on theoretical positions that seek to go beyond art history and the biographical model, the exhibition will feature a multiplicity of aesthetic objects with diverse origins, with a three-fold aim: first, to broaden the genealogies of Tàpies ’world towards less habitual references, analysing texts and images as well as contexts and imaginary realms; second, to raise concerns in relation to various current debates on the academy, primitivist modes, the body, nature or the spectacle, amongst others, and third, to critically revive those considerations that allow us to keep conceiving new ways of being in the world.

Museu Tàpies

Exposició
