{"id":45318,"guid":{"rendered":"https:\/\/graf.cat\/?post_type=event&#038;p=45318"},"modified":"2025-02-06T14:46:22","modified_gmt":"2025-02-06T12:46:22","slug":"la-poetica-de-lespai-amb-ingrid-guardiola-i-andreu-gomila","status":"publish","type":"event","link":"https:\/\/graf.cat\/es\/events\/event\/la-poetica-de-lespai-amb-ingrid-guardiola-i-andreu-gomila\/","title":{"rendered":"La po\u00e8tica de l\u2019espai, amb Ingrid Guardiola i Andreu Gomila"},"content":{"rendered":"","protected":false},"excerpt":{"rendered":"","protected":false},"author":102,"featured_media":45319,"template":"","meta":{"_acf_changed":false,"_monsterinsights_skip_tracking":false,"_monsterinsights_sitenote_active":false,"_monsterinsights_sitenote_note":"","_monsterinsights_sitenote_category":0},"event-venues":[699],"event-tags":[],"class_list":["post-45318","event","type-event","status-publish","has-post-thumbnail","hentry","event-venue-llibreria-22","event-category-trobada"],"acf":{"title_ca":"La po\u00e8tica de l\u2019espai, amb Ingrid Guardiola i Andreu Gomila","title_es":"La po\u00e9tica del espacio, con Ingrid Guardiola y Andreu Gomila","title_en":"The poetics of space, with Ingrid Guardiola and Andreu Gomila","desc_ca":"Presentaci\u00f3 del llibre 'La po\u00e8tica de l\u2019espai' de Gaston Bachelard, publicat el 2024 per Angle Editorial.\r\n\r\nA c\u00e0rrec d\u2019Ingrid Guardiola, directora del B\u00f2lit i Andreu Gomila, traductor.\r\n\r\nAquest assaig literari sobre la imaginaci\u00f3 po\u00e8tica \u00e9s un cl\u00e0ssic del segle xx. Alhora fil\u00f2sof i poeta, Gaston Bachelard escriu amb un estil inconfusible, a mig cam\u00ed de la reflexi\u00f3 i la intu\u00efci\u00f3. Un assaig que aprofundeix en les relacions entre poesia i espai (arquitectura, llar, natura), es pregunta com els espais f\u00edsics influeixen en la nostra creativitat i com nosaltres habitem aquests espais, els transformem i els atorguem significats d\u2019acord amb les nostres experi\u00e8ncies.\r\n\r\nEl que pret\u00e9n Bachelard \u00e9s observar com sorgeixen les imatges po\u00e8tiques dins la ment i estudiar la imaginaci\u00f3 com un proc\u00e9s de la nostra \u00e0nima, no racional. Es tracta d\u2019un dels pensadors sobre literatura m\u00e9s intu\u00eftius i inspiradors.","desc_es":"Presentaci\u00f3n del libro 'La po\u00e9tica del espacio' de Gaston Bachelard, publicado en 2024 por Angle Editorial.\r\n\r\nA cargo de Ingrid Guardiola, directora de B\u00f2lit y Andreu Gomila, traductor.\r\n\r\nEste ensayo literario sobre la imaginaci\u00f3n po\u00e9tica es un cl\u00e1sico del siglo XX. Al mismo tiempo fil\u00f3sofo y poeta, Gaston Bachelard escribe con un estilo inconfundible, a medio camino de la reflexi\u00f3n y la intuici\u00f3n. Un ensayo que profundiza en las relaciones entre poes\u00eda y espacio (arquitectura, hogar, naturaleza), se pregunta c\u00f3mo los espacios f\u00edsicos influyen en nuestra creatividad y c\u00f3mo nosotros habitamos estos espacios, los transformamos y otorgamos significados de acuerdo con nuestras experiencias.\r\n\r\nLo que pretende Bachelard es observar c\u00f3mo surgen las im\u00e1genes po\u00e9ticas en la mente y estudiar la imaginaci\u00f3n como un proceso de nuestra alma, no racional. Se trata de uno de los pensadores sobre literatura m\u00e1s intuitivos e inspiradores.","desc_en":"Presentation of the book 'The Poetics of Space' by Gaston Bachelard, published in 2024 by Angle Editorial.\r\n\r\nBy Ingrid Guardiola, director of B\u00f2lit and Andreu Gomila, translator.\r\n\r\nThis literary essay about poetic imagination is a classic of the 20th century. Philosopher and poet, at the same time, Gaston Bachelard writes with an unmistakable style, halfway between reflection and intuition. An essay that deepens into the relationships between poetry and space (architecture, home, nature), it asks how physical spaces influence our creativity and how we live in these spaces, transform them and give them meanings according to our experiences.\r\n\r\nWhat Bachelard aims to do is observe how poetic images arise in our mind and study imagination as a process of our soul, not rational. He is one of the most intuitive and inspiring thinkers on literature.","event_category":306,"event_show_only_own_date":false,"_event_confirmed":true,"_event_public":true,"_event_free":true,"_event_price-min":"","_event_price-max":"","_event_web_ca":"https:\/\/web.girona.cat\/bolit","_event_web_es":"","_event_web_en":"","event_contact_email":"bolit@ajgirona.cat","event_apply_email":"bolit@ajgirona.cat","is_online_event":false,"is_art_nou_event":false,"is_bgw_event":false,"date_text":"","register_deadline":null,"altres_organitzadors":""},"abe_event_venue":"Llibreria 22","abe_event_category":"Trobada","start":"2025-03-13 19:00:00","end":"2025-03-13 20:30:00","schedule":"once","schedule_meta":"","frequency":1,"all_day":0,"until":"2025-03-13 19:00:00","include":[],"exclude":[],"_links":{"self":[{"href":"https:\/\/graf.cat\/es\/wp-json\/wp\/v2\/events\/45318","targetHints":{"allow":["GET"]}}],"collection":[{"href":"https:\/\/graf.cat\/es\/wp-json\/wp\/v2\/events"}],"about":[{"href":"https:\/\/graf.cat\/es\/wp-json\/wp\/v2\/types\/event"}],"author":[{"embeddable":true,"href":"https:\/\/graf.cat\/es\/wp-json\/wp\/v2\/users\/102"}],"occurrences":[{"embeddable":true,"href":"https:\/\/graf.cat\/es\/wp-json\/wp\/v2\/events\/45318\/occurrences"}],"acf:term":[{"embeddable":true,"taxonomy":"event-category","href":"https:\/\/graf.cat\/es\/wp-json\/wp\/v2\/event-category\/306"}],"wp:featuredmedia":[{"embeddable":true,"href":"https:\/\/graf.cat\/es\/wp-json\/wp\/v2\/media\/45319"}],"wp:attachment":[{"href":"https:\/\/graf.cat\/es\/wp-json\/wp\/v2\/media?parent=45318"}],"wp:term":[{"taxonomy":"event-venue","embeddable":true,"href":"https:\/\/graf.cat\/es\/wp-json\/wp\/v2\/event-venues?post=45318"},{"taxonomy":"event-tag","embeddable":true,"href":"https:\/\/graf.cat\/es\/wp-json\/wp\/v2\/event-tags?post=45318"}],"curies":[{"name":"wp","href":"https:\/\/api.w.org\/{rel}","templated":true}]}}

La poètica de l’espai, amb Ingrid Guardiola i Andreu Gomila

La poética del espacio, con Ingrid Guardiola y Andreu Gomila

Presentació del llibre 'La poètica de l’espai' de Gaston Bachelard, publicat el 2024 per Angle Editorial.

A càrrec d’Ingrid Guardiola, directora del Bòlit i Andreu Gomila, traductor.

Aquest assaig literari sobre la imaginació poètica és un clàssic del segle xx. Alhora filòsof i poeta, Gaston Bachelard escriu amb un estil inconfusible, a mig camí de la reflexió i la intuïció. Un assaig que aprofundeix en les relacions entre poesia i espai (arquitectura, llar, natura), es pregunta com els espais físics influeixen en la nostra creativitat i com nosaltres habitem aquests espais, els transformem i els atorguem significats d’acord amb les nostres experiències.

El que pretén Bachelard és observar com sorgeixen les imatges poètiques dins la ment i estudiar la imaginació com un procés de la nostra ànima, no racional. Es tracta d’un dels pensadors sobre literatura més intuïtius i inspiradors.

Presentación del libro 'La poética del espacio' de Gaston Bachelard, publicado en 2024 por Angle Editorial.

A cargo de Ingrid Guardiola, directora de Bòlit y Andreu Gomila, traductor.

Este ensayo literario sobre la imaginación poética es un clásico del siglo XX. Al mismo tiempo filósofo y poeta, Gaston Bachelard escribe con un estilo inconfundible, a medio camino de la reflexión y la intuición. Un ensayo que profundiza en las relaciones entre poesía y espacio (arquitectura, hogar, naturaleza), se pregunta cómo los espacios físicos influyen en nuestra creatividad y cómo nosotros habitamos estos espacios, los transformamos y otorgamos significados de acuerdo con nuestras experiencias.

Lo que pretende Bachelard es observar cómo surgen las imágenes poéticas en la mente y estudiar la imaginación como un proceso de nuestra alma, no racional. Se trata de uno de los pensadores sobre literatura más intuitivos e inspiradores.

Presentation of the book 'The Poetics of Space' by Gaston Bachelard, published in 2024 by Angle Editorial.

By Ingrid Guardiola, director of Bòlit and Andreu Gomila, translator.

This literary essay about poetic imagination is a classic of the 20th century. Philosopher and poet, at the same time, Gaston Bachelard writes with an unmistakable style, halfway between reflection and intuition. An essay that deepens into the relationships between poetry and space (architecture, home, nature), it asks how physical spaces influence our creativity and how we live in these spaces, transform them and give them meanings according to our experiences.

What Bachelard aims to do is observe how poetic images arise in our mind and study imagination as a process of our soul, not rational. He is one of the most intuitive and inspiring thinkers on literature.
