{"id":45887,"guid":{"rendered":"https:\/\/graf.cat\/?post_type=event&#038;p=45887"},"modified":"2025-03-07T14:27:20","modified_gmt":"2025-03-07T12:27:20","slug":"llavors-que-broten-intervencio-de-natalia-carminati-al-mercat-de-la-concepcio","status":"publish","type":"event","link":"https:\/\/graf.cat\/es\/events\/event\/llavors-que-broten-intervencio-de-natalia-carminati-al-mercat-de-la-concepcio\/","title":{"rendered":"\u201cLlavors que broten\u201d: intervenci\u00f3 de Natalia Carminati al Mercat de la Concepci\u00f3"},"content":{"rendered":"","protected":false},"excerpt":{"rendered":"","protected":false},"author":3,"featured_media":46025,"template":"","meta":{"_acf_changed":false,"_monsterinsights_skip_tracking":false,"_monsterinsights_sitenote_active":false,"_monsterinsights_sitenote_note":"","_monsterinsights_sitenote_category":0},"event-venues":[],"event-tags":[],"class_list":["post-45887","event","type-event","status-publish","has-post-thumbnail","hentry","event-category-finissage"],"acf":{"title_ca":"\u201cLlavors que broten\u201d: intervenci\u00f3 de Natalia Carminati al Mercat de la Concepci\u00f3","title_es":"\u201cLlavors que broten\u201d: intervenci\u00f3n de Natalia Carminati en el Mercado de la Concepci\u00f3","title_en":"\u201cLlavors que broten\u201d: Natalia Carminati's installation in Mercat de la Concepci\u00f3","desc_ca":"<strong>Divendres, 14\/03\r\n18h<\/strong>\r\n<strong>Mercat de la Concepci\u00f3\r\n<\/strong>(Carrer d'Arag\u00f3 313 - 317,\u00a008009 Barcelona)\r\n<p class=\"has-text-align-center\"><strong>Vine al Mercat de la Concepci\u00f3 a degustar llavors i plantes silvestres!\u00a0<\/strong><\/p>\r\n<p class=\"has-text-align-left\">El projecte <a href=\"https:\/\/www.homesession.org\/rituals-i-relats-de-llavors-eternes-with-natalia-carminati\/\" target=\"_blank\" rel=\"noopener\">\u201cRituals i relats de llavors eternes\u201d<\/a> de <a href=\"https:\/\/nataliacarminati.com\" target=\"_blank\" rel=\"noopener\">Natalia Carminati<\/a> arriba a la seva fi i el despedim amb un \u00faltim esdeveniment de clausura el proper divendres 14 de mar\u00e7.<\/p>\r\nL\u2019artista ha desenvolupat aquest projecte al llarg del 2024 a la <a href=\"https:\/\/ajuntament.barcelona.cat\/biblioteques\/ca\/bibcollserola\" target=\"_blank\" rel=\"noopener\">Biblioteca Collserola-Josep Miracle<\/a>, en el marc del programa Ex-Libris en col\u00b7laboraci\u00f3 amb Biblioteques de Barcelona.\r\n\r\nEl proper divendres 14 de mar\u00e7, l\u2019artista Natalia Carminati\u00a0\u00a0transformar\u00e0 una de les parades del Mercat de la Concepci\u00f3, on oferir\u00e0 un tast d\u2019all\u00f2\u00a0m\u00e9s original. Tamb\u00e9\u00a0presentar\u00e0 uns punts de llibre\u00a0de llavors, creats com a dispositiu de recull del projecte, que seran ofrenats a les assistents.\r\n\r\nTamb\u00e9 coneixer\u00e0s el \u201cBibliollavors\u201d, un servei de pr\u00e9stec de llavors de la <a href=\"https:\/\/ajuntament.barcelona.cat\/biblioteques\/ca\/bibcollserola\" target=\"_blank\" rel=\"noopener\">Biblioteca Collserola-Josep Miracle<\/a> que es despla\u00e7a a l\u2019Eixample de manera excepcional en aquesta jornada i en col\u00b7laboraci\u00f3 amb la Biblioteca Sofia Barat.\r\n\r\n<strong>Organitza: <a href=\"https:\/\/ajuntament.barcelona.cat\/biblioteques\/ca\" target=\"_blank\" rel=\"noopener\">Biblioteques de Barcelona<\/a> i <a href=\"https:\/\/www.homesession.org\" target=\"_blank\" rel=\"noopener\">Homesession<\/a><\/strong>\r\n<strong>Hi col\u00b7labora: <a href=\"https:\/\/www.laconcepcio.cat\/es\/\" target=\"_blank\" rel=\"noopener\">Mercat de la Concepci\u00f3<\/a><\/strong>.","desc_es":"<strong>Viernes, 14\/03<\/strong>\r\n<strong>18h<\/strong>\r\n<strong>Mercado de la Concepci\u00f3n\r\n<\/strong>(Carrer d'Arag\u00f3 313 - 317,\u00a008009 Barcelona)\r\n\r\n<strong>Ven al Mercado de la Concepci\u00f3n a degustar semillas y plantas silvestres!<\/strong>\r\n\r\nEl proyecto <a href=\"https:\/\/www.homesession.org\/rituals-i-relats-de-llavors-eternes-with-natalia-carminati\/\" target=\"_blank\" rel=\"noopener\">\u201cRituals i relats de llavors eternes\u201d<\/a> de <a href=\"https:\/\/nataliacarminati.com\" target=\"_blank\" rel=\"noopener\">Natalia Carminati<\/a> llega a su fin y lo despedimos con un \u00faltimo evento de clausura el pr\u00f3ximo viernes 14 de marzo.\r\n\r\nLa artista ha desarrollado este proyecto a lo largo del 2024 en la <a href=\"https:\/\/ajuntament.barcelona.cat\/biblioteques\/ca\/bibcollserola\" target=\"_blank\" rel=\"noopener\">Biblioteca Collserola-Josep Miracle<\/a>, en el marco del programa Ex-Libris en colaboraci\u00f3n con Bibliotecas de Barcelona.\r\n\r\nEl pr\u00f3ximo viernes 14 de marzo, la artista Natalia Carminati transformar\u00e1 una de las paradas del Mercado de la Concepci\u00f3n, donde ofrecer\u00e1 una cata de lo m\u00e1s original. Tambi\u00e9n presentar\u00e1 unos puntos de libro de semillas, creados como dispositivo de compilaci\u00f3n del proyecto, que ser\u00e1n ofrendados a las asistentes.\r\n\r\nTambi\u00e9n conocer\u00e1s el \u201cBibliollavors\u201d, un servicio de pr\u00e9stamo de semillas de la <a href=\"https:\/\/ajuntament.barcelona.cat\/biblioteques\/ca\/bibcollserola\" target=\"_blank\" rel=\"noopener\">Biblioteca Collserola-Josep Miracle<\/a> que se desplaza al Eixample de manera excepcional en esta jornada y en colaboraci\u00f3n con la Biblioteca Sofia Barat.\r\n\r\n<strong>Organiza: <a href=\"https:\/\/ajuntament.barcelona.cat\/biblioteques\/ca\" target=\"_blank\" rel=\"noopener\">Biblioteques de Barcelona<\/a> y <a href=\"https:\/\/www.homesession.org\" target=\"_blank\" rel=\"noopener\">Homesession<\/a><\/strong>\r\n<strong>colabora: <a href=\"https:\/\/www.laconcepcio.cat\/es\/\" target=\"_blank\" rel=\"noopener\">Mercado de la Concepci\u00f3<\/a>.<\/strong>","desc_en":"<strong>Friday, 14\/03<\/strong>\r\n<strong>6 pm<\/strong>\r\n<strong>Mercat de la Concepci\u00f3\r\n<\/strong>(Carrer d'Arag\u00f3 313 - 317,\u00a008009 Barcelona)<strong>\r\n<\/strong>\r\n\r\n<strong>Come to\u00a0Mercat de la Concepci\u00f3 to taste seeds and wild plants!<\/strong>\r\n\r\nThe project <a href=\"https:\/\/www.homesession.org\/rituals-i-relats-de-llavors-eternes-with-natalia-carminati\/\" target=\"_blank\" rel=\"noopener\">\u201cRituals i relats de llavors eternes\u201d<\/a>\u00a0[<em>Rituals and stories of eternal seeds<\/em>] by <a href=\"https:\/\/nataliacarminati.com\" target=\"_blank\" rel=\"noopener\">Natalia Carminati<\/a> comes to an end and we say goodbye with a final closing event on Friday 14 March.\r\n\r\nThe artist has developed this project throughout 2024 at the <a href=\"https:\/\/ajuntament.barcelona.cat\/biblioteques\/ca\/bibcollserola\" target=\"_blank\" rel=\"noopener\">Biblioteca Collserola-Josep Miracle<\/a>, as part of the Ex-Libris programme in collaboration with the Barcelona Libraries.\r\n\r\nOn Friday 14 March, the artist Natalia Carminati will transform one of the stalls at the Mercat de la Concepci\u00f3, where she will offer a highly original tasting. She will also present some seed bookmarks, created as a compilation device for the project, which will be offered to the attendees.\r\n\r\nYou will also get to know the \u2018Bibliollavors\u2019, a seed lending service of the <a href=\"https:\/\/ajuntament.barcelona.cat\/biblioteques\/ca\/bibcollserola\" target=\"_blank\" rel=\"noopener\">Biblioteca Collserola-Josep Miracle<\/a>, which will travel to the Eixample in an exceptional way on this day and in collaboration with the Biblioteca Sofia Barat.\r\n\r\n<strong>Organised by: <a href=\"https:\/\/ajuntament.barcelona.cat\/biblioteques\/ca\" target=\"_blank\" rel=\"noopener\">Biblioteques de Barcelona<\/a> and <a href=\"https:\/\/www.homesession.org\" target=\"_blank\" rel=\"noopener\">Homesession<\/a>.<\/strong>\r\n<strong>In collaboration with: <a href=\"https:\/\/www.laconcepcio.cat\/es\/\" target=\"_blank\" rel=\"noopener\">Mercat de la Concepci\u00f3<\/a>.<\/strong>","event_category":471,"event_show_only_own_date":false,"_event_confirmed":true,"_event_public":true,"_event_free":true,"_event_price-min":"","_event_price-max":"","_event_web_ca":"https:\/\/www.homesession.org\/blog\/llavors-que-broten-activitat-de-tancament-del-projecte-ex-libris-amb-natalia-carminati\/","_event_web_es":"https:\/\/www.homesession.org\/blog\/llavors-que-broten-activitat-de-tancament-del-projecte-ex-libris-amb-natalia-carminati\/","_event_web_en":"https:\/\/www.homesession.org\/blog\/llavors-que-broten-activitat-de-tancament-del-projecte-ex-libris-amb-natalia-carminati\/","event_contact_email":"","event_apply_email":"","is_online_event":false,"is_art_nou_event":false,"is_bgw_event":false,"date_text":"","register_deadline":null,"altres_organitzadors":""},"abe_event_venue":null,"abe_event_category":"Finissage","start":"2025-03-14 18:00:00","end":"2025-03-14 19:00:00","schedule":"once","schedule_meta":"","frequency":1,"all_day":0,"until":"2025-03-14 18:00:00","include":[],"exclude":[],"_links":{"self":[{"href":"https:\/\/graf.cat\/es\/wp-json\/wp\/v2\/events\/45887","targetHints":{"allow":["GET"]}}],"collection":[{"href":"https:\/\/graf.cat\/es\/wp-json\/wp\/v2\/events"}],"about":[{"href":"https:\/\/graf.cat\/es\/wp-json\/wp\/v2\/types\/event"}],"author":[{"embeddable":true,"href":"https:\/\/graf.cat\/es\/wp-json\/wp\/v2\/users\/3"}],"occurrences":[{"embeddable":true,"href":"https:\/\/graf.cat\/es\/wp-json\/wp\/v2\/events\/45887\/occurrences"}],"acf:term":[{"embeddable":true,"taxonomy":"event-category","href":"https:\/\/graf.cat\/es\/wp-json\/wp\/v2\/event-category\/471"}],"wp:featuredmedia":[{"embeddable":true,"href":"https:\/\/graf.cat\/es\/wp-json\/wp\/v2\/media\/46025"}],"wp:attachment":[{"href":"https:\/\/graf.cat\/es\/wp-json\/wp\/v2\/media?parent=45887"}],"wp:term":[{"taxonomy":"event-venue","embeddable":true,"href":"https:\/\/graf.cat\/es\/wp-json\/wp\/v2\/event-venues?post=45887"},{"taxonomy":"event-tag","embeddable":true,"href":"https:\/\/graf.cat\/es\/wp-json\/wp\/v2\/event-tags?post=45887"}],"curies":[{"name":"wp","href":"https:\/\/api.w.org\/{rel}","templated":true}]}}

“Llavors que broten”: intervenció de Natalia Carminati al Mercat de la Concepció

“Llavors que broten”: intervención de Natalia Carminati en el Mercado de la Concepció

“Llavors que broten”: Natalia Carminati's installation in Mercat de la Concepció

<strong>Divendres, 14/03
18h</strong>
<strong>Mercat de la Concepció
</strong>(Carrer d'Aragó 313 - 317, 08009 Barcelona)
<p class="has-text-align-center"><strong>Vine al Mercat de la Concepció a degustar llavors i plantes silvestres! </strong></p>
<p class="has-text-align-left">El projecte <a href="https://www.homesession.org/rituals-i-relats-de-llavors-eternes-with-natalia-carminati/" target="_blank" rel="noopener">“Rituals i relats de llavors eternes”</a> de <a href="https://nataliacarminati.com" target="_blank" rel="noopener">Natalia Carminati</a> arriba a la seva fi i el despedim amb un últim esdeveniment de clausura el proper divendres 14 de març.</p>
L’artista ha desenvolupat aquest projecte al llarg del 2024 a la <a href="https://ajuntament.barcelona.cat/biblioteques/ca/bibcollserola" target="_blank" rel="noopener">Biblioteca Collserola-Josep Miracle</a>, en el marc del programa Ex-Libris en col·laboració amb Biblioteques de Barcelona.

El proper divendres 14 de març, l’artista Natalia Carminati  transformarà una de les parades del Mercat de la Concepció, on oferirà un tast d’allò més original. També presentarà uns punts de llibre de llavors, creats com a dispositiu de recull del projecte, que seran ofrenats a les assistents.

També coneixeràs el “Bibliollavors”, un servei de préstec de llavors de la <a href="https://ajuntament.barcelona.cat/biblioteques/ca/bibcollserola" target="_blank" rel="noopener">Biblioteca Collserola-Josep Miracle</a> que es desplaça a l’Eixample de manera excepcional en aquesta jornada i en col·laboració amb la Biblioteca Sofia Barat.

<strong>Organitza: <a href="https://ajuntament.barcelona.cat/biblioteques/ca" target="_blank" rel="noopener">Biblioteques de Barcelona</a> i <a href="https://www.homesession.org" target="_blank" rel="noopener">Homesession</a></strong>
<strong>Hi col·labora: <a href="https://www.laconcepcio.cat/es/" target="_blank" rel="noopener">Mercat de la Concepció</a></strong>.

<strong>Viernes, 14/03</strong>
<strong>18h</strong>
<strong>Mercado de la Concepción
</strong>(Carrer d'Aragó 313 - 317, 08009 Barcelona)

<strong>Ven al Mercado de la Concepción a degustar semillas y plantas silvestres!</strong>

El proyecto <a href="https://www.homesession.org/rituals-i-relats-de-llavors-eternes-with-natalia-carminati/" target="_blank" rel="noopener">“Rituals i relats de llavors eternes”</a> de <a href="https://nataliacarminati.com" target="_blank" rel="noopener">Natalia Carminati</a> llega a su fin y lo despedimos con un último evento de clausura el próximo viernes 14 de marzo.

La artista ha desarrollado este proyecto a lo largo del 2024 en la <a href="https://ajuntament.barcelona.cat/biblioteques/ca/bibcollserola" target="_blank" rel="noopener">Biblioteca Collserola-Josep Miracle</a>, en el marco del programa Ex-Libris en colaboración con Bibliotecas de Barcelona.

El próximo viernes 14 de marzo, la artista Natalia Carminati transformará una de las paradas del Mercado de la Concepción, donde ofrecerá una cata de lo más original. También presentará unos puntos de libro de semillas, creados como dispositivo de compilación del proyecto, que serán ofrendados a las asistentes.

También conocerás el “Bibliollavors”, un servicio de préstamo de semillas de la <a href="https://ajuntament.barcelona.cat/biblioteques/ca/bibcollserola" target="_blank" rel="noopener">Biblioteca Collserola-Josep Miracle</a> que se desplaza al Eixample de manera excepcional en esta jornada y en colaboración con la Biblioteca Sofia Barat.

<strong>Organiza: <a href="https://ajuntament.barcelona.cat/biblioteques/ca" target="_blank" rel="noopener">Biblioteques de Barcelona</a> y <a href="https://www.homesession.org" target="_blank" rel="noopener">Homesession</a></strong>
<strong>colabora: <a href="https://www.laconcepcio.cat/es/" target="_blank" rel="noopener">Mercado de la Concepció</a>.</strong>

<strong>Friday, 14/03</strong>
<strong>6 pm</strong>
<strong>Mercat de la Concepció
</strong>(Carrer d'Aragó 313 - 317, 08009 Barcelona)<strong>
</strong>

<strong>Come to Mercat de la Concepció to taste seeds and wild plants!</strong>

The project <a href="https://www.homesession.org/rituals-i-relats-de-llavors-eternes-with-natalia-carminati/" target="_blank" rel="noopener">“Rituals i relats de llavors eternes”</a> [<em>Rituals and stories of eternal seeds</em>] by <a href="https://nataliacarminati.com" target="_blank" rel="noopener">Natalia Carminati</a> comes to an end and we say goodbye with a final closing event on Friday 14 March.

The artist has developed this project throughout 2024 at the <a href="https://ajuntament.barcelona.cat/biblioteques/ca/bibcollserola" target="_blank" rel="noopener">Biblioteca Collserola-Josep Miracle</a>, as part of the Ex-Libris programme in collaboration with the Barcelona Libraries.

On Friday 14 March, the artist Natalia Carminati will transform one of the stalls at the Mercat de la Concepció, where she will offer a highly original tasting. She will also present some seed bookmarks, created as a compilation device for the project, which will be offered to the attendees.

You will also get to know the ‘Bibliollavors’, a seed lending service of the <a href="https://ajuntament.barcelona.cat/biblioteques/ca/bibcollserola" target="_blank" rel="noopener">Biblioteca Collserola-Josep Miracle</a>, which will travel to the Eixample in an exceptional way on this day and in collaboration with the Biblioteca Sofia Barat.

<strong>Organised by: <a href="https://ajuntament.barcelona.cat/biblioteques/ca" target="_blank" rel="noopener">Biblioteques de Barcelona</a> and <a href="https://www.homesession.org" target="_blank" rel="noopener">Homesession</a>.</strong>
<strong>In collaboration with: <a href="https://www.laconcepcio.cat/es/" target="_blank" rel="noopener">Mercat de la Concepció</a>.</strong>
