{"id":46240,"guid":{"rendered":"https:\/\/graf.cat\/?post_type=event&#038;p=46240"},"modified":"2025-03-18T14:33:28","modified_gmt":"2025-03-18T12:33:28","slug":"que-todxs-puedan-correr-jugar-banarse-y-disfrutar","status":"publish","type":"event","link":"https:\/\/graf.cat\/es\/events\/event\/que-todxs-puedan-correr-jugar-banarse-y-disfrutar\/","title":{"rendered":"Que totis puguin c\u00f3rrer, jugar, banyar-se i gaudir"},"content":{"rendered":"","protected":false},"excerpt":{"rendered":"","protected":false},"author":30,"featured_media":46241,"template":"","meta":{"_acf_changed":false,"_monsterinsights_skip_tracking":false,"_monsterinsights_sitenote_active":false,"_monsterinsights_sitenote_note":"","_monsterinsights_sitenote_category":0},"event-venues":[560],"event-tags":[],"class_list":["post-46240","event","type-event","status-publish","has-post-thumbnail","hentry","event-venue-santa-monica","event-category-screening"],"acf":{"title_ca":"Que totis puguin c\u00f3rrer, jugar, banyar-se i gaudir","title_es":"Que todxs puedan correr, jugar, ba\u00f1arse y disfrutar","title_en":"Que totis puguin c\u00f3rrer, jugar, banyar-se i gaudir","desc_ca":"<b>Projecci\u00f3 de <em><strong>Protectio<\/strong><\/em> de <a href=\"https:\/\/hamacaonline.net\/authors\/raul-vicente-giralt\/\">Raul Vicente<\/a> amb intervenci\u00f3 de <strong>Yvonne Ram\u00edrez<\/strong>.<\/b>\r\n<div class=\"newspaper col-sm-9\">\r\n\r\n<em><strong>Protectio<\/strong><\/em> (2014) narra les hist\u00f2ries de vida en un lloc creat per Lydia i Jordi: la protectora d'animals Lyidia Argil\u00e9s. El projecte d'aquest treball va arrencar quan el realitzador va visitar la protectora per a fer un v\u00eddeo destinat a aconseguir fons per a aquesta. En con\u00e8ixer el relat i les persones que sustentaven el projecte, Raul Vicente els va proposar rodar un documental que mostr\u00e9s les vides humanes i no humanes que convergeixen en aquest enclavament rural de Lleida. La cinta mostra un retrat etnogr\u00e0fic de les quotidianitats dels personatges principals, que viuen compartint espai entre centenars de gossos i gats abandonats. Queden relatats els seus sistemes de valors, la seva manera d'entendre i afrontar la vida, amb una cosmologia pr\u00f2pia disposada a plantar cara a les contradiccions de la societat. Amb una vida de sacrifici al servei, la protecci\u00f3 i la salva de milers de vides a la seva esquena, les seves reflexions ens plantegen que alguna cosa falla en la societat, alguna cosa no va b\u00e9 en les seves normes, les seves creences i els seus actes. <em>Protectio<\/em> \u00e9s l'\u00f2pera prima de <strong><a href=\"https:\/\/hamacaonline.net\/authors\/raul-vicente-giralt\/\">Raul Vicente Giralt<\/a><\/strong>, interessat en documents crus que narren hist\u00f2ries de persones i comunitats que la societat ha relegat als marges.\r\n\r\nEl v\u00eddeo vindr\u00e0 acompanyat de la intervenci\u00f3 de <strong>Yvonne Ram\u00edrez<\/strong>, qui en el seu comentari reflexionar\u00e0 entorn del treball etnogr\u00e0fic i la contund\u00e8ncia d'unes vides que han deixat d'embullar-se en la paraula i en les lluites culturals per a transformar el present des d'un inapel\u00b7lable fer.\r\n\r\n<strong>Yvonne Ram\u00edrez<\/strong> \u00e9s graduada en Antropologia per la Universitat Nacional de Col\u00f2mbia, m\u00e0ster en Arqueologia pel Museu Nacional de la Universitat Federal de Rio de Janeiro i m\u00e0ster en Hist\u00f2ria de la Ci\u00e8ncia per la UAB. Actualment es troba finalitzant el seu doctorat des del grup de recerca Colonialism, Gender and Materialities de la Universitat Pompeu Fabra.\r\n\r\n<strong>Lloc: <\/strong>Santa M\u00f2nica, Espai Bar\r\n<strong>Data i horari<\/strong>: 25 de mar\u00e7, 19:00 h\r\nPreu gratu\u00eft, entrada lliure fins a completar aforament.\r\n\r\n<em>Que totis puguin c\u00f3rrer, jugar, banyar-se i gaudir<\/em> \u00e9s part del programa<strong><em> Com continuar creient en el poder de la gent<\/em><\/strong>.\r\n\r\nAquesta sessi\u00f3 forma part del programa anual <a href=\"https:\/\/artssantamonica.gencat.cat\/ca\/detall\/Dimarts-de-video-00036\"><em>Dimarts de v\u00eddeo<\/em><\/a> en el Santa M\u00f2nica.\r\n\r\n<\/div>","desc_es":"<b>Proyecci\u00f3n de <em><strong>Protectio<\/strong><\/em> de <a href=\"https:\/\/hamacaonline.net\/authors\/raul-vicente-giralt\/\">Raul Vicente<\/a> junto a una intervenci\u00f3n de <strong>Yvonne Ram\u00edrez<\/strong>.<\/b>\r\n<div class=\"newspaper col-sm-9\">\r\n\r\n<em><strong>Protectio<\/strong><\/em> (2014) narra las historias de vida en un lugar creado por Lydia y Jordi: la protectora de animales Lyidia Argil\u00e9s. El proyecto de este trabajo arranc\u00f3 cuando el realizador visit\u00f3 la protectora para hacer un v\u00eddeo destinado a conseguir fondos para la misma. Al conocer el relato y las personas que sustentaban el proyecto, Raul Vicente les propuso rodar un documental que mostrara las vidas humanas y no humanas que convergen en este enclave rural de Lleida. La cinta muestra un retrato etnogr\u00e1fico de las cotidianidades de los personajes principales, que viven compartiendo espacio entre centenares de perros y gatos abandonados. Quedan relatados sus sistemas de valores, su manera de entender y afrontar la vida, con una cosmolog\u00eda propia dispuesta a plantar cara a las contradicciones de la sociedad. Con una vida de sacrificio al servicio, la protecci\u00f3n y la salva de miles de vidas a sus espaldas, sus reflexiones nos plantean que algo falla en la sociedad, algo no va bien en sus normas, sus creencias y sus actos. <em>Protectio<\/em> es la \u00f3pera prima de <strong><a href=\"https:\/\/hamacaonline.net\/authors\/raul-vicente-giralt\/\">Raul Vicente Giralt<\/a><\/strong>, interesado en documentos crudos que narran historias de personas y comunidades que la sociedad ha relegado a los m\u00e1rgenes.\r\n\r\nEl v\u00eddeo vendr\u00e1 acompa\u00f1ado de la intervenci\u00f3n de <strong>Yvonne Ram\u00edrez<\/strong>, quien en su comentario reflexionar\u00e1 en torno al trabajo etnogr\u00e1fico y la contundencia de unas vidas que han dejado de enredarse en la palabra y en las luchas culturales para transformar el presente desde un inapelable hacer.\r\n\r\n<strong>Yvonne Ram\u00edrez<\/strong> es graduada en Antropolog\u00eda por la Universidad Nacional de Colombia, m\u00e1ster en Arqueolog\u00eda por el Museo Nacional de la Universidad Federal de R\u00edo de Janeiro y m\u00e1ster en Historia de la Ciencia por la UAB. Actualmente se encuentra finalizando su doctorado desde el grupo de investigaci\u00f3n Colonialism, Gender and Materialities de la Universidad Pompeu Fabra.\r\n\r\n<strong>Lugar:<\/strong> Santa M\u00f2nica, Espai Bar\r\n<strong>Fecha y hora:<\/strong> 25 de marzo, 19:00 h\r\nPrecio gratuito, entrada libre hasta completar aforo\r\n\r\n<em>Que todxs puedan correr, jugar, ba\u00f1arse y disfrutar<\/em> es parte del programa <strong><em>C\u00f3mo seguir creyendo en el poder de la gente<\/em><\/strong>.\r\n\r\nEsta sesi\u00f3n forma parte del programa anual <a href=\"https:\/\/artssantamonica.gencat.cat\/ca\/detall\/Dimarts-de-video-00036\"><em>Martes de v\u00eddeo<\/em><\/a> en el Centro Santa M\u00f2nica.\r\n\r\n<\/div>","desc_en":"","event_category":219,"event_show_only_own_date":false,"_event_confirmed":true,"_event_public":true,"_event_free":true,"_event_price-min":"","_event_price-max":"","_event_web_ca":"https:\/\/hamacaonline.net\/projects\/correr-jugar-banyar-se-i-gaudir\/","_event_web_es":"https:\/\/hamacaonline.net\/projects\/correr-jugar-banyar-se-i-gaudir\/","_event_web_en":"https:\/\/hamacaonline.net\/projects\/correr-jugar-banyar-se-i-gaudir\/","event_contact_email":"info@hamacaonline.net","event_apply_email":"","is_online_event":false,"is_art_nou_event":false,"is_bgw_event":false,"date_text":"25 de mar\u00e7, 19:00 h","register_deadline":null,"altres_organitzadors":""},"abe_event_venue":"Santa M\u00f2nica","abe_event_category":"Screening","start":"2025-03-25 19:00:00","end":"2025-03-25 20:15:00","schedule":"once","schedule_meta":"","frequency":1,"all_day":0,"until":"2025-03-25 19:00:00","include":[],"exclude":[],"_links":{"self":[{"href":"https:\/\/graf.cat\/es\/wp-json\/wp\/v2\/events\/46240","targetHints":{"allow":["GET"]}}],"collection":[{"href":"https:\/\/graf.cat\/es\/wp-json\/wp\/v2\/events"}],"about":[{"href":"https:\/\/graf.cat\/es\/wp-json\/wp\/v2\/types\/event"}],"author":[{"embeddable":true,"href":"https:\/\/graf.cat\/es\/wp-json\/wp\/v2\/users\/30"}],"occurrences":[{"embeddable":true,"href":"https:\/\/graf.cat\/es\/wp-json\/wp\/v2\/events\/46240\/occurrences"}],"acf:term":[{"embeddable":true,"taxonomy":"event-category","href":"https:\/\/graf.cat\/es\/wp-json\/wp\/v2\/event-category\/219"}],"wp:featuredmedia":[{"embeddable":true,"href":"https:\/\/graf.cat\/es\/wp-json\/wp\/v2\/media\/46241"}],"wp:attachment":[{"href":"https:\/\/graf.cat\/es\/wp-json\/wp\/v2\/media?parent=46240"}],"wp:term":[{"taxonomy":"event-venue","embeddable":true,"href":"https:\/\/graf.cat\/es\/wp-json\/wp\/v2\/event-venues?post=46240"},{"taxonomy":"event-tag","embeddable":true,"href":"https:\/\/graf.cat\/es\/wp-json\/wp\/v2\/event-tags?post=46240"}],"curies":[{"name":"wp","href":"https:\/\/api.w.org\/{rel}","templated":true}]}}

Que totis puguin córrer, jugar, banyar-se i gaudir

Que todxs puedan correr, jugar, bañarse y disfrutar

<b>Projecció de <em><strong>Protectio</strong></em> de <a href="https://hamacaonline.net/authors/raul-vicente-giralt/">Raul Vicente</a> amb intervenció de <strong>Yvonne Ramírez</strong>.</b>
<div class="newspaper col-sm-9">

<em><strong>Protectio</strong></em> (2014) narra les històries de vida en un lloc creat per Lydia i Jordi: la protectora d'animals Lyidia Argilés. El projecte d'aquest treball va arrencar quan el realitzador va visitar la protectora per a fer un vídeo destinat a aconseguir fons per a aquesta. En conèixer el relat i les persones que sustentaven el projecte, Raul Vicente els va proposar rodar un documental que mostrés les vides humanes i no humanes que convergeixen en aquest enclavament rural de Lleida. La cinta mostra un retrat etnogràfic de les quotidianitats dels personatges principals, que viuen compartint espai entre centenars de gossos i gats abandonats. Queden relatats els seus sistemes de valors, la seva manera d'entendre i afrontar la vida, amb una cosmologia pròpia disposada a plantar cara a les contradiccions de la societat. Amb una vida de sacrifici al servei, la protecció i la salva de milers de vides a la seva esquena, les seves reflexions ens plantegen que alguna cosa falla en la societat, alguna cosa no va bé en les seves normes, les seves creences i els seus actes. <em>Protectio</em> és l'òpera prima de <strong><a href="https://hamacaonline.net/authors/raul-vicente-giralt/">Raul Vicente Giralt</a></strong>, interessat en documents crus que narren històries de persones i comunitats que la societat ha relegat als marges.

El vídeo vindrà acompanyat de la intervenció de <strong>Yvonne Ramírez</strong>, qui en el seu comentari reflexionarà entorn del treball etnogràfic i la contundència d'unes vides que han deixat d'embullar-se en la paraula i en les lluites culturals per a transformar el present des d'un inapel·lable fer.

<strong>Yvonne Ramírez</strong> és graduada en Antropologia per la Universitat Nacional de Colòmbia, màster en Arqueologia pel Museu Nacional de la Universitat Federal de Rio de Janeiro i màster en Història de la Ciència per la UAB. Actualment es troba finalitzant el seu doctorat des del grup de recerca Colonialism, Gender and Materialities de la Universitat Pompeu Fabra.

<strong>Lloc: </strong>Santa Mònica, Espai Bar
<strong>Data i horari</strong>: 25 de març, 19:00 h
Preu gratuït, entrada lliure fins a completar aforament.

<em>Que totis puguin córrer, jugar, banyar-se i gaudir</em> és part del programa<strong><em> Com continuar creient en el poder de la gent</em></strong>.

Aquesta sessió forma part del programa anual <a href="https://artssantamonica.gencat.cat/ca/detall/Dimarts-de-video-00036"><em>Dimarts de vídeo</em></a> en el Santa Mònica.

</div>

<b>Proyección de <em><strong>Protectio</strong></em> de <a href="https://hamacaonline.net/authors/raul-vicente-giralt/">Raul Vicente</a> junto a una intervención de <strong>Yvonne Ramírez</strong>.</b>
<div class="newspaper col-sm-9">

<em><strong>Protectio</strong></em> (2014) narra las historias de vida en un lugar creado por Lydia y Jordi: la protectora de animales Lyidia Argilés. El proyecto de este trabajo arrancó cuando el realizador visitó la protectora para hacer un vídeo destinado a conseguir fondos para la misma. Al conocer el relato y las personas que sustentaban el proyecto, Raul Vicente les propuso rodar un documental que mostrara las vidas humanas y no humanas que convergen en este enclave rural de Lleida. La cinta muestra un retrato etnográfico de las cotidianidades de los personajes principales, que viven compartiendo espacio entre centenares de perros y gatos abandonados. Quedan relatados sus sistemas de valores, su manera de entender y afrontar la vida, con una cosmología propia dispuesta a plantar cara a las contradicciones de la sociedad. Con una vida de sacrificio al servicio, la protección y la salva de miles de vidas a sus espaldas, sus reflexiones nos plantean que algo falla en la sociedad, algo no va bien en sus normas, sus creencias y sus actos. <em>Protectio</em> es la ópera prima de <strong><a href="https://hamacaonline.net/authors/raul-vicente-giralt/">Raul Vicente Giralt</a></strong>, interesado en documentos crudos que narran historias de personas y comunidades que la sociedad ha relegado a los márgenes.

El vídeo vendrá acompañado de la intervención de <strong>Yvonne Ramírez</strong>, quien en su comentario reflexionará en torno al trabajo etnográfico y la contundencia de unas vidas que han dejado de enredarse en la palabra y en las luchas culturales para transformar el presente desde un inapelable hacer.

<strong>Yvonne Ramírez</strong> es graduada en Antropología por la Universidad Nacional de Colombia, máster en Arqueología por el Museo Nacional de la Universidad Federal de Río de Janeiro y máster en Historia de la Ciencia por la UAB. Actualmente se encuentra finalizando su doctorado desde el grupo de investigación Colonialism, Gender and Materialities de la Universidad Pompeu Fabra.

<strong>Lugar:</strong> Santa Mònica, Espai Bar
<strong>Fecha y hora:</strong> 25 de marzo, 19:00 h
Precio gratuito, entrada libre hasta completar aforo

<em>Que todxs puedan correr, jugar, bañarse y disfrutar</em> es parte del programa <strong><em>Cómo seguir creyendo en el poder de la gente</em></strong>.

Esta sesión forma parte del programa anual <a href="https://artssantamonica.gencat.cat/ca/detall/Dimarts-de-video-00036"><em>Martes de vídeo</em></a> en el Centro Santa Mònica.

</div>

25 de març, 19:00 h

Santa Mònica
