{"id":46547,"guid":{"rendered":"https:\/\/graf.cat\/?post_type=event&#038;p=46547"},"modified":"2025-03-26T10:28:23","modified_gmt":"2025-03-26T08:28:23","slug":"send-me-flowers-laia-benavides-2","status":"publish","type":"event","link":"https:\/\/graf.cat\/es\/events\/event\/send-me-flowers-laia-benavides-2\/","title":{"rendered":"Send me Flowers. Laia Benavides"},"content":{"rendered":"","protected":false},"excerpt":{"rendered":"","protected":false},"author":149,"featured_media":46544,"template":"","meta":{"_acf_changed":false,"_monsterinsights_skip_tracking":false,"_monsterinsights_sitenote_active":false,"_monsterinsights_sitenote_note":"","_monsterinsights_sitenote_category":0},"event-venues":[611],"event-tags":[],"class_list":["post-46547","event","type-event","status-publish","has-post-thumbnail","hentry","event-venue-galeria-h2o","event-category-inauguracio"],"acf":{"title_ca":"Send me Flowers. Laia Benavides","title_es":"Send me Flowers. Laia Benavides","title_en":"Send me Flowers. Laia Benavides","desc_ca":"<p class=\"\" data-start=\"248\" data-end=\"682\"><strong data-start=\"248\" data-end=\"282\">Ser primavera i tardor alhora.<\/strong><br data-start=\"282\" data-end=\"285\" \/>Celebrar la llum i l\u2019ombra, l\u2019alegria i la tristesa, el que floreix i el que es marceix. Oposats que semblen no tocar-se, per\u00f2 que s\u2019entrellacen en un mateix temps i en una mateixa exist\u00e8ncia.<br data-start=\"477\" data-end=\"480\" \/>A <em data-start=\"482\" data-end=\"499\">Send me Flowers<\/em>, Laia Benavides captura aquesta dualitat a trav\u00e9s de flors suspeses en un estat d\u2019eterna primavera, explorant la fugacitat de la bellesa i la desafiant dansa entre la vida i la mort.<\/p>\r\n<p class=\"\" data-start=\"684\" data-end=\"1092\">Nascuda a Xile per\u00f2 criada a Barcelona, l\u2019artista va cr\u00e9ixer sentint-se part de dues estacions que no poden conviure. Mentre a la seva ciutat natal tot es replegava en la calma del fred, a la seva ciutat adoptiva la primavera comen\u00e7ava a despertar. Aquesta contradicci\u00f3, lluny de dividir-la, l\u2019ha modelat:<br data-start=\"989\" data-end=\"992\" \/><em data-start=\"992\" data-end=\"1092\">\u201cSento que hi ha dues forces oposades dins meu, i aqu\u00ed estic jo, celebrant ambdues, sent ambdues.\u201d<\/em><\/p>\r\n<p class=\"\" data-start=\"1094\" data-end=\"1354\">A <em data-start=\"1096\" data-end=\"1113\">Send me Flowers<\/em>, les flors representen la paradoxa d\u2019una identitat que es debat entre la boira i la claredat. Aquest projecte \u00e9s la seva forma d\u2019entendre\u2019s, compartint la bellesa que existeix en habitar la contradicci\u00f3.<br data-start=\"1317\" data-end=\"1320\" \/>En aquest espai, tot passa alhora.<\/p>\r\n<p class=\"\" data-start=\"1356\" data-end=\"1377\"><em data-start=\"1356\" data-end=\"1377\">Pablo Herr\u00e1n de Viu<\/em><\/p>","desc_es":"<p class=\"\" data-start=\"78\" data-end=\"1198\">Ser primavera y oto\u00f1o a la vez. Celebrar la luz y la sombra, la felicidad y la tristeza, lo que florece y lo que se marchita. Opuestos que parecen no tocarse, pero que se entrelazan en un mismo tiempo y en una misma existencia. En <em data-start=\"309\" data-end=\"326\">Send me Flowers<\/em>, Laia Benavides captura esta dualidad a trav\u00e9s de flores suspendidas en un estado de eterna primavera, explorando la fugacidad de la belleza y la desafiante danza entre la vida y la muerte. Nacida en Chile pero criada en Barcelona, la artista creci\u00f3 sinti\u00e9ndose parte de dos estaciones que no pueden convivir. Mientras en su ciudad natal todo se replegaba en la calma del fr\u00edo, en su hogar adoptivo la primavera comenzaba a despertar. Esta contradicci\u00f3n, lejos de dividirla, la ha moldeado: \u201cSiento que hay dos fuerzas opuestas dentro de m\u00ed, y ah\u00ed estoy yo, celebrando ambas, siendo ambas\u201d. En <em data-start=\"921\" data-end=\"938\">Send me Flowers<\/em>, las flores representan la paradoja de una identidad que se debate entre la bruma y la claridad. Este proyecto es su forma de entenderse, compartiendo la belleza que existe en habitar la contradicci\u00f3n. En este espacio todo sucede a la vez.<\/p>\r\n<p class=\"\" data-start=\"78\" data-end=\"1198\">Pablo Herr\u00e1n de Viu<\/p>","desc_en":"","event_category":189,"event_show_only_own_date":true,"_event_confirmed":true,"_event_public":true,"_event_free":true,"_event_price-min":"","_event_price-max":"","_event_web_ca":"https:\/\/www.h2o.es\/#\/ca\/exposicion\/418\/send-me-flowers","_event_web_es":"https:\/\/www.h2o.es\/#\/es\/exposicion\/418\/send-me-flowers","_event_web_en":"https:\/\/www.h2o.es\/#\/en\/exposicion\/418\/send-me-flowers","event_contact_email":"","event_apply_email":"","is_online_event":false,"is_art_nou_event":false,"is_bgw_event":false,"date_text":"","register_deadline":null,"altres_organitzadors":""},"abe_event_venue":"Galeria H2O","abe_event_category":"Inauguraci\u00f3","start":"2025-04-04 18:00:00","end":"2025-04-04 21:00:00","schedule":"once","schedule_meta":"","frequency":1,"all_day":0,"until":"2025-04-04 18:00:00","include":[],"exclude":[],"_links":{"self":[{"href":"https:\/\/graf.cat\/es\/wp-json\/wp\/v2\/events\/46547","targetHints":{"allow":["GET"]}}],"collection":[{"href":"https:\/\/graf.cat\/es\/wp-json\/wp\/v2\/events"}],"about":[{"href":"https:\/\/graf.cat\/es\/wp-json\/wp\/v2\/types\/event"}],"author":[{"embeddable":true,"href":"https:\/\/graf.cat\/es\/wp-json\/wp\/v2\/users\/149"}],"occurrences":[{"embeddable":true,"href":"https:\/\/graf.cat\/es\/wp-json\/wp\/v2\/events\/46547\/occurrences"}],"acf:term":[{"embeddable":true,"taxonomy":"event-category","href":"https:\/\/graf.cat\/es\/wp-json\/wp\/v2\/event-category\/189"}],"wp:featuredmedia":[{"embeddable":true,"href":"https:\/\/graf.cat\/es\/wp-json\/wp\/v2\/media\/46544"}],"wp:attachment":[{"href":"https:\/\/graf.cat\/es\/wp-json\/wp\/v2\/media?parent=46547"}],"wp:term":[{"taxonomy":"event-venue","embeddable":true,"href":"https:\/\/graf.cat\/es\/wp-json\/wp\/v2\/event-venues?post=46547"},{"taxonomy":"event-tag","embeddable":true,"href":"https:\/\/graf.cat\/es\/wp-json\/wp\/v2\/event-tags?post=46547"}],"curies":[{"name":"wp","href":"https:\/\/api.w.org\/{rel}","templated":true}]}}

<p class="" data-start="248" data-end="682"><strong data-start="248" data-end="282">Ser primavera i tardor alhora.</strong><br data-start="282" data-end="285" />Celebrar la llum i l’ombra, l’alegria i la tristesa, el que floreix i el que es marceix. Oposats que semblen no tocar-se, però que s’entrellacen en un mateix temps i en una mateixa existència.<br data-start="477" data-end="480" />A <em data-start="482" data-end="499">Send me Flowers</em>, Laia Benavides captura aquesta dualitat a través de flors suspeses en un estat d’eterna primavera, explorant la fugacitat de la bellesa i la desafiant dansa entre la vida i la mort.</p>
<p class="" data-start="684" data-end="1092">Nascuda a Xile però criada a Barcelona, l’artista va créixer sentint-se part de dues estacions que no poden conviure. Mentre a la seva ciutat natal tot es replegava en la calma del fred, a la seva ciutat adoptiva la primavera començava a despertar. Aquesta contradicció, lluny de dividir-la, l’ha modelat:<br data-start="989" data-end="992" /><em data-start="992" data-end="1092">“Sento que hi ha dues forces oposades dins meu, i aquí estic jo, celebrant ambdues, sent ambdues.”</em></p>
<p class="" data-start="1094" data-end="1354">A <em data-start="1096" data-end="1113">Send me Flowers</em>, les flors representen la paradoxa d’una identitat que es debat entre la boira i la claredat. Aquest projecte és la seva forma d’entendre’s, compartint la bellesa que existeix en habitar la contradicció.<br data-start="1317" data-end="1320" />En aquest espai, tot passa alhora.</p>
<p class="" data-start="1356" data-end="1377"><em data-start="1356" data-end="1377">Pablo Herrán de Viu</em></p>

<p class="" data-start="78" data-end="1198">Ser primavera y otoño a la vez. Celebrar la luz y la sombra, la felicidad y la tristeza, lo que florece y lo que se marchita. Opuestos que parecen no tocarse, pero que se entrelazan en un mismo tiempo y en una misma existencia. En <em data-start="309" data-end="326">Send me Flowers</em>, Laia Benavides captura esta dualidad a través de flores suspendidas en un estado de eterna primavera, explorando la fugacidad de la belleza y la desafiante danza entre la vida y la muerte. Nacida en Chile pero criada en Barcelona, la artista creció sintiéndose parte de dos estaciones que no pueden convivir. Mientras en su ciudad natal todo se replegaba en la calma del frío, en su hogar adoptivo la primavera comenzaba a despertar. Esta contradicción, lejos de dividirla, la ha moldeado: “Siento que hay dos fuerzas opuestas dentro de mí, y ahí estoy yo, celebrando ambas, siendo ambas”. En <em data-start="921" data-end="938">Send me Flowers</em>, las flores representan la paradoja de una identidad que se debate entre la bruma y la claridad. Este proyecto es su forma de entenderse, compartiendo la belleza que existe en habitar la contradicción. En este espacio todo sucede a la vez.</p>
<p class="" data-start="78" data-end="1198">Pablo Herrán de Viu</p>

Inauguració
