{"id":46548,"guid":{"rendered":"https:\/\/graf.cat\/?post_type=event&#038;p=46548"},"modified":"2025-03-26T10:30:56","modified_gmt":"2025-03-26T08:30:56","slug":"bacelona-souvenirs-juan-jose-fernandez","status":"publish","type":"event","link":"https:\/\/graf.cat\/es\/events\/event\/bacelona-souvenirs-juan-jose-fernandez\/","title":{"rendered":"Bacelona Souvenirs. Juan Jos\u00e9 Fern\u00e1ndez"},"content":{"rendered":"","protected":false},"excerpt":{"rendered":"","protected":false},"author":149,"featured_media":46549,"template":"","meta":{"_acf_changed":false,"_monsterinsights_skip_tracking":false,"_monsterinsights_sitenote_active":false,"_monsterinsights_sitenote_note":"","_monsterinsights_sitenote_category":0},"event-venues":[611],"event-tags":[],"class_list":["post-46548","event","type-event","status-publish","has-post-thumbnail","hentry","event-venue-galeria-h2o","event-category-screening"],"acf":{"title_ca":"Bacelona Souvenirs. Juan Jos\u00e9 Fern\u00e1ndez","title_es":"Bacelona Souvenirs. Juan Jos\u00e9 Fern\u00e1ndez","title_en":"Bacelona Souvenirs. Juan Jos\u00e9 Fern\u00e1ndez","desc_ca":"Projecci\u00f3 del documental\u00a0<i>Barcelona Souvenirs<\/i>\u00a0de Juan Jos\u00e9 Fern\u00e1ndez, amb una selecci\u00f3 de fotografies realitzades entre 2000 i 2020. \"Una mirada diferent de veure la Gran Barcelona i els \u00e9ssers humans que hi viuen\".","desc_es":"Proyecci\u00f3n del documental\u00a0<i>Barcelona Souvenirs<\/i>\u00a0de Juan Jos\u00e9 Fern\u00e1ndez, compuesto por una selecci\u00f3n de fotograf\u00edas realizadas entre 2000 y 2020. \"Una mirada diferente de ver la Gran Barcelona y los humanos que viven en ella\".","desc_en":"","event_category":219,"event_show_only_own_date":true,"_event_confirmed":true,"_event_public":true,"_event_free":true,"_event_price-min":"","_event_price-max":"","_event_web_ca":"https:\/\/www.h2o.es\/#\/es\/","_event_web_es":"https:\/\/www.h2o.es\/#\/es\/","_event_web_en":"https:\/\/www.h2o.es\/#\/es\/","event_contact_email":"","event_apply_email":"","is_online_event":false,"is_art_nou_event":false,"is_bgw_event":false,"date_text":"","register_deadline":null,"altres_organitzadors":""},"abe_event_venue":"Galeria H2O","abe_event_category":"Screening","start":"2025-03-28 19:00:00","end":"2025-03-28 21:00:00","schedule":"once","schedule_meta":"","frequency":1,"all_day":0,"until":"2025-03-28 19:00:00","include":[],"exclude":[],"_links":{"self":[{"href":"https:\/\/graf.cat\/es\/wp-json\/wp\/v2\/events\/46548","targetHints":{"allow":["GET"]}}],"collection":[{"href":"https:\/\/graf.cat\/es\/wp-json\/wp\/v2\/events"}],"about":[{"href":"https:\/\/graf.cat\/es\/wp-json\/wp\/v2\/types\/event"}],"author":[{"embeddable":true,"href":"https:\/\/graf.cat\/es\/wp-json\/wp\/v2\/users\/149"}],"occurrences":[{"embeddable":true,"href":"https:\/\/graf.cat\/es\/wp-json\/wp\/v2\/events\/46548\/occurrences"}],"acf:term":[{"embeddable":true,"taxonomy":"event-category","href":"https:\/\/graf.cat\/es\/wp-json\/wp\/v2\/event-category\/219"}],"wp:featuredmedia":[{"embeddable":true,"href":"https:\/\/graf.cat\/es\/wp-json\/wp\/v2\/media\/46549"}],"wp:attachment":[{"href":"https:\/\/graf.cat\/es\/wp-json\/wp\/v2\/media?parent=46548"}],"wp:term":[{"taxonomy":"event-venue","embeddable":true,"href":"https:\/\/graf.cat\/es\/wp-json\/wp\/v2\/event-venues?post=46548"},{"taxonomy":"event-tag","embeddable":true,"href":"https:\/\/graf.cat\/es\/wp-json\/wp\/v2\/event-tags?post=46548"}],"curies":[{"name":"wp","href":"https:\/\/api.w.org\/{rel}","templated":true}]}}

Bacelona Souvenirs. Juan José Fernández

Projecció del documental <i>Barcelona Souvenirs</i> de Juan José Fernández, amb una selecció de fotografies realitzades entre 2000 i 2020. "Una mirada diferent de veure la Gran Barcelona i els éssers humans que hi viuen".

Proyección del documental <i>Barcelona Souvenirs</i> de Juan José Fernández, compuesto por una selección de fotografías realizadas entre 2000 y 2020. "Una mirada diferente de ver la Gran Barcelona y los humanos que viven en ella".
