{"id":47630,"guid":{"rendered":"https:\/\/graf.cat\/?post_type=event&#038;p=47630"},"modified":"2025-04-30T17:41:27","modified_gmt":"2025-04-30T15:41:27","slug":"digital-art-show-2-2","status":"publish","type":"event","link":"https:\/\/graf.cat\/es\/events\/event\/digital-art-show-2-2\/","title":{"rendered":"THE COLLECTOR IS PRESENT &#8211; Digital Art Show"},"content":{"rendered":"","protected":false},"excerpt":{"rendered":"","protected":false},"author":106,"featured_media":47623,"template":"","meta":{"_acf_changed":false,"_monsterinsights_skip_tracking":false,"_monsterinsights_sitenote_active":false,"_monsterinsights_sitenote_note":"","_monsterinsights_sitenote_category":0},"event-venues":[511],"event-tags":[],"class_list":["post-47630","event","type-event","status-publish","has-post-thumbnail","hentry","event-venue-house-of-chappaz","event-category-xerrada"],"acf":{"title_ca":"THE COLLECTOR IS PRESENT - Digital Art Show","title_es":"THE COLLECTOR IS PRESENT - Digital Art Show","title_en":"THE COLLECTOR IS PRESENT - Digital Art Show","desc_ca":"Recorregut visual i performatiu a trav\u00e9s de la col\u00b7lecci\u00f3 d\u2019art digital de Tales Tommasini, acompanyat d\u2019un di\u00e0leg amb el col\u00b7leccionista Manuel Lomas entorn de les peculiaritats de col\u00b7leccionar obra digital versus l\u2019obra f\u00edsica.\r\n\r\nLa conversa, moderada per l\u2019equip de la galeria i oberta a la participaci\u00f3 dels i les assistents, girar\u00e0 al voltant del fet de col\u00b7leccionar art, com es tria cada adquisici\u00f3, si hi ha un concepte espec\u00edfic o una motivaci\u00f3 concreta, els aspectes t\u00e8cnics dels processos de compra, com es col\u00b7lecciona i alhora s\u2019exposa l\u2019obra digital, i altres q\u00fcestions puguin sorgir.","desc_es":"Recorrido visual y performativo a trav\u00e9s de la colecci\u00f3n de arte digital de Tales Tommasini, acompa\u00f1ado de un di\u00e1logo con el coleccionista Manuel Lomas en torno a las peculiaridades de coleccionar obra digital versus obra f\u00edsica.\r\n\r\nLa conversaci\u00f3n, moderada por el equipo de la galer\u00eda y abierta a la participaci\u00f3n de los y las asistentes, girar\u00e1 alrededor del hecho de coleccionar arte, c\u00f3mo se escoge cada adquisici\u00f3n, si hay un concepto espec\u00edfico o una motivaci\u00f3n concreta, los aspectos t\u00e9cnicos de los procesos de compra, c\u00f3mo se colecciona y se expone la obra digital, y otras cuestiones que puedan surgir.","desc_en":"A visual and performative tour through the digital art collection of Tales Tommasini, accompanied by a conversation with the collector Manuel Lomas about the peculiarities of collecting digital versus physical art.\r\n\r\nThe conversation, moderated by the gallery team and open to the participation of those attending, will revolve around the fact of collecting art, how each acquisition is chosen, whether there is a specific concept or a specific motivation, the technical aspects of the purchasing processes, how digital works are collected and exhibited, and other questions that may arise","event_category":305,"event_show_only_own_date":true,"_event_confirmed":true,"_event_public":true,"_event_free":true,"_event_price-min":"","_event_price-max":"","_event_web_ca":"https:\/\/barcelonagalleryweekend.com\/theCollectorisPresent?lang=cat","_event_web_es":"https:\/\/barcelonagalleryweekend.com\/theCollectorisPresent?lang=esp","_event_web_en":"https:\/\/barcelonagalleryweekend.com\/theCollectorisPresent?lang=eng","event_contact_email":"","event_apply_email":"","is_online_event":false,"is_art_nou_event":false,"is_bgw_event":true,"date_text":"","register_deadline":null,"altres_organitzadors":""},"abe_event_venue":"House of Chappaz","abe_event_category":"Xerrada","start":"2025-05-10 11:00:00","end":"2025-05-10 12:30:00","schedule":"once","schedule_meta":"","frequency":1,"all_day":0,"until":"2025-05-10 11:00:00","include":[],"exclude":[],"_links":{"self":[{"href":"https:\/\/graf.cat\/es\/wp-json\/wp\/v2\/events\/47630","targetHints":{"allow":["GET"]}}],"collection":[{"href":"https:\/\/graf.cat\/es\/wp-json\/wp\/v2\/events"}],"about":[{"href":"https:\/\/graf.cat\/es\/wp-json\/wp\/v2\/types\/event"}],"author":[{"embeddable":true,"href":"https:\/\/graf.cat\/es\/wp-json\/wp\/v2\/users\/106"}],"occurrences":[{"embeddable":true,"href":"https:\/\/graf.cat\/es\/wp-json\/wp\/v2\/events\/47630\/occurrences"}],"acf:term":[{"embeddable":true,"taxonomy":"event-category","href":"https:\/\/graf.cat\/es\/wp-json\/wp\/v2\/event-category\/305"}],"wp:featuredmedia":[{"embeddable":true,"href":"https:\/\/graf.cat\/es\/wp-json\/wp\/v2\/media\/47623"}],"wp:attachment":[{"href":"https:\/\/graf.cat\/es\/wp-json\/wp\/v2\/media?parent=47630"}],"wp:term":[{"taxonomy":"event-venue","embeddable":true,"href":"https:\/\/graf.cat\/es\/wp-json\/wp\/v2\/event-venues?post=47630"},{"taxonomy":"event-tag","embeddable":true,"href":"https:\/\/graf.cat\/es\/wp-json\/wp\/v2\/event-tags?post=47630"}],"curies":[{"name":"wp","href":"https:\/\/api.w.org\/{rel}","templated":true}]}}

Recorregut visual i performatiu a través de la col·lecció d’art digital de Tales Tommasini, acompanyat d’un diàleg amb el col·leccionista Manuel Lomas entorn de les peculiaritats de col·leccionar obra digital versus l’obra física.

La conversa, moderada per l’equip de la galeria i oberta a la participació dels i les assistents, girarà al voltant del fet de col·leccionar art, com es tria cada adquisició, si hi ha un concepte específic o una motivació concreta, els aspectes tècnics dels processos de compra, com es col·lecciona i alhora s’exposa l’obra digital, i altres qüestions puguin sorgir.

Recorrido visual y performativo a través de la colección de arte digital de Tales Tommasini, acompañado de un diálogo con el coleccionista Manuel Lomas en torno a las peculiaridades de coleccionar obra digital versus obra física.

La conversación, moderada por el equipo de la galería y abierta a la participación de los y las asistentes, girará alrededor del hecho de coleccionar arte, cómo se escoge cada adquisición, si hay un concepto específico o una motivación concreta, los aspectos técnicos de los procesos de compra, cómo se colecciona y se expone la obra digital, y otras cuestiones que puedan surgir.
