{"id":48529,"guid":{"rendered":"https:\/\/graf.cat\/?post_type=event&#038;p=48529"},"modified":"2025-05-16T18:47:07","modified_gmt":"2025-05-16T16:47:07","slug":"els-anys-20-opening","status":"publish","type":"event","link":"https:\/\/graf.cat\/es\/events\/event\/els-anys-20-opening\/","title":{"rendered":"Els anys 20"},"content":{"rendered":"","protected":false},"excerpt":{"rendered":"","protected":false},"author":132,"featured_media":48526,"template":"","meta":{"_acf_changed":false,"_monsterinsights_skip_tracking":false,"_monsterinsights_sitenote_active":false,"_monsterinsights_sitenote_note":"","_monsterinsights_sitenote_category":0},"event-venues":[595],"event-tags":[],"class_list":["post-48529","event","type-event","status-publish","has-post-thumbnail","hentry","event-venue-galeria-marc-domenech","event-category-inauguracio"],"acf":{"title_ca":"Els anys 20","title_es":"Els anys 20","title_en":"Els anys 20","desc_ca":"Al llarg dels anys vint, molts artistes es van allunyar de les avantguardes per tornar a formes figuratives i a les tradicions cl\u00e0ssiques. Van centrar-se en temes com la maternitat o els mites mediterranis, recuperant elements nost\u00e0lgics com una manera de fer front a temps marcats per la p\u00e8rdua i l\u2019alienaci\u00f3. Aquest moviment, sovint anomenat \u201cretorn a l\u2019ordre\u201d, va ser una resposta al trauma de la Primera Guerra Mundial, als efectes d\u2019una industrialitzaci\u00f3 descontrolada i a la crisi social i econ\u00f2mica. Tot i que alguns el van interpretar com un gir conservador o reaccionari, en realitat expressava tamb\u00e9 un desig de tornar a valors estables i intemporals, tot integrant la tradici\u00f3 cl\u00e0ssica amb una renovada expressi\u00f3 de modernitat.","desc_es":"Durante los a\u00f1os 20, muchos artistas dejaron atr\u00e1s las vanguardias y retomaron formas figurativas y tradiciones cl\u00e1sicas. Optaron por temas como la maternidad o los mitos mediterr\u00e1neos, recuperando s\u00edmbolos del pasado como una forma de afrontar tiempos marcados por la p\u00e9rdida y el desarraigo. Este movimiento, conocido como \u201cel retorno al orden\u201d, surgi\u00f3 como una respuesta al trauma de la Primera Guerra Mundial, al impacto de una industrializaci\u00f3n desbocada y a la inestabilidad econ\u00f3mica. Aunque algunos lo vieron como un gesto conservador o incluso reaccionario, tambi\u00e9n reflejaba un anhelo de estabilidad y de valores duraderos, combinando la tradici\u00f3n cl\u00e1sica con una renovada expresi\u00f3n de modernidad.","desc_en":"In the\u00a01920s, many artists moved away from avant-garde styles and returned to figurative and classical traditions, focusing on themes like motherhood and Mediterranean myths,\u00a0recovering nostalgic manifestations as a means to deal with times of loss and alienation. This movement, often called \u201cthe return to order\u201d or \u201cthe classical revival,\u201d was a response to the trauma of World War I,\u00a0the effects of\u00a0uncontrolled\u00a0<wbr \/>industrialisation and the socioeconomic crisis. While some\u00a0viewed\u00a0this shift\u00a0as conservative or\u00a0reactionary,\u00a0in fact\u00a0it also reflected a desire for stability and timeless values, blending classical tradition with a renewal of modern artistic expression.","event_category":189,"event_show_only_own_date":true,"_event_confirmed":true,"_event_public":true,"_event_free":true,"_event_price-min":"","_event_price-max":"","_event_web_ca":"https:\/\/galeriamarcdomenech.com\/exhibitions\/els-anys-20\/","_event_web_es":"https:\/\/galeriamarcdomenech.com\/es\/exhibitions\/els-anys-20\/","_event_web_en":"https:\/\/galeriamarcdomenech.com\/exhibitions\/els-anys-20\/","event_contact_email":"","event_apply_email":"","is_online_event":false,"is_art_nou_event":false,"is_bgw_event":false,"date_text":"","register_deadline":null,"altres_organitzadors":""},"abe_event_venue":"Galeria Marc Dom\u00e8nech","abe_event_category":"Inauguraci\u00f3","start":"2025-05-20 10:00:00","end":"2025-05-20 20:00:00","schedule":"once","schedule_meta":"","frequency":1,"all_day":0,"until":"2025-05-20 10:00:00","include":[],"exclude":[],"_links":{"self":[{"href":"https:\/\/graf.cat\/es\/wp-json\/wp\/v2\/events\/48529","targetHints":{"allow":["GET"]}}],"collection":[{"href":"https:\/\/graf.cat\/es\/wp-json\/wp\/v2\/events"}],"about":[{"href":"https:\/\/graf.cat\/es\/wp-json\/wp\/v2\/types\/event"}],"author":[{"embeddable":true,"href":"https:\/\/graf.cat\/es\/wp-json\/wp\/v2\/users\/132"}],"occurrences":[{"embeddable":true,"href":"https:\/\/graf.cat\/es\/wp-json\/wp\/v2\/events\/48529\/occurrences"}],"acf:term":[{"embeddable":true,"taxonomy":"event-category","href":"https:\/\/graf.cat\/es\/wp-json\/wp\/v2\/event-category\/189"}],"wp:featuredmedia":[{"embeddable":true,"href":"https:\/\/graf.cat\/es\/wp-json\/wp\/v2\/media\/48526"}],"wp:attachment":[{"href":"https:\/\/graf.cat\/es\/wp-json\/wp\/v2\/media?parent=48529"}],"wp:term":[{"taxonomy":"event-venue","embeddable":true,"href":"https:\/\/graf.cat\/es\/wp-json\/wp\/v2\/event-venues?post=48529"},{"taxonomy":"event-tag","embeddable":true,"href":"https:\/\/graf.cat\/es\/wp-json\/wp\/v2\/event-tags?post=48529"}],"curies":[{"name":"wp","href":"https:\/\/api.w.org\/{rel}","templated":true}]}}

Al llarg dels anys vint, molts artistes es van allunyar de les avantguardes per tornar a formes figuratives i a les tradicions clàssiques. Van centrar-se en temes com la maternitat o els mites mediterranis, recuperant elements nostàlgics com una manera de fer front a temps marcats per la pèrdua i l’alienació. Aquest moviment, sovint anomenat “retorn a l’ordre”, va ser una resposta al trauma de la Primera Guerra Mundial, als efectes d’una industrialització descontrolada i a la crisi social i econòmica. Tot i que alguns el van interpretar com un gir conservador o reaccionari, en realitat expressava també un desig de tornar a valors estables i intemporals, tot integrant la tradició clàssica amb una renovada expressió de modernitat.

Durante los años 20, muchos artistas dejaron atrás las vanguardias y retomaron formas figurativas y tradiciones clásicas. Optaron por temas como la maternidad o los mitos mediterráneos, recuperando símbolos del pasado como una forma de afrontar tiempos marcados por la pérdida y el desarraigo. Este movimiento, conocido como “el retorno al orden”, surgió como una respuesta al trauma de la Primera Guerra Mundial, al impacto de una industrialización desbocada y a la inestabilidad económica. Aunque algunos lo vieron como un gesto conservador o incluso reaccionario, también reflejaba un anhelo de estabilidad y de valores duraderos, combinando la tradición clásica con una renovada expresión de modernidad.

Galeria Marc Domènech

Inauguració
