{"id":49900,"guid":{"rendered":"https:\/\/graf.cat\/?post_type=event&#038;p=49900"},"modified":"2025-07-16T13:14:48","modified_gmt":"2025-07-16T11:14:48","slug":"passar-el-dia-al-costat-dun-banc","status":"publish","type":"event","link":"https:\/\/graf.cat\/es\/events\/event\/passar-el-dia-al-costat-dun-banc\/","title":{"rendered":"PASSAR EL DIA AL COSTAT D&#8217;UN BANC"},"content":{"rendered":"","protected":false},"excerpt":{"rendered":"","protected":false},"author":172,"featured_media":49901,"template":"","meta":{"_acf_changed":false,"_monsterinsights_skip_tracking":false,"_monsterinsights_sitenote_active":false,"_monsterinsights_sitenote_note":"","_monsterinsights_sitenote_category":0},"event-venues":[],"event-tags":[],"class_list":["post-49900","event","type-event","status-publish","has-post-thumbnail","hentry","event-category-trobada"],"acf":{"title_ca":"PASSAR EL DIA AL COSTAT D'UN BANC","title_es":"PASAR EL DIA JUNTO A UN BANCO","title_en":"PENDING THE DAY BESIDE A BENCH","desc_ca":"<strong>PASSAR EL DIA AL COSTAT D'UN BANC <\/strong>\r\n<strong>19.07.2025 <\/strong>\r\n<strong>De 8 del mat\u00ed a 8 del vespre<\/strong>\r\n\r\nAcci\u00f3 art\u00edstica de <strong>Deriva Mussol<\/strong>\r\n<h2 class=\"contentheading\">PASSAR EL DIA AL COSTAT D'UN BANC<\/h2>\r\n<a href=\"image\/svg+xml;base64,PHN2ZyB4bWxucz0iaHR0cDovL3d3dy53My5vcmcvMjAwMC9zdmciIHdpZHRoPSIzMDAiIGhlaWdodD0iMjI1Ij48L3N2Zz4=\"><img class=\" ls-is-cached jch-lazyloaded\" src=\"https:\/\/www.acvic.org\/images\/AC_Lab\/viver_projectes\/2025\/deriva_banc_25_br.jpg\" alt=\"deriva banc 25 br\" width=\"300\" height=\"225\" data-src=\"https:\/\/www.acvic.org\/images\/AC_Lab\/viver_projectes\/2025\/deriva_banc_25_br.jpg\" \/><\/a><strong>19.07.2025 <\/strong>\r\n<strong>De 8 del mat\u00ed a 8 del vespre<\/strong>\r\n\r\nAcci\u00f3 art\u00edstica de <strong>Deriva Mussol<\/strong>\r\n\r\n<strong>DERIVA MUSSOL<\/strong>\r\n\r\nDeriva Mussol \u00e9s un col\u00b7lectiu art\u00edstic i associaci\u00f3 cultural amb seu a Vic, actiu des de 2012, integrat per Eva Marichalar-Freixa, Jordi Lafon, Montsita Rierola i Sebasti\u00e0 Masramon. De les respectives traject\u00f2ries en arts visuals, arts performatives i educaci\u00f3 sorgeix l\u2019inter\u00e8s en el fet de caminar i la deriva com a formes d\u2019explorar possibilitats de creaci\u00f3 i aprenentatge en contextos contemporanis. Generen accions i comparteixen espais oberts, permeables i en moviment. Com a membres del Projecte Viver d\u2019ACVIC Centre d\u2019Arts Contempor\u00e0nies desenvolupen projectes d\u2019investigaci\u00f3 art\u00edstica i participaci\u00f3 comunit\u00e0ria amb una clara vocaci\u00f3 educativa i territorial.\r\n\r\n<strong>VIURE LA CIUTAT<\/strong>\r\n\r\nCaminar de manera conscient i atenta ens permet recon\u00e8ixer el nostre entorn. Els detalls dels moments configuren una narrativa desplegada des del moviment i la quietud. Viure la ciutat \u00e9s travessar-la i acompanyar-la en els seus carrers i les seves places, en els seus marges, descampats i racons, per\u00f2 tamb\u00e9, \u00e9s observar-la i palpar-la en els moments de rep\u00f2s, tan necessaris per sentir com passen els esdeveniments. En aquest estadi de coses, apel\u00b7lem a dues publicacions de Francesco Careri: <em>Pasear, deteners<\/em>e i <em>Hospedar\/se<\/em>. Als dos llibres conflueixen les idees de moviment i quietud, de tal manera que les dues situacions, aparentment contraposades, interaccionen per donar sentit a l\u2019altra. Per a constatar-ho a la pr\u00e0ctica i explorar les distintes vicissituds d\u2019aquestes experi\u00e8ncies, ens agradaria convidar-vos a compartir dues accions per separat: <strong>Passar el dia al costat d\u2019un banc<\/strong> i <strong>Caminar el per\u00edmetre de Vic<\/strong>.\r\n\r\nLa primera acci\u00f3, <strong>Passar el dia al costat d\u2019un banc<\/strong>, es portar\u00e0 a terme el proper dissabte 19 de juliol.\r\n\r\nL\u2019acci\u00f3 <strong>Caminar el per\u00edmetre de Vic<\/strong> tindr\u00e0 lloc el 13 de setembre de 2025, a partir de les 8 del mat\u00ed. Se sortir\u00e0 des d\u2019ACVIC i el recorregut pot durar entre 8 i 10 hores.\r\n\r\n<strong>PASSAR EL DIA AL COSTAT D'UN BANC <\/strong>\r\n<strong>19.07.2025 <\/strong>\r\n<strong>De 8 del mat\u00ed a 8 del vespre<\/strong>\r\n\r\nAturar-nos per veure com passa tot; aix\u00f2 \u00e9s el que volem fer. Viure les hores tal com es presenten al costat d'un banc de la ciutat. Un paisatge urb\u00e0 que forma part intr\u00ednseca de la nostra quotidianitat i del qual hem perdut gaireb\u00e9 l'h\u00e0bit de gaudir-ne.\r\nQu\u00e8 hi passa al voltant d'un banc durant tot el dia? Qu\u00e8 emergeix de la voluntat de romandre en un lloc per viure'l? No fer res \u00e9s una condici\u00f3 pol\u00edtica que q\u00fcestiona l\u2019ansietat a la qual ens aboca el model productiu d\u2019una societat implacable. Per reflexionar-hi us convidem a acompanyar-nos-hi. Ser\u00e0 el dissabte, 19 de juliol de 2025, de 8 del mat\u00ed a 8 del vespre, en un dels bancs del centre del Parc Balmes de Vic. No calen inscripcions, simplement venir a l'hora que vulgueu i tanta estona com vulgueu. Veniu a passar el dia al costat d'un banc amb nosaltres! Comprovareu que passen m\u00e9s coses de les que ens imaginem!\r\n\r\n<strong>DERIVA MUSSOL<\/strong>\r\n\r\nDeriva Mussol \u00e9s un col\u00b7lectiu art\u00edstic i associaci\u00f3 cultural amb seu a Vic, actiu des de 2012, integrat per Eva Marichalar-Freixa, Jordi Lafon, Montsita Rierola i Sebasti\u00e0 Masramon. De les respectives traject\u00f2ries en arts visuals, arts performatives i educaci\u00f3 sorgeix l\u2019inter\u00e8s en el fet de caminar i la deriva com a formes d\u2019explorar possibilitats de creaci\u00f3 i aprenentatge en contextos contemporanis. Generen accions i comparteixen espais oberts, permeables i en moviment. Com a membres del Projecte Viver d\u2019ACVIC Centre d\u2019Arts Contempor\u00e0nies desenvolupen projectes d\u2019investigaci\u00f3 art\u00edstica i participaci\u00f3 comunit\u00e0ria amb una clara vocaci\u00f3 educativa i territorial.","desc_es":"<strong>PASAR EL D\u00cdA JUNTO A UN BANCO <\/strong>\r\n<strong>19.07.2025<\/strong>\r\n<strong>De 8 de la ma\u00f1ana a 8 de la tarde<\/strong>\r\n\r\nAcci\u00f3n art\u00edstica de <strong>Deriva Mussol<\/strong>\r\n\r\nDetenernos para ver c\u00f3mo pasa todo; eso es lo que queremos hacer. Vivir las horas tal como se presentan junto a un banco de la ciudad. Un paisaje urbano que forma parte intr\u00ednseca de nuestra cotidianidad y del que hemos perdido casi el h\u00e1bito de disfrutar.\r\n\u00bfQu\u00e9 sucede alrededor de un banco durante todo el d\u00eda? \u00bfQu\u00e9 emerge de la voluntad de permanecer en un lugar para vivirlo? No hacer nada es una condici\u00f3n pol\u00edtica que cuestiona la ansiedad a la que nos conduce el modelo productivo de una sociedad implacable. Para reflexionar sobre ello os invitamos a acompa\u00f1arnos. Ser\u00e1 el s\u00e1bado, 19 de julio de 2025, de 8 de la ma\u00f1ana a 8 de la tarde, en uno de los bancos del centro del Parque Balmes de Vic. No hacen falta inscripciones, simplemente ir a la hora que quer\u00e1is y tanto rato como quer\u00e1is. \u00a1Venid a pasar el d\u00eda junto a un banco con nosotros! \u00a1Comprobar\u00e9is que pasan m\u00e1s cosas de las que nos imaginamos!\r\n\r\n<strong>DERIVA MUSSOL<\/strong>\r\n\r\nDeriva Mussol es un colectivo art\u00edstico y asociaci\u00f3n cultural con sede en Vic, activo desde 2012, integrado por Eva Marichalar-Freixa, Jordi Lafon, Montsita Rierola y Sebasti\u00e0 Masramon. De las respectivas trayectorias en artes visuales, artes performativas y educaci\u00f3n surge el inter\u00e9s en el hecho de andar y la deriva como formas de explorar posibilidades de creaci\u00f3n y aprendizaje en contextos contempor\u00e1neos. Generan acciones y comparten espacios abiertos, permeables y en movimiento. Como miembros del \u201cProyecto Viver\u201d de ACVIC Centre d\u2019Arts Contempor\u00e0nies desarrollan proyectos de investigaci\u00f3n art\u00edstica y participaci\u00f3n comunitaria con una clara vocaci\u00f3n educativa y territorial.\r\n\r\n&nbsp;","desc_en":"<strong>1\/SPENDING THE DAY BESIDE A BENCH <\/strong>\r\n<strong>19\/07\/2025 <\/strong>\r\n<strong>From 8 a.m. to 8 p.m.<\/strong>\r\n\r\nArtistic action by<strong> Deriva Mussol<\/strong>\r\n\r\nWe want to stop and see what is happening. Experience the hours as they happen while being beside a public bench; an urban landscape which forms an intrinsic part of our everyday lives. A landscape which we have almost lost the ability of enjoying. What is happening around a public bench throughout the day? What if we were to decide to stay in one place and experience it? Doing nothing is a political response, questioning the anxiety to which we are led by the productive model of an implacable society. To reflect upon these issues, we invite you to join us on Saturday, July 19th, 2025, from 8 a.m. to 8 p.m., at one of the benches in the centre of the Parc Balmes in Vic. No prior registration required, just come at any time and for as long as you want. Come and spend the day beside a bench with us! You\u2019ll see that more things will happen than you imagine!\r\n\r\nDeriva Mussol is an artistic collective and cultural association based in Vic, active since 2012, formed by Eva Marichalar-Freixa, Jordi Lafon, Montsita Rierola, and Sebasti\u00e0 Masramon. From their respective careers in visual arts, performing arts, and education, an interest in walking and drifting emerged as ways of exploring possibilities for creation and learning in contemporary contexts. We like to generate actions and share open, permeable, and moving spaces. As members of the Projecte Viver d'ACVIC Centre d'Arts Contempor\u00e0nies we develop projects of artistic investigation and community participation, with a clear educational and territorial vocation.","event_category":306,"event_show_only_own_date":false,"_event_confirmed":true,"_event_public":true,"_event_free":true,"_event_price-min":"","_event_price-max":"","_event_web_ca":"https:\/\/www.acvic.org\/ca\/viver-de-projectes\/4297-passar-el-dia-al-costat-d-un-banc","_event_web_es":"https:\/\/www.acvic.org\/es\/proyecto-vivero\/4298-passar-el-dia-al-costat-d-un-banc-2https:\/\/www.acvic.org\/en\/project-nursery\/4299-passar-el-dia-al-costat-d-un-banc-2","_event_web_en":"https:\/\/www.acvic.org\/en\/project-nursery\/4299-passar-el-dia-al-costat-d-un-banc-2","event_contact_email":"","event_apply_email":"","is_online_event":false,"is_art_nou_event":false,"is_bgw_event":false,"date_text":"","register_deadline":null,"altres_organitzadors":""},"abe_event_venue":null,"abe_event_category":"Trobada","start":"2025-07-19 08:00:00","end":"2025-07-19 20:00:00","schedule":"daily","schedule_meta":"","frequency":1,"all_day":0,"until":"2025-07-19 08:00:00","include":[],"exclude":[],"_links":{"self":[{"href":"https:\/\/graf.cat\/es\/wp-json\/wp\/v2\/events\/49900","targetHints":{"allow":["GET"]}}],"collection":[{"href":"https:\/\/graf.cat\/es\/wp-json\/wp\/v2\/events"}],"about":[{"href":"https:\/\/graf.cat\/es\/wp-json\/wp\/v2\/types\/event"}],"author":[{"embeddable":true,"href":"https:\/\/graf.cat\/es\/wp-json\/wp\/v2\/users\/172"}],"occurrences":[{"embeddable":true,"href":"https:\/\/graf.cat\/es\/wp-json\/wp\/v2\/events\/49900\/occurrences"}],"acf:term":[{"embeddable":true,"taxonomy":"event-category","href":"https:\/\/graf.cat\/es\/wp-json\/wp\/v2\/event-category\/306"}],"wp:featuredmedia":[{"embeddable":true,"href":"https:\/\/graf.cat\/es\/wp-json\/wp\/v2\/media\/49901"}],"wp:attachment":[{"href":"https:\/\/graf.cat\/es\/wp-json\/wp\/v2\/media?parent=49900"}],"wp:term":[{"taxonomy":"event-venue","embeddable":true,"href":"https:\/\/graf.cat\/es\/wp-json\/wp\/v2\/event-venues?post=49900"},{"taxonomy":"event-tag","embeddable":true,"href":"https:\/\/graf.cat\/es\/wp-json\/wp\/v2\/event-tags?post=49900"}],"curies":[{"name":"wp","href":"https:\/\/api.w.org\/{rel}","templated":true}]}}

<strong>PASSAR EL DIA AL COSTAT D'UN BANC </strong>
<strong>19.07.2025 </strong>
<strong>De 8 del matí a 8 del vespre</strong>

Acció artística de <strong>Deriva Mussol</strong>
<h2 class="contentheading">PASSAR EL DIA AL COSTAT D'UN BANC</h2>
<a href="image/svg+xml;base64,PHN2ZyB4bWxucz0iaHR0cDovL3d3dy53My5vcmcvMjAwMC9zdmciIHdpZHRoPSIzMDAiIGhlaWdodD0iMjI1Ij48L3N2Zz4="><img class=" ls-is-cached jch-lazyloaded" src="https://www.acvic.org/images/AC_Lab/viver_projectes/2025/deriva_banc_25_br.jpg" alt="deriva banc 25 br" width="300" height="225" data-src="https://www.acvic.org/images/AC_Lab/viver_projectes/2025/deriva_banc_25_br.jpg" /></a><strong>19.07.2025 </strong>
<strong>De 8 del matí a 8 del vespre</strong>

Acció artística de <strong>Deriva Mussol</strong>

<strong>DERIVA MUSSOL</strong>

Deriva Mussol és un col·lectiu artístic i associació cultural amb seu a Vic, actiu des de 2012, integrat per Eva Marichalar-Freixa, Jordi Lafon, Montsita Rierola i Sebastià Masramon. De les respectives trajectòries en arts visuals, arts performatives i educació sorgeix l’interès en el fet de caminar i la deriva com a formes d’explorar possibilitats de creació i aprenentatge en contextos contemporanis. Generen accions i comparteixen espais oberts, permeables i en moviment. Com a membres del Projecte Viver d’ACVIC Centre d’Arts Contemporànies desenvolupen projectes d’investigació artística i participació comunitària amb una clara vocació educativa i territorial.

<strong>VIURE LA CIUTAT</strong>

Caminar de manera conscient i atenta ens permet reconèixer el nostre entorn. Els detalls dels moments configuren una narrativa desplegada des del moviment i la quietud. Viure la ciutat és travessar-la i acompanyar-la en els seus carrers i les seves places, en els seus marges, descampats i racons, però també, és observar-la i palpar-la en els moments de repòs, tan necessaris per sentir com passen els esdeveniments. En aquest estadi de coses, apel·lem a dues publicacions de Francesco Careri: <em>Pasear, deteners</em>e i <em>Hospedar/se</em>. Als dos llibres conflueixen les idees de moviment i quietud, de tal manera que les dues situacions, aparentment contraposades, interaccionen per donar sentit a l’altra. Per a constatar-ho a la pràctica i explorar les distintes vicissituds d’aquestes experiències, ens agradaria convidar-vos a compartir dues accions per separat: <strong>Passar el dia al costat d’un banc</strong> i <strong>Caminar el perímetre de Vic</strong>.

La primera acció, <strong>Passar el dia al costat d’un banc</strong>, es portarà a terme el proper dissabte 19 de juliol.

L’acció <strong>Caminar el perímetre de Vic</strong> tindrà lloc el 13 de setembre de 2025, a partir de les 8 del matí. Se sortirà des d’ACVIC i el recorregut pot durar entre 8 i 10 hores.

<strong>PASSAR EL DIA AL COSTAT D'UN BANC </strong>
<strong>19.07.2025 </strong>
<strong>De 8 del matí a 8 del vespre</strong>

Aturar-nos per veure com passa tot; això és el que volem fer. Viure les hores tal com es presenten al costat d'un banc de la ciutat. Un paisatge urbà que forma part intrínseca de la nostra quotidianitat i del qual hem perdut gairebé l'hàbit de gaudir-ne.
Què hi passa al voltant d'un banc durant tot el dia? Què emergeix de la voluntat de romandre en un lloc per viure'l? No fer res és una condició política que qüestiona l’ansietat a la qual ens aboca el model productiu d’una societat implacable. Per reflexionar-hi us convidem a acompanyar-nos-hi. Serà el dissabte, 19 de juliol de 2025, de 8 del matí a 8 del vespre, en un dels bancs del centre del Parc Balmes de Vic. No calen inscripcions, simplement venir a l'hora que vulgueu i tanta estona com vulgueu. Veniu a passar el dia al costat d'un banc amb nosaltres! Comprovareu que passen més coses de les que ens imaginem!

<strong>DERIVA MUSSOL</strong>

Deriva Mussol és un col·lectiu artístic i associació cultural amb seu a Vic, actiu des de 2012, integrat per Eva Marichalar-Freixa, Jordi Lafon, Montsita Rierola i Sebastià Masramon. De les respectives trajectòries en arts visuals, arts performatives i educació sorgeix l’interès en el fet de caminar i la deriva com a formes d’explorar possibilitats de creació i aprenentatge en contextos contemporanis. Generen accions i comparteixen espais oberts, permeables i en moviment. Com a membres del Projecte Viver d’ACVIC Centre d’Arts Contemporànies desenvolupen projectes d’investigació artística i participació comunitària amb una clara vocació educativa i territorial.

<strong>PASAR EL DÍA JUNTO A UN BANCO </strong>
<strong>19.07.2025</strong>
<strong>De 8 de la mañana a 8 de la tarde</strong>

Acción artística de <strong>Deriva Mussol</strong>

Detenernos para ver cómo pasa todo; eso es lo que queremos hacer. Vivir las horas tal como se presentan junto a un banco de la ciudad. Un paisaje urbano que forma parte intrínseca de nuestra cotidianidad y del que hemos perdido casi el hábito de disfrutar.
¿Qué sucede alrededor de un banco durante todo el día? ¿Qué emerge de la voluntad de permanecer en un lugar para vivirlo? No hacer nada es una condición política que cuestiona la ansiedad a la que nos conduce el modelo productivo de una sociedad implacable. Para reflexionar sobre ello os invitamos a acompañarnos. Será el sábado, 19 de julio de 2025, de 8 de la mañana a 8 de la tarde, en uno de los bancos del centro del Parque Balmes de Vic. No hacen falta inscripciones, simplemente ir a la hora que queráis y tanto rato como queráis. ¡Venid a pasar el día junto a un banco con nosotros! ¡Comprobaréis que pasan más cosas de las que nos imaginamos!

<strong>DERIVA MUSSOL</strong>

Deriva Mussol es un colectivo artístico y asociación cultural con sede en Vic, activo desde 2012, integrado por Eva Marichalar-Freixa, Jordi Lafon, Montsita Rierola y Sebastià Masramon. De las respectivas trayectorias en artes visuales, artes performativas y educación surge el interés en el hecho de andar y la deriva como formas de explorar posibilidades de creación y aprendizaje en contextos contemporáneos. Generan acciones y comparten espacios abiertos, permeables y en movimiento. Como miembros del “Proyecto Viver” de ACVIC Centre d’Arts Contemporànies desarrollan proyectos de investigación artística y participación comunitaria con una clara vocación educativa y territorial.

&nbsp;

<strong>1/SPENDING THE DAY BESIDE A BENCH </strong>
<strong>19/07/2025 </strong>
<strong>From 8 a.m. to 8 p.m.</strong>

Artistic action by<strong> Deriva Mussol</strong>

We want to stop and see what is happening. Experience the hours as they happen while being beside a public bench; an urban landscape which forms an intrinsic part of our everyday lives. A landscape which we have almost lost the ability of enjoying. What is happening around a public bench throughout the day? What if we were to decide to stay in one place and experience it? Doing nothing is a political response, questioning the anxiety to which we are led by the productive model of an implacable society. To reflect upon these issues, we invite you to join us on Saturday, July 19th, 2025, from 8 a.m. to 8 p.m., at one of the benches in the centre of the Parc Balmes in Vic. No prior registration required, just come at any time and for as long as you want. Come and spend the day beside a bench with us! You’ll see that more things will happen than you imagine!

Deriva Mussol is an artistic collective and cultural association based in Vic, active since 2012, formed by Eva Marichalar-Freixa, Jordi Lafon, Montsita Rierola, and Sebastià Masramon. From their respective careers in visual arts, performing arts, and education, an interest in walking and drifting emerged as ways of exploring possibilities for creation and learning in contemporary contexts. We like to generate actions and share open, permeable, and moving spaces. As members of the Projecte Viver d'ACVIC Centre d'Arts Contemporànies we develop projects of artistic investigation and community participation, with a clear educational and territorial vocation.
