{"id":50161,"guid":{"rendered":"https:\/\/graf.cat\/?post_type=event&#038;p=50161"},"modified":"2025-08-06T10:25:22","modified_gmt":"2025-08-06T08:25:22","slug":"el-vuelto-julia-spinola","status":"publish","type":"event","link":"https:\/\/graf.cat\/es\/events\/event\/el-vuelto-julia-spinola\/","title":{"rendered":"BGW. El vuelto. Julia Spinola"},"content":{"rendered":"","protected":false},"excerpt":{"rendered":"","protected":false},"author":21,"featured_media":50162,"template":"","meta":{"_acf_changed":false,"_monsterinsights_skip_tracking":false,"_monsterinsights_sitenote_active":false,"_monsterinsights_sitenote_note":"","_monsterinsights_sitenote_category":0},"event-venues":[102],"event-tags":[],"class_list":["post-50161","event","type-event","status-publish","has-post-thumbnail","hentry","event-venue-ethall-2","event-category-exposicio"],"acf":{"title_ca":"BGW. El vuelto. Julia Spinola","title_es":"BGW. El vuelto. Julia Spinola","title_en":"BGW. El vuelto. Julia Spinola","desc_ca":"<div class=\"item text-small\">\r\n\r\n<b>Dijous 18 set:\u00a0<\/b>12 \u2013 20h\r\nA partir de les 12h: inauguraci\u00f3 PRO\r\nA partir de les 18h:\u00a0inauguraci\u00f3 per a tots els p\u00fablics\r\n<b>Divendres 19 i dissabte 20 set:\u00a0<\/b>12 \u2013 20h\r\n<b>Diumenge 21 set:<\/b>\u00a011 \u2013 15h\r\n\r\n<\/div>\r\n<div class=\"item\">\r\n\r\n&nbsp;\r\n\r\nCada exposici\u00f3 de\u00a0<b>Julia Sp\u00ednola<\/b>\u00a0(Madrid, 1979) \u00e9s una excusa per a pensar l'espai com un artefacte perceptiu en\u00a0el qual peces i gestos es construeixen en bloc, a l'una i per relacions d'interdepend\u00e8ncia. En aquest cas,\u00a0<b>\u00abEl vuelto\u00bb<\/b>\u00a0posa en escena un espai \u201cdesorientat\u201d en el qual les peces s'acumulen per zones formant \u00e0rees de taca vistes a\u00a0una certa dist\u00e0ncia. Molts d'aquests elements, vists m\u00e9s de prop, presenten una superf\u00edcie treballada per a fer\u00a0llegible o visible una s\u00e8rie d'imatges que s'adapten als volums, a la manera d'aparells rudimentaris de lectura.\r\n\r\n<\/div>","desc_es":"<div class=\"item text-small\">\r\n\r\n<b>Jueves 18 sep:<\/b>\u00a012 \u2013 20h\r\nA partir de las 12h: inauguraci\u00f3n PRO\r\nA partir de las 18h: inauguraci\u00f3n para todos los p\u00fablicos\r\n<b>Viernes 19 y s\u00e1bado 20 sep:<\/b>\u00a012 \u2013 20h\r\n<b>Domingo 21 sep:\u00a0<\/b>11 \u2013 15h\r\n\r\n&nbsp;\r\n\r\n<\/div>\r\n<div class=\"item\">\r\n\r\nCada exposici\u00f3n de\u00a0<b>Julia Sp\u00ednola<\/b>\u00a0(Madrid, 1979) es una excusa para pensar el espacio como un artefacto\u00a0perceptivo en el que piezas y gestos se construyen en bloque, a la par y por relaciones de interdependencia. En\u00a0este caso,\u00a0<b>\u00abEl vuelto\u00bb<\/b>\u00a0pone en escena un espacio \u201cdesorientado\u201d en el que las piezas se acumulan por zonas\u00a0formando \u00e1reas de mancha vistas a cierta distancia. Muchos de estos elementos, vistos m\u00e1s de cerca, presentan\u00a0una superficie trabajada para hacer legible o visible una serie de im\u00e1genes que se adaptan a los vol\u00famenes, a la\u00a0manera de aparatos rudimentarios de lectura.\r\n\r\n<\/div>","desc_en":"<div class=\"item text-small\">\r\n\r\n<b>Thursday sept 18th:\u00a0<\/b>12 \u2013 8pm\r\nFrom 12pm: PRO opening\r\nFrom 6pm: opening for all publics\r\n<b>Fiday sept 19th and Saturday 20th<\/b>:\u00a012 \u2013 8pm\r\n<b>Sunday sept 21st:\u00a0<\/b>11am \u2013 3pm\r\n\r\n<\/div>\r\n<div class=\"item\">\r\n\r\n&nbsp;\r\n\r\nEach exhibition by\u00a0<b>Julia Sp\u00ednola<\/b>\u00a0(Madrid, 1979) offers an opportunity to consider space as a perceptual artefact,\u00a0with pieces and gestures constructed en bloc, in tandem and through interdependent relationships. In this case,\u00a0<b>'El vuelto'<\/b>\u00a0presents a 'disorientated' space in which pieces accumulate in zones, forming stains that are visible from\u00a0a distance. Many of these elements, viewed more closely, reveal a surface that has been worked to render a\u00a0series of images legible or visible, which adapt to the volumes in the manner of rudimentary reading devices.\r\n\r\n<\/div>","event_category":103,"event_show_only_own_date":true,"_event_confirmed":true,"_event_public":true,"_event_free":true,"_event_price-min":"","_event_price-max":"","_event_web_ca":"https:\/\/www.barcelonagalleryweekend.com\/expo.php?lang=cat&id=109","_event_web_es":"https:\/\/barcelonagalleryweekend.com\/expo.php?lang=esp&id=109","_event_web_en":"https:\/\/www.barcelonagalleryweekend.com\/expo.php?lang=eng&id=109","event_contact_email":"","event_apply_email":"","is_online_event":false,"is_art_nou_event":false,"is_bgw_event":true,"date_text":"","register_deadline":null,"altres_organitzadors":""},"abe_event_venue":"ethall","abe_event_category":"Exposici\u00f3","start":"2025-09-18 00:00:00","end":"2025-09-21 23:59:00","schedule":"once","schedule_meta":"","frequency":1,"all_day":1,"until":"2025-09-18 00:00:00","include":[],"exclude":[],"_links":{"self":[{"href":"https:\/\/graf.cat\/es\/wp-json\/wp\/v2\/events\/50161","targetHints":{"allow":["GET"]}}],"collection":[{"href":"https:\/\/graf.cat\/es\/wp-json\/wp\/v2\/events"}],"about":[{"href":"https:\/\/graf.cat\/es\/wp-json\/wp\/v2\/types\/event"}],"author":[{"embeddable":true,"href":"https:\/\/graf.cat\/es\/wp-json\/wp\/v2\/users\/21"}],"occurrences":[{"embeddable":true,"href":"https:\/\/graf.cat\/es\/wp-json\/wp\/v2\/events\/50161\/occurrences"}],"acf:term":[{"embeddable":true,"taxonomy":"event-category","href":"https:\/\/graf.cat\/es\/wp-json\/wp\/v2\/event-category\/103"}],"wp:featuredmedia":[{"embeddable":true,"href":"https:\/\/graf.cat\/es\/wp-json\/wp\/v2\/media\/50162"}],"wp:attachment":[{"href":"https:\/\/graf.cat\/es\/wp-json\/wp\/v2\/media?parent=50161"}],"wp:term":[{"taxonomy":"event-venue","embeddable":true,"href":"https:\/\/graf.cat\/es\/wp-json\/wp\/v2\/event-venues?post=50161"},{"taxonomy":"event-tag","embeddable":true,"href":"https:\/\/graf.cat\/es\/wp-json\/wp\/v2\/event-tags?post=50161"}],"curies":[{"name":"wp","href":"https:\/\/api.w.org\/{rel}","templated":true}]}}

<div class="item text-small">

<b>Dijous 18 set: </b>12 – 20h
A partir de les 12h: inauguració PRO
A partir de les 18h: inauguració per a tots els públics
<b>Divendres 19 i dissabte 20 set: </b>12 – 20h
<b>Diumenge 21 set:</b> 11 – 15h

</div>
<div class="item">

&nbsp;

Cada exposició de <b>Julia Spínola</b> (Madrid, 1979) és una excusa per a pensar l'espai com un artefacte perceptiu en el qual peces i gestos es construeixen en bloc, a l'una i per relacions d'interdependència. En aquest cas, <b>«El vuelto»</b> posa en escena un espai “desorientat” en el qual les peces s'acumulen per zones formant àrees de taca vistes a una certa distància. Molts d'aquests elements, vists més de prop, presenten una superfície treballada per a fer llegible o visible una sèrie d'imatges que s'adapten als volums, a la manera d'aparells rudimentaris de lectura.

</div>

<div class="item text-small">

<b>Jueves 18 sep:</b> 12 – 20h
A partir de las 12h: inauguración PRO
A partir de las 18h: inauguración para todos los públicos
<b>Viernes 19 y sábado 20 sep:</b> 12 – 20h
<b>Domingo 21 sep: </b>11 – 15h

&nbsp;

</div>
<div class="item">

Cada exposición de <b>Julia Spínola</b> (Madrid, 1979) es una excusa para pensar el espacio como un artefacto perceptivo en el que piezas y gestos se construyen en bloque, a la par y por relaciones de interdependencia. En este caso, <b>«El vuelto»</b> pone en escena un espacio “desorientado” en el que las piezas se acumulan por zonas formando áreas de mancha vistas a cierta distancia. Muchos de estos elementos, vistos más de cerca, presentan una superficie trabajada para hacer legible o visible una serie de imágenes que se adaptan a los volúmenes, a la manera de aparatos rudimentarios de lectura.

</div>

<div class="item text-small">

<b>Thursday sept 18th: </b>12 – 8pm
From 12pm: PRO opening
From 6pm: opening for all publics
<b>Fiday sept 19th and Saturday 20th</b>: 12 – 8pm
<b>Sunday sept 21st: </b>11am – 3pm

</div>
<div class="item">

&nbsp;

Each exhibition by <b>Julia Spínola</b> (Madrid, 1979) offers an opportunity to consider space as a perceptual artefact, with pieces and gestures constructed en bloc, in tandem and through interdependent relationships. In this case, <b>'El vuelto'</b> presents a 'disorientated' space in which pieces accumulate in zones, forming stains that are visible from a distance. Many of these elements, viewed more closely, reveal a surface that has been worked to render a series of images legible or visible, which adapt to the volumes in the manner of rudimentary reading devices.

</div>

Exposició
