{"id":50173,"guid":{"rendered":"https:\/\/graf.cat\/?post_type=event&#038;p=50173"},"modified":"2025-08-06T10:31:58","modified_gmt":"2025-08-06T08:31:58","slug":"palencia-vs-serzo-preludi-duna-iii-escola-de-vallecas","status":"publish","type":"event","link":"https:\/\/graf.cat\/es\/events\/event\/palencia-vs-serzo-preludi-duna-iii-escola-de-vallecas\/","title":{"rendered":"BGW. Pal\u00e9ncia vs. Serzo. Preludi d&#8217;una III Escola de Vallecas"},"content":{"rendered":"","protected":false},"excerpt":{"rendered":"","protected":false},"author":132,"featured_media":50174,"template":"","meta":{"_acf_changed":false,"_monsterinsights_skip_tracking":false,"_monsterinsights_sitenote_active":false,"_monsterinsights_sitenote_note":"","_monsterinsights_sitenote_category":0},"event-venues":[595],"event-tags":[],"class_list":["post-50173","event","type-event","status-publish","has-post-thumbnail","hentry","event-venue-galeria-marc-domenech","event-category-exposicio"],"acf":{"title_ca":"BGW. Pal\u00e9ncia vs. Serzo. Preludi d'una III Escola de Vallecas","title_es":"BGW. Pal\u00e9ncia vs. Serzo. Preludio de una III Escola de Vallecas","title_en":"BGW. Pal\u00e9ncia vs. Serzo. Prellude to a III Escuela de Vallecas","desc_ca":"<div class=\"item text-small\">\r\n\r\n<b>Dijous 18 set<\/b>: 12 \u2013 20h\r\nA partir de les 12h: inauguraci\u00f3 PRO\r\nA partir de les 18h:\u00a0inauguraci\u00f3 per a tots els\u00a0p\u00fablics\r\n<b>Divendres 19 i dissabte 20 set<\/b>: 12 \u2013 20h\r\n<b>Diumenge 21 set:<\/b>\u00a011 \u2013 15h\r\n\r\n&nbsp;\r\n\r\n<\/div>\r\n<div class=\"item\">\r\n\r\nCap al 1927,\u00a0<b>Benjam\u00edn Palencia<\/b>\u00a0(Albacete 1894 - Madrid 1980) i\u00a0<b>Alberto S\u00e1nchez<\/b>\u00a0(Toledo, 1895 -\u00a0 Mosc\u00fa, 1962) van iniciar l'Escola de Vallecas amb el prop\u00f2sit de renovar l'art espanyol des de dins, en contraposici\u00f3 a les avantguardes establertes a Par\u00eds. Per a aix\u00f2, prenien com a font d'inspiraci\u00f3 els paisatges perif\u00e8rics de Madrid, explorant els descampats i suburbis de Vallecas. Aquesta escola aspirava a crear una expressi\u00f3 art\u00edstica innovadora i avantguardista, per\u00f2 profundament arrelada en el seu context. Amb el temps, s\u2019hi van afegir altres artistes, entre ells Maruja Mallo, que va aportar una visi\u00f3 cosmopolita i va integrar elements del surrealisme i el cubisme.\r\n\r\n<b>Serzo\u00a0<\/b>(Albacete, 1977), inspirat en l\u2019obra del seu pais\u00e0\u00a0<b>Benjam\u00edn Palencia<\/b>, proposa un di\u00e0leg creatiu que explora la possibilitat de refundar l'Escola de Vallecas, recuperant l'esperit de renovaci\u00f3 art\u00edstica que va caracteritzar les generacions anteriors. La idea d'una III Escola de Vallecas fa temps que ronda pel cap de\u00a0<b>Serzo.<\/b>\u00a0A trav\u00e9s de les obres seleccionades per a aquest projecte, l'artista especula i albira una s\u00e8rie d'accions interdisciplin\u00e0ries que reten homenatge tant a l'obra de Palencia com al llegat de la hist\u00f2rica aventura vallecana.\r\n\r\n<\/div>","desc_es":"<div class=\"item text-small\">\r\n\r\n<b>Jueves 18 sep:<\/b>\u00a012 \u2013 20h\r\nA partir de las 12h: inauguraci\u00f3n PRO\r\nA partir de las 18h: inauguraci\u00f3n para todos los p\u00fablicos\r\n<b>Viernes 19 y s\u00e1bado 20 sep:<\/b>\u00a012 \u2013 20h\r\n<b>Domingo 21 sep:<\/b>\u00a011 \u2013 15h\r\n\r\n&nbsp;\r\n\r\n<\/div>\r\n<div class=\"item\">\r\n\r\nHacia 1927,\u00a0<b>Benjam\u00edn Palencia<\/b>\u00a0(Albacete 1894 - Madrid 1980)\u00a0y Alberto S\u00e1nchez (Toledo, 1895 -\u00a0 Mosc\u00fa, 1962) iniciaron la Escuela de Vallecas con el prop\u00f3sito de renovar el arte espa\u00f1ol desde dentro, en contraposici\u00f3n a las vanguardias establecidas en Par\u00eds. Para ello, tomaban como fuente de inspiraci\u00f3n los paisajes perif\u00e9ricos de Madrid, explorando los descampados y suburbios de Vallecas. Esta escuela aspiraba a crear una expresi\u00f3n art\u00edstica innovadora y vanguardista, pero profundamente enraizada en su contexto. Con el tiempo, se sumaron otros artistas, entre ellos Maruja Mallo, quien aport\u00f3 una visi\u00f3n cosmopolita e integr\u00f3 elementos del surrealismo y el cubismo.\r\n\r\n<b>Serzo\u00a0<\/b>(Albacete, 1977), inspirado en la obra de su paisano\u00a0<b>Benjam\u00edn Palencia<\/b>, plantea un di\u00e1logo creativo que explora la posibilidad de refundar la Escuela de Vallecas, retomando el esp\u00edritu de renovaci\u00f3n art\u00edstica que caracteriz\u00f3 a las generaciones anteriores. La idea de una III Escuela de Vallecas ha estado presente en la mente de\u00a0<b>Serzo<\/b>\u00a0desde hace tiempo. A trav\u00e9s de las obras seleccionadas para este proyecto, el artista especula y vislumbra una serie de acciones interdisciplinares que rinden homenaje tanto a la obra de Palencia como al legado de la hist\u00f3rica aventura vallecana.\r\n\r\n<\/div>","desc_en":"<div class=\"item text-small\">\r\n\r\n<b>Thursday sept 18th:<\/b>\u00a012 \u2013 8pm\r\nFrom 12pm: PRO opening\r\nFrom 6pm: opening for all publics\r\n<b>Fiday sept 19th and Saturday 20th<\/b>: 12 \u2013 8pm\r\n<b>Sunday sept 21st:<\/b>\u00a011am \u2013 3pm\r\n\r\n&nbsp;\r\n\r\n<\/div>\r\n<div class=\"item\">\r\n\r\nAround 1927,\u00a0<b>Benjam\u00edn Palencia<\/b>\u00a0(Albacete 1894 - Madrid 1980) and\u00a0<b>Alberto S\u00e1nchez<\/b>\u00a0(Toledo, 1895 -\u00a0 Moscow, 1962) founded the School of Vallecas with the aim of renewing Spanish art from within, in contrast to the avant-garde movements established in Paris. To do so, they drew inspiration from the peripheral landscapes of Madrid, exploring the wastelands and suburbs of Vallecas. This school aspired to create an innovative and avant-garde artistic expression yet deeply rooted in its context. Over time, other artists joined the movement, among them Maruja Mallo, who brought a cosmopolitan vision and incorporated elements of Surrealism and Cubism.\r\n\r\n<b>Serzo<\/b>\u00a0(Albacete, 1977), inspired by the work of his fellow countryman<b>\u00a0Benjam\u00edn Palencia<\/b>, proposes a creative dialogue that explores the possibility of refounding the School of Vallecas, reviving the spirit of artistic renewal that characterised previous generations. The idea of a Third School of Vallecas has been in Serzo\u2019s mind for some time. Through the works selected for this project, the artist speculates and envisions a series of interdisciplinary actions that pay tribute both to Palencia\u2019s oeuvre and to the legacy of the historic Vallecas adventure\r\n\r\n<\/div>","event_category":103,"event_show_only_own_date":true,"_event_confirmed":true,"_event_public":true,"_event_free":true,"_event_price-min":"","_event_price-max":"","_event_web_ca":"https:\/\/www.barcelonagalleryweekend.com\/expo.php?lang=cat&id=138","_event_web_es":"https:\/\/barcelonagalleryweekend.com\/expo.php?lang=esp&id=138","_event_web_en":"https:\/\/www.barcelonagalleryweekend.com\/expo.php?lang=eng&id=138","event_contact_email":"","event_apply_email":"","is_online_event":false,"is_art_nou_event":false,"is_bgw_event":true,"date_text":"","register_deadline":null,"altres_organitzadors":""},"abe_event_venue":"Galeria Marc Dom\u00e8nech","abe_event_category":"Exposici\u00f3","start":"2025-09-18 00:00:00","end":"2025-09-21 23:59:00","schedule":"once","schedule_meta":"","frequency":1,"all_day":1,"until":"2025-09-18 00:00:00","include":[],"exclude":[],"_links":{"self":[{"href":"https:\/\/graf.cat\/es\/wp-json\/wp\/v2\/events\/50173","targetHints":{"allow":["GET"]}}],"collection":[{"href":"https:\/\/graf.cat\/es\/wp-json\/wp\/v2\/events"}],"about":[{"href":"https:\/\/graf.cat\/es\/wp-json\/wp\/v2\/types\/event"}],"author":[{"embeddable":true,"href":"https:\/\/graf.cat\/es\/wp-json\/wp\/v2\/users\/132"}],"occurrences":[{"embeddable":true,"href":"https:\/\/graf.cat\/es\/wp-json\/wp\/v2\/events\/50173\/occurrences"}],"acf:term":[{"embeddable":true,"taxonomy":"event-category","href":"https:\/\/graf.cat\/es\/wp-json\/wp\/v2\/event-category\/103"}],"wp:featuredmedia":[{"embeddable":true,"href":"https:\/\/graf.cat\/es\/wp-json\/wp\/v2\/media\/50174"}],"wp:attachment":[{"href":"https:\/\/graf.cat\/es\/wp-json\/wp\/v2\/media?parent=50173"}],"wp:term":[{"taxonomy":"event-venue","embeddable":true,"href":"https:\/\/graf.cat\/es\/wp-json\/wp\/v2\/event-venues?post=50173"},{"taxonomy":"event-tag","embeddable":true,"href":"https:\/\/graf.cat\/es\/wp-json\/wp\/v2\/event-tags?post=50173"}],"curies":[{"name":"wp","href":"https:\/\/api.w.org\/{rel}","templated":true}]}}

BGW. Paléncia vs. Serzo. Preludi d&#8217;una III Escola de Vallecas

BGW. Paléncia vs. Serzo. Preludi d'una III Escola de Vallecas

BGW. Paléncia vs. Serzo. Preludio de una III Escola de Vallecas

BGW. Paléncia vs. Serzo. Prellude to a III Escuela de Vallecas

<div class="item text-small">

<b>Dijous 18 set</b>: 12 – 20h
A partir de les 12h: inauguració PRO
A partir de les 18h: inauguració per a tots els públics
<b>Divendres 19 i dissabte 20 set</b>: 12 – 20h
<b>Diumenge 21 set:</b> 11 – 15h

&nbsp;

</div>
<div class="item">

Cap al 1927, <b>Benjamín Palencia</b> (Albacete 1894 - Madrid 1980) i <b>Alberto Sánchez</b> (Toledo, 1895 -  Moscú, 1962) van iniciar l'Escola de Vallecas amb el propòsit de renovar l'art espanyol des de dins, en contraposició a les avantguardes establertes a París. Per a això, prenien com a font d'inspiració els paisatges perifèrics de Madrid, explorant els descampats i suburbis de Vallecas. Aquesta escola aspirava a crear una expressió artística innovadora i avantguardista, però profundament arrelada en el seu context. Amb el temps, s’hi van afegir altres artistes, entre ells Maruja Mallo, que va aportar una visió cosmopolita i va integrar elements del surrealisme i el cubisme.

<b>Serzo </b>(Albacete, 1977), inspirat en l’obra del seu paisà <b>Benjamín Palencia</b>, proposa un diàleg creatiu que explora la possibilitat de refundar l'Escola de Vallecas, recuperant l'esperit de renovació artística que va caracteritzar les generacions anteriors. La idea d'una III Escola de Vallecas fa temps que ronda pel cap de <b>Serzo.</b> A través de les obres seleccionades per a aquest projecte, l'artista especula i albira una sèrie d'accions interdisciplinàries que reten homenatge tant a l'obra de Palencia com al llegat de la històrica aventura vallecana.

</div>

<div class="item text-small">

<b>Jueves 18 sep:</b> 12 – 20h
A partir de las 12h: inauguración PRO
A partir de las 18h: inauguración para todos los públicos
<b>Viernes 19 y sábado 20 sep:</b> 12 – 20h
<b>Domingo 21 sep:</b> 11 – 15h

&nbsp;

</div>
<div class="item">

Hacia 1927, <b>Benjamín Palencia</b> (Albacete 1894 - Madrid 1980) y Alberto Sánchez (Toledo, 1895 -  Moscú, 1962) iniciaron la Escuela de Vallecas con el propósito de renovar el arte español desde dentro, en contraposición a las vanguardias establecidas en París. Para ello, tomaban como fuente de inspiración los paisajes periféricos de Madrid, explorando los descampados y suburbios de Vallecas. Esta escuela aspiraba a crear una expresión artística innovadora y vanguardista, pero profundamente enraizada en su contexto. Con el tiempo, se sumaron otros artistas, entre ellos Maruja Mallo, quien aportó una visión cosmopolita e integró elementos del surrealismo y el cubismo.

<b>Serzo </b>(Albacete, 1977), inspirado en la obra de su paisano <b>Benjamín Palencia</b>, plantea un diálogo creativo que explora la posibilidad de refundar la Escuela de Vallecas, retomando el espíritu de renovación artística que caracterizó a las generaciones anteriores. La idea de una III Escuela de Vallecas ha estado presente en la mente de <b>Serzo</b> desde hace tiempo. A través de las obras seleccionadas para este proyecto, el artista especula y vislumbra una serie de acciones interdisciplinares que rinden homenaje tanto a la obra de Palencia como al legado de la histórica aventura vallecana.

</div>

<div class="item text-small">

<b>Thursday sept 18th:</b> 12 – 8pm
From 12pm: PRO opening
From 6pm: opening for all publics
<b>Fiday sept 19th and Saturday 20th</b>: 12 – 8pm
<b>Sunday sept 21st:</b> 11am – 3pm

&nbsp;

</div>
<div class="item">

Around 1927, <b>Benjamín Palencia</b> (Albacete 1894 - Madrid 1980) and <b>Alberto Sánchez</b> (Toledo, 1895 -  Moscow, 1962) founded the School of Vallecas with the aim of renewing Spanish art from within, in contrast to the avant-garde movements established in Paris. To do so, they drew inspiration from the peripheral landscapes of Madrid, exploring the wastelands and suburbs of Vallecas. This school aspired to create an innovative and avant-garde artistic expression yet deeply rooted in its context. Over time, other artists joined the movement, among them Maruja Mallo, who brought a cosmopolitan vision and incorporated elements of Surrealism and Cubism.

<b>Serzo</b> (Albacete, 1977), inspired by the work of his fellow countryman<b> Benjamín Palencia</b>, proposes a creative dialogue that explores the possibility of refounding the School of Vallecas, reviving the spirit of artistic renewal that characterised previous generations. The idea of a Third School of Vallecas has been in Serzo’s mind for some time. Through the works selected for this project, the artist speculates and envisions a series of interdisciplinary actions that pay tribute both to Palencia’s oeuvre and to the legacy of the historic Vallecas adventure

</div>

Galeria Marc Domènech

Exposició
