{"id":50356,"guid":{"rendered":"https:\/\/graf.cat\/?post_type=event&#038;p=50356"},"modified":"2025-10-22T11:40:25","modified_gmt":"2025-10-22T09:40:25","slug":"https-www-mataroartcontemporani-cat-posts_exposicions-love-pixels-not-people-2-2-2","status":"publish","type":"event","link":"https:\/\/graf.cat\/es\/events\/event\/https-www-mataroartcontemporani-cat-posts_exposicions-love-pixels-not-people-2-2-2\/","title":{"rendered":"L\u2019aperitiu amb\u2026 Pol Lopez + Josep Maynou"},"content":{"rendered":"","protected":false},"excerpt":{"rendered":"","protected":false},"author":159,"featured_media":50344,"template":"","meta":{"_acf_changed":false,"_monsterinsights_skip_tracking":false,"_monsterinsights_sitenote_active":false,"_monsterinsights_sitenote_note":"","_monsterinsights_sitenote_category":0},"event-venues":[635],"event-tags":[],"class_list":["post-50356","event","type-event","status-publish","has-post-thumbnail","hentry","event-venue-mac-preso","event-category-xerrada"],"acf":{"title_ca":"L\u2019aperitiu amb\u2026 Pol Lopez + Josep Maynou","title_es":"El aperitivo con ... Pol Lopez + Josep Maynou","title_en":"Appetizer with\u2026 Pol Lopez + Josep Maynou","desc_ca":"Trobada art\u00edstica amb els artistes <strong>Pol Lopez<\/strong> (activaci\u00f3) i <strong>Josep Maynou<\/strong> (activaci\u00f3)\r\n\r\n11.15 h\r\nVisita a l\u2019exposici\u00f3 amb <strong>Rafel G. Bianchi<\/strong> i <strong>Regina Gim\u00e9nez<\/strong>.\r\n\r\n12 h\r\nAcci\u00f3 perform\u00e0tica de l\u2019artista <strong>Josep Maynou<\/strong> i lectura de l\u2019actor\u00a0<strong>Pol L\u00f3pez<\/strong>, en el marc d\u2019<em>Una exposici\u00f3 sentimental<\/em>.\r\n\r\na continuaci\u00f3\r\n<strong>Torneig de b\u00e0dminton<\/strong>\r\nEl guanyador\/a s\u2019endur\u00e0 una samarreta de l\u2019edici\u00f3 limitada editada amb motiu de l\u2019exposici\u00f3.\r\n\r\n<strong>De 12 a 14 h, hi haur\u00e0 servei de cangur art\u00edstic.<\/strong>\r\n\r\nActivitat programada al voltant de l\u2019exposici\u00f3 <a href=\"https:\/\/www.mataroartcontemporani.cat\/posts_exposicions\/rafel-g-bianchi-regina-gimenez-una-exposicio-sentimental\/\"><em>Una exposici\u00f3 sentimental <\/em>de Rafel G. Bianchi + Regina Gim\u00e9nez<\/a>\r\n\r\nL\u2019exposici\u00f3 es podr\u00e0 visitar fins al 30 de novembre.\r\n\r\n&nbsp;\r\n\r\n<strong>L\u2019aperitiu amb\u2026 del M|A|C<\/strong><strong>\r\n<\/strong>Sovint ens referim a l\u2019art contemporani com a \u00e0mbit de treball que reflexiona sobre les problem\u00e0tiques de la societat. Molts dels i les artistes que convidem al M|A|C tenen una pr\u00e0ctica art\u00edstica amb un fort ancoratge a temes relacionats amb la realitat que ens afecta, treballen en l\u00ednies d\u2019investigaci\u00f3 que tenen similituds amb els especialistes en la mat\u00e8ria i disposen d\u2019un discurs s\u00f2lid que resulta atractiu per a un p\u00fablic m\u00e9s ampli que el que nom\u00e9s \u00e9s af\u00ed al m\u00f3n de l\u2019art.\r\n\r\nAmb la col\u00b7laboraci\u00f3 d\u2019Espinaler.\r\n\r\nPer a m\u00e9s informaci\u00f3 visita la web <a href=\"https:\/\/www.mataroartcontemporani.cat\/posts_exposicions\/rafel-g-bianchi-regina-gimenez-una-exposicio-sentimental\/\">M|A|C<\/a>","desc_es":"Encuentro art\u00edstico con los artistas <strong>Pol Lopez<\/strong> (activaci\u00f3n) y <strong>Josep Maynou<\/strong> (activaci\u00f3n)\r\n\r\n11.15 h\r\nVisita a la exposici\u00f3n con <strong>Rafel G. Bianchi<\/strong> i <strong>Regina Gim\u00e9nez<\/strong>.\r\n\r\n12 h\r\nAcci\u00f3n perform\u00e1tica de el artista <strong>Josep Maynou<\/strong> y lectura del actor <strong>Pol L\u00f3pez<\/strong>, en el marco d<em>e Una exposici\u00f3n sentimental<\/em>.\r\n\r\na continuaci\u00f3n\r\n<strong>Torneo de b\u00e1dminton<\/strong>\r\nEl guanador\/a se llevar\u00e0 una camiseta de edici\u00f3n limitada editada en motivo de la exposici\u00f3n.\r\n\r\n<strong>De 12 a 14 h habr\u00e1 servicio de canguro art\u00edstico.<\/strong>\r\n\r\nActividad programada en torno a la exposici\u00f3n\u00a0<a href=\"https:\/\/www.mataroartcontemporani.cat\/posts_exposicions\/rafel-g-bianchi-regina-gimenez-una-exposicio-sentimental\/\"><em>Una exposici\u00f3n sentimental <\/em>de Rafel G. Bianchi + Regina Gim\u00e9nez<\/a>\r\n\r\nLa exposici\u00f3n podr\u00e1 visitarse hasta el 30 de noviembre.<strong>\r\n<\/strong>\r\n\r\n&nbsp;\r\n\r\n<strong>El aperitivo con\u2026 del M|A|C\u00a0<\/strong>\r\nA menudo nos referimos al arte contempor\u00e1neo como \u00e1mbito de trabajo que reflexiona sobre las problem\u00e1ticas de la sociedad. Muchos de los y las artistas que invitamos al M | A | que s\u00f3lo es af\u00edn al mundo del arte.\r\n\r\nCon la colaboraci\u00f3n de Espinaler.\r\n\r\nPara m\u00e1s informaci\u00f3n visita la web <a href=\"https:\/\/www.mataroartcontemporani.cat\/posts_exposicions\/rafel-g-bianchi-regina-gimenez-una-exposicio-sentimental\/\">M|A|C<\/a>","desc_en":"Artistic meeting with the artists <strong>Pol Lopez<\/strong> (activation) and\u00a0<strong>Josep Maynou<\/strong> (activation)\r\n\r\n1 p.m. | badminton championship (t-shirt prize)\r\n\r\n<strong>From 12 to 2 p.m., there will be an artistic babysitting service.<\/strong>\r\n\r\nActivity scheduled around the exhibition <em>A sentimental exhibition <\/em>by Rafel G. Bianchi + Regina Gim\u00e9nez\r\n\r\nThe exhibition can be visited until November 30.\r\n\r\n&nbsp;\r\n\r\n<strong>The aperitif with\u2026 from M|A|C<\/strong>\r\nWe often refer to contemporary art as a field of work that reflects on the problems of society. Many of the artists we invite to M|A|C have an artistic practice with a strong anchoring to issues related to the reality that affects us, they work in lines of research that have similarities with specialists in the field and have a solid discourse that is attractive to a wider audience than those who are only interested in the world of art.\r\n\r\nWith the collaboration of Espinaler.","event_category":305,"event_show_only_own_date":false,"_event_confirmed":true,"_event_public":true,"_event_free":true,"_event_price-min":"","_event_price-max":"","_event_web_ca":"https:\/\/www.mataroartcontemporani.cat\/posts_exposicions\/rafel-g-bianchi-regina-gimenez-una-exposicio-sentimental\/","_event_web_es":"","_event_web_en":"","event_contact_email":"","event_apply_email":"","is_online_event":false,"is_art_nou_event":false,"is_bgw_event":false,"date_text":"","register_deadline":null,"altres_organitzadors":""},"abe_event_venue":"M|A|C Pres\u00f3","abe_event_category":"Xerrada","start":"2025-10-25 12:00:00","end":"2025-10-25 14:00:00","schedule":"once","schedule_meta":"","frequency":1,"all_day":0,"until":"2025-10-25 12:00:00","include":[],"exclude":[],"_links":{"self":[{"href":"https:\/\/graf.cat\/es\/wp-json\/wp\/v2\/events\/50356","targetHints":{"allow":["GET"]}}],"collection":[{"href":"https:\/\/graf.cat\/es\/wp-json\/wp\/v2\/events"}],"about":[{"href":"https:\/\/graf.cat\/es\/wp-json\/wp\/v2\/types\/event"}],"author":[{"embeddable":true,"href":"https:\/\/graf.cat\/es\/wp-json\/wp\/v2\/users\/159"}],"occurrences":[{"embeddable":true,"href":"https:\/\/graf.cat\/es\/wp-json\/wp\/v2\/events\/50356\/occurrences"}],"acf:term":[{"embeddable":true,"taxonomy":"event-category","href":"https:\/\/graf.cat\/es\/wp-json\/wp\/v2\/event-category\/305"}],"wp:featuredmedia":[{"embeddable":true,"href":"https:\/\/graf.cat\/es\/wp-json\/wp\/v2\/media\/50344"}],"wp:attachment":[{"href":"https:\/\/graf.cat\/es\/wp-json\/wp\/v2\/media?parent=50356"}],"wp:term":[{"taxonomy":"event-venue","embeddable":true,"href":"https:\/\/graf.cat\/es\/wp-json\/wp\/v2\/event-venues?post=50356"},{"taxonomy":"event-tag","embeddable":true,"href":"https:\/\/graf.cat\/es\/wp-json\/wp\/v2\/event-tags?post=50356"}],"curies":[{"name":"wp","href":"https:\/\/api.w.org\/{rel}","templated":true}]}}

Trobada artística amb els artistes <strong>Pol Lopez</strong> (activació) i <strong>Josep Maynou</strong> (activació)

11.15 h
Visita a l’exposició amb <strong>Rafel G. Bianchi</strong> i <strong>Regina Giménez</strong>.

12 h
Acció performàtica de l’artista <strong>Josep Maynou</strong> i lectura de l’actor <strong>Pol López</strong>, en el marc d’<em>Una exposició sentimental</em>.

a continuació
<strong>Torneig de bàdminton</strong>
El guanyador/a s’endurà una samarreta de l’edició limitada editada amb motiu de l’exposició.

<strong>De 12 a 14 h, hi haurà servei de cangur artístic.</strong>

Activitat programada al voltant de l’exposició <a href="https://www.mataroartcontemporani.cat/posts_exposicions/rafel-g-bianchi-regina-gimenez-una-exposicio-sentimental/"><em>Una exposició sentimental </em>de Rafel G. Bianchi + Regina Giménez</a>

L’exposició es podrà visitar fins al 30 de novembre.

&nbsp;

<strong>L’aperitiu amb… del M|A|C</strong><strong>
</strong>Sovint ens referim a l’art contemporani com a àmbit de treball que reflexiona sobre les problemàtiques de la societat. Molts dels i les artistes que convidem al M|A|C tenen una pràctica artística amb un fort ancoratge a temes relacionats amb la realitat que ens afecta, treballen en línies d’investigació que tenen similituds amb els especialistes en la matèria i disposen d’un discurs sòlid que resulta atractiu per a un públic més ampli que el que només és afí al món de l’art.

Amb la col·laboració d’Espinaler.

Per a més informació visita la web <a href="https://www.mataroartcontemporani.cat/posts_exposicions/rafel-g-bianchi-regina-gimenez-una-exposicio-sentimental/">M|A|C</a>

Encuentro artístico con los artistas <strong>Pol Lopez</strong> (activación) y <strong>Josep Maynou</strong> (activación)

11.15 h
Visita a la exposición con <strong>Rafel G. Bianchi</strong> i <strong>Regina Giménez</strong>.

12 h
Acción performática de el artista <strong>Josep Maynou</strong> y lectura del actor <strong>Pol López</strong>, en el marco d<em>e Una exposición sentimental</em>.

a continuación
<strong>Torneo de bádminton</strong>
El guanador/a se llevarà una camiseta de edición limitada editada en motivo de la exposición.

<strong>De 12 a 14 h habrá servicio de canguro artístico.</strong>

Actividad programada en torno a la exposición <a href="https://www.mataroartcontemporani.cat/posts_exposicions/rafel-g-bianchi-regina-gimenez-una-exposicio-sentimental/"><em>Una exposición sentimental </em>de Rafel G. Bianchi + Regina Giménez</a>

La exposición podrá visitarse hasta el 30 de noviembre.<strong>
</strong>

&nbsp;

<strong>El aperitivo con… del M|A|C </strong>
A menudo nos referimos al arte contemporáneo como ámbito de trabajo que reflexiona sobre las problemáticas de la sociedad. Muchos de los y las artistas que invitamos al M | A | que sólo es afín al mundo del arte.

Con la colaboración de Espinaler.

Para más información visita la web <a href="https://www.mataroartcontemporani.cat/posts_exposicions/rafel-g-bianchi-regina-gimenez-una-exposicio-sentimental/">M|A|C</a>

Artistic meeting with the artists <strong>Pol Lopez</strong> (activation) and <strong>Josep Maynou</strong> (activation)

1 p.m. | badminton championship (t-shirt prize)

<strong>From 12 to 2 p.m., there will be an artistic babysitting service.</strong>

Activity scheduled around the exhibition <em>A sentimental exhibition </em>by Rafel G. Bianchi + Regina Giménez

The exhibition can be visited until November 30.

&nbsp;

<strong>The aperitif with… from M|A|C</strong>
We often refer to contemporary art as a field of work that reflects on the problems of society. Many of the artists we invite to M|A|C have an artistic practice with a strong anchoring to issues related to the reality that affects us, they work in lines of research that have similarities with specialists in the field and have a solid discourse that is attractive to a wider audience than those who are only interested in the world of art.

With the collaboration of Espinaler.

M|A|C Presó
