{"id":50417,"guid":{"rendered":"https:\/\/graf.cat\/?post_type=event&#038;p=50417"},"modified":"2025-08-28T12:12:32","modified_gmt":"2025-08-28T10:12:32","slug":"tallers-oberts-2025-3","status":"publish","type":"event","link":"https:\/\/graf.cat\/es\/events\/event\/tallers-oberts-2025-3\/","title":{"rendered":"Tallers Oberts 2025"},"content":{"rendered":"","protected":false},"excerpt":{"rendered":"","protected":false},"author":65,"featured_media":50418,"template":"","meta":{"_acf_changed":false,"_monsterinsights_skip_tracking":false,"_monsterinsights_sitenote_active":false,"_monsterinsights_sitenote_note":"","_monsterinsights_sitenote_category":0},"event-venues":[304],"event-tags":[],"class_list":["post-50417","event","type-event","status-publish","has-post-thumbnail","hentry","event-venue-la-escocesa","event-category-altres"],"acf":{"title_ca":"Tallers Oberts 2025","title_es":"Talleres Abiertos 2025","title_en":"Open Studios 2025","desc_ca":"<div id=\"magicdomid2334\">El cap de setmana del 13 i 14 de setembre La Escocesa obre les seves portes per mostrar els tallers i processos creatius de lis residentis del centre.<\/div>\r\n<div id=\"magicdomid2340\"><\/div>\r\n<div id=\"magicdomid2341\">A part de les visites guiades hi haur\u00e0 diverses activitats que proposen un recorregut pels diferents temes treballats al llarg d'aquest any al centre com: l'exploraci\u00f3 en tints naturals, el repensar l'\u00fas de l'aigua al nostre entorn i la creaci\u00f3 d'un nou hort urb\u00e0.<\/div>\r\n<div id=\"magicdomid2342\"><\/div>\r\n<div id=\"magicdomid2343\">Tamb\u00e9 tindrem a disposici\u00f3 les publicacions d'Edicions La Escocesa, un espai per nenis i fam\u00edlies i, com a novetat, un espai pensat per a persones amb necessitats diverses que pret\u00e9n fer m\u00e9s accessible els Tallers Oberts i el seu recorregut pels diferents espais.<\/div>\r\n<div id=\"magicdomid2344\"><\/div>\r\n<div id=\"magicdomid2345\">Estigueu atentes perqu\u00e8 a principis de setembre presentarem el programa complet! No us ho perdeu!<\/div>","desc_es":"<div>El fin de semana del 13 y 14 de septiembre La Escocesa abre sus puertas para mostrar los talleres y procesos creativos de les residentes del centro.<\/div>\r\n<div id=\"magicdomid2334\">\r\n\r\nAparte de las visitas guiadas habr\u00e1 varias actividades que proponen un recorrido por los diferentes temas trabajados a lo largo de este a\u00f1o en el centro como: la exploraci\u00f3n en tintes naturales, el repensar el uso del agua de nuestro entorno y la creaci\u00f3n de un huerto urbano.\r\n\r\nTambi\u00e9n tendremos a disposici\u00f3n las publicaciones de Ediciones La Escocesa, un espacio por ni\u00f1es y familias y, como novedad, un espacio pensado para personas con necesidades diversas que pretende hacer m\u00e1s accesible los Talleres Abiertos y su recorrido por los diferentes espacios.\r\n\r\nEstad atentas porque a principios de septiembre presentaremos el programa completo \u00a1No os lo perd\u00e9is!\r\n\r\n<\/div>","desc_en":"The weekend of September 13 and 14 La Escocesa opens its doors to show the workshops and creative processes of the residents of the center.\r\n\r\nApart from the guided tours there will be several activities that propose a tour of the different themes worked throughout this year at the center such as: the exploration of natural dyes, rethinking the use of water in our environment and the creation of an urban garden.\r\n\r\nWe will also have available the publications of Ediciones La Escocesa, a space for children and families and, as a novelty, a space designed for people with diverse needs that aims to make more accessible the Open Workshops and their journey through the different spaces.\r\n\r\nStay tuned because in early September we will present the full program. Do not miss it!","event_category":191,"event_show_only_own_date":true,"_event_confirmed":true,"_event_public":true,"_event_free":true,"_event_price-min":"","_event_price-max":"","_event_web_ca":"https:\/\/laescocesa.org\/ca\/view\/TallersOberts2025\/3924","_event_web_es":"https:\/\/laescocesa.org\/es\/view\/TalleresAbiertos2025\/3924","_event_web_en":"https:\/\/laescocesa.org\/en\/view\/OpenStudios2025\/3924","event_contact_email":"","event_apply_email":"","is_online_event":false,"is_art_nou_event":false,"is_bgw_event":false,"date_text":"","register_deadline":null,"altres_organitzadors":""},"abe_event_venue":"La Escocesa","abe_event_category":"Altres","start":"2025-09-13 11:00:00","end":"2025-09-13 22:00:00","schedule":"once","schedule_meta":"","frequency":1,"all_day":0,"until":"2025-09-13 11:00:00","include":[],"exclude":[],"_links":{"self":[{"href":"https:\/\/graf.cat\/es\/wp-json\/wp\/v2\/events\/50417","targetHints":{"allow":["GET"]}}],"collection":[{"href":"https:\/\/graf.cat\/es\/wp-json\/wp\/v2\/events"}],"about":[{"href":"https:\/\/graf.cat\/es\/wp-json\/wp\/v2\/types\/event"}],"author":[{"embeddable":true,"href":"https:\/\/graf.cat\/es\/wp-json\/wp\/v2\/users\/65"}],"occurrences":[{"embeddable":true,"href":"https:\/\/graf.cat\/es\/wp-json\/wp\/v2\/events\/50417\/occurrences"}],"acf:term":[{"embeddable":true,"taxonomy":"event-category","href":"https:\/\/graf.cat\/es\/wp-json\/wp\/v2\/event-category\/191"}],"wp:featuredmedia":[{"embeddable":true,"href":"https:\/\/graf.cat\/es\/wp-json\/wp\/v2\/media\/50418"}],"wp:attachment":[{"href":"https:\/\/graf.cat\/es\/wp-json\/wp\/v2\/media?parent=50417"}],"wp:term":[{"taxonomy":"event-venue","embeddable":true,"href":"https:\/\/graf.cat\/es\/wp-json\/wp\/v2\/event-venues?post=50417"},{"taxonomy":"event-tag","embeddable":true,"href":"https:\/\/graf.cat\/es\/wp-json\/wp\/v2\/event-tags?post=50417"}],"curies":[{"name":"wp","href":"https:\/\/api.w.org\/{rel}","templated":true}]}}

<div id="magicdomid2334">El cap de setmana del 13 i 14 de setembre La Escocesa obre les seves portes per mostrar els tallers i processos creatius de lis residentis del centre.</div>
<div id="magicdomid2340"></div>
<div id="magicdomid2341">A part de les visites guiades hi haurà diverses activitats que proposen un recorregut pels diferents temes treballats al llarg d'aquest any al centre com: l'exploració en tints naturals, el repensar l'ús de l'aigua al nostre entorn i la creació d'un nou hort urbà.</div>
<div id="magicdomid2342"></div>
<div id="magicdomid2343">També tindrem a disposició les publicacions d'Edicions La Escocesa, un espai per nenis i famílies i, com a novetat, un espai pensat per a persones amb necessitats diverses que pretén fer més accessible els Tallers Oberts i el seu recorregut pels diferents espais.</div>
<div id="magicdomid2344"></div>
<div id="magicdomid2345">Estigueu atentes perquè a principis de setembre presentarem el programa complet! No us ho perdeu!</div>

<div>El fin de semana del 13 y 14 de septiembre La Escocesa abre sus puertas para mostrar los talleres y procesos creativos de les residentes del centro.</div>
<div id="magicdomid2334">

Aparte de las visitas guiadas habrá varias actividades que proponen un recorrido por los diferentes temas trabajados a lo largo de este año en el centro como: la exploración en tintes naturales, el repensar el uso del agua de nuestro entorno y la creación de un huerto urbano.

También tendremos a disposición las publicaciones de Ediciones La Escocesa, un espacio por niñes y familias y, como novedad, un espacio pensado para personas con necesidades diversas que pretende hacer más accesible los Talleres Abiertos y su recorrido por los diferentes espacios.

Estad atentas porque a principios de septiembre presentaremos el programa completo ¡No os lo perdéis!

</div>
