{"id":50829,"guid":{"rendered":"https:\/\/graf.cat\/?post_type=event&#038;p=50829"},"modified":"2025-09-18T14:20:12","modified_gmt":"2025-09-18T12:20:12","slug":"terra-vinea","status":"publish","type":"event","link":"https:\/\/graf.cat\/es\/events\/event\/terra-vinea\/","title":{"rendered":"TERRA VINEA"},"content":{"rendered":"","protected":false},"excerpt":{"rendered":"","protected":false},"author":188,"featured_media":50830,"template":"","meta":{"_acf_changed":false,"_monsterinsights_skip_tracking":false,"_monsterinsights_sitenote_active":false,"_monsterinsights_sitenote_note":"","_monsterinsights_sitenote_category":0},"event-venues":[],"event-tags":[],"class_list":["post-50829","event","type-event","status-publish","has-post-thumbnail","hentry","event-category-exposicio"],"acf":{"title_ca":"TERRA VINEA","title_es":"TERRA VINEA","title_en":"TERRA VINEA","desc_ca":"<i>Terra Vinea<\/i>\u00a0proposa una reflexi\u00f3 sobre la sobirania aliment\u00e0ria del barri del Guinard\u00f3. Mitjan\u00e7ant un nou \u201cUncommon Object for communal relations\u201d, Pseudodise\u00f1o activar\u00e0 una degustaci\u00f3 no convencional, recuperant el ra\u00efm com a ingredient singular per generar imaginaris futurs on recuperar la desapareguda tradici\u00f3 vin\u00edcola del barri, que pot convertir-se en un eix fonamental per a l\u2019autoconsum de les comunitats que l\u2019habiten.\r\n\r\nPseudodise\u00f1o, format per J\u00falia L\u00f3pez i Roger Monfort, treballa a cavall entre els mons de la recerca en disseny i la producci\u00f3 d\u2019esdeveniments. La seva pr\u00e0ctica gira entorn els \u201cUncommon Objects for Communal Relations\u201d, artefactes a trav\u00e9s dels quals, es generen trobades inusuals entre espectadors, per a debatre o reflexionar sobre tem\u00e0tiques que ens rodegen en el m\u00f3n contemporani. Han presentat la seva obra en espais com el Macba, Base Milano, el congr\u00e9s internacional Expanding the Margins, la Sala d\u2019Art Jove o el Festival Stripart.\r\n\r\n&nbsp;\r\n\r\nActivaci\u00f3 de l'activitat: dijous 18 de setembre a les 18h","desc_es":"Terra Vinea propone una reflexi\u00f3n sobre la soberan\u00eda alimentaria del barrio del Guinard\u00f3. Mediante un nuevo Uncommon Object for communal relations, Pseudodise\u00f1o activar\u00e1 una degustaci\u00f3n no convencional, recuperando las uvas como ingrediente singular para generar imaginarios futuros donde recuperar la desaparecida tradici\u00f3n vin\u00edcola del barrio, que puede convertirse en un eje fundamental para el autoconsumo de las comunidades que lo habitan.\r\n\r\nPseudodise\u00f1o, formado por Julia L\u00f3pez y Roger Monfort, trabaja a caballo entre los mundos de la investigaci\u00f3n en dise\u00f1o y la producci\u00f3n de eventos. Su pr\u00e1ctica gira en torno a los \u201cUncommon Objects for Communal Relations\u201d, artefactos a trav\u00e9s de los cuales, se generan encuentros inusuales entre espectadores, para debatir o reflexionar sobre tem\u00e1ticas que nos rodean en el mundo contempor\u00e1neo. Han presentado su obra en espacios como Macba, Base Milano, congreso internacional Expanding the Margins, Sala de Art Jove o Festival Stripart.\r\n\r\n&nbsp;\r\n\r\nActivity activation: Thursday, September 18 at 6pm","desc_en":"Terra Vinea proposes a reflection on the food sovereignty of the Guinard\u00f3 neighborhood. Through a new \u201cUncommon Object for communal relations\u201d, Pseudodise\u00f1o will activate an unconventional tasting, recovering the grape as a unique ingredient to generate future imaginaries where the disappeared wine tradition of the neighborhood can be recovered, which can become a fundamental axis for the self-consumption of the communities that inhabit it.\r\n\r\nPseudodise\u00f1o, formed by J\u00falia L\u00f3pez and Roger Monfort, works astride the worlds of design research and event production. Their practice revolves around \u201cUncommon Objects for Communal Relations\u201d, artifacts through which unusual encounters are generated between spectators, to debate or reflect on issues that surround us in the contemporary world. They have presented their work in spaces such as Macba, Base Milano, the international congress Expanding the Margins, the Sala d\u2019Art Jove or the Stripart Festival.\r\n\r\n&nbsp;\r\n\r\nActivaci\u00f3n de la actividad: jueves 18 de septiembre a las 18h","event_category":103,"event_show_only_own_date":false,"_event_confirmed":true,"_event_public":true,"_event_free":false,"_event_price-min":"","_event_price-max":"","_event_web_ca":"https:\/\/ajuntament.barcelona.cat\/ccivics\/guinardo\/terra-vinea\/","_event_web_es":"https:\/\/ajuntament.barcelona.cat\/ccivics\/guinardo\/terra-vinea\/","_event_web_en":"https:\/\/ajuntament.barcelona.cat\/ccivics\/guinardo\/terra-vinea\/","event_contact_email":"","event_apply_email":"","is_online_event":false,"is_art_nou_event":false,"is_bgw_event":false,"date_text":"Del 8 de setembre al 25 d\u2019octubre","register_deadline":null,"altres_organitzadors":""},"abe_event_venue":null,"abe_event_category":"Exposici\u00f3","start":"2025-09-08 00:00:00","end":"2025-10-25 23:59:00","schedule":"once","schedule_meta":"","frequency":1,"all_day":1,"until":"2025-09-08 00:00:00","include":[],"exclude":[],"_links":{"self":[{"href":"https:\/\/graf.cat\/es\/wp-json\/wp\/v2\/events\/50829","targetHints":{"allow":["GET"]}}],"collection":[{"href":"https:\/\/graf.cat\/es\/wp-json\/wp\/v2\/events"}],"about":[{"href":"https:\/\/graf.cat\/es\/wp-json\/wp\/v2\/types\/event"}],"author":[{"embeddable":true,"href":"https:\/\/graf.cat\/es\/wp-json\/wp\/v2\/users\/188"}],"occurrences":[{"embeddable":true,"href":"https:\/\/graf.cat\/es\/wp-json\/wp\/v2\/events\/50829\/occurrences"}],"acf:term":[{"embeddable":true,"taxonomy":"event-category","href":"https:\/\/graf.cat\/es\/wp-json\/wp\/v2\/event-category\/103"}],"wp:featuredmedia":[{"embeddable":true,"href":"https:\/\/graf.cat\/es\/wp-json\/wp\/v2\/media\/50830"}],"wp:attachment":[{"href":"https:\/\/graf.cat\/es\/wp-json\/wp\/v2\/media?parent=50829"}],"wp:term":[{"taxonomy":"event-venue","embeddable":true,"href":"https:\/\/graf.cat\/es\/wp-json\/wp\/v2\/event-venues?post=50829"},{"taxonomy":"event-tag","embeddable":true,"href":"https:\/\/graf.cat\/es\/wp-json\/wp\/v2\/event-tags?post=50829"}],"curies":[{"name":"wp","href":"https:\/\/api.w.org\/{rel}","templated":true}]}}

<i>Terra Vinea</i> proposa una reflexió sobre la sobirania alimentària del barri del Guinardó. Mitjançant un nou “Uncommon Object for communal relations”, Pseudodiseño activarà una degustació no convencional, recuperant el raïm com a ingredient singular per generar imaginaris futurs on recuperar la desapareguda tradició vinícola del barri, que pot convertir-se en un eix fonamental per a l’autoconsum de les comunitats que l’habiten.

Pseudodiseño, format per Júlia López i Roger Monfort, treballa a cavall entre els mons de la recerca en disseny i la producció d’esdeveniments. La seva pràctica gira entorn els “Uncommon Objects for Communal Relations”, artefactes a través dels quals, es generen trobades inusuals entre espectadors, per a debatre o reflexionar sobre temàtiques que ens rodegen en el món contemporani. Han presentat la seva obra en espais com el Macba, Base Milano, el congrés internacional Expanding the Margins, la Sala d’Art Jove o el Festival Stripart.

&nbsp;

Activació de l'activitat: dijous 18 de setembre a les 18h

Terra Vinea propone una reflexión sobre la soberanía alimentaria del barrio del Guinardó. Mediante un nuevo Uncommon Object for communal relations, Pseudodiseño activará una degustación no convencional, recuperando las uvas como ingrediente singular para generar imaginarios futuros donde recuperar la desaparecida tradición vinícola del barrio, que puede convertirse en un eje fundamental para el autoconsumo de las comunidades que lo habitan.

Pseudodiseño, formado por Julia López y Roger Monfort, trabaja a caballo entre los mundos de la investigación en diseño y la producción de eventos. Su práctica gira en torno a los “Uncommon Objects for Communal Relations”, artefactos a través de los cuales, se generan encuentros inusuales entre espectadores, para debatir o reflexionar sobre temáticas que nos rodean en el mundo contemporáneo. Han presentado su obra en espacios como Macba, Base Milano, congreso internacional Expanding the Margins, Sala de Art Jove o Festival Stripart.

&nbsp;

Activity activation: Thursday, September 18 at 6pm

Terra Vinea proposes a reflection on the food sovereignty of the Guinardó neighborhood. Through a new “Uncommon Object for communal relations”, Pseudodiseño will activate an unconventional tasting, recovering the grape as a unique ingredient to generate future imaginaries where the disappeared wine tradition of the neighborhood can be recovered, which can become a fundamental axis for the self-consumption of the communities that inhabit it.

Pseudodiseño, formed by Júlia López and Roger Monfort, works astride the worlds of design research and event production. Their practice revolves around “Uncommon Objects for Communal Relations”, artifacts through which unusual encounters are generated between spectators, to debate or reflect on issues that surround us in the contemporary world. They have presented their work in spaces such as Macba, Base Milano, the international congress Expanding the Margins, the Sala d’Art Jove or the Stripart Festival.

&nbsp;

Activación de la actividad: jueves 18 de septiembre a las 18h

Exposició
