{"id":51095,"guid":{"rendered":"https:\/\/graf.cat\/?post_type=event&#038;p=51095"},"modified":"2025-09-29T12:04:30","modified_gmt":"2025-09-29T10:04:30","slug":"por-alegrias-criticas","status":"publish","type":"event","link":"https:\/\/graf.cat\/es\/events\/event\/por-alegrias-criticas\/","title":{"rendered":"Dimarts de V\u00eddeo &#8211; POR ALEGR\u00cdAS CR\u00cdTICAS"},"content":{"rendered":"","protected":false},"excerpt":{"rendered":"","protected":false},"author":19,"featured_media":51110,"template":"","meta":{"_acf_changed":false,"_monsterinsights_skip_tracking":false,"_monsterinsights_sitenote_active":false,"_monsterinsights_sitenote_note":"","_monsterinsights_sitenote_category":0},"event-venues":[],"event-tags":[],"class_list":["post-51095","event","type-event","status-publish","has-post-thumbnail","hentry","event-category-arts-in-viu"],"acf":{"title_ca":"Dimarts de V\u00eddeo - POR ALEGR\u00cdAS CR\u00cdTICAS","title_es":"Martes de V\u00eddeo - POR ALEGR\u00cdAS CR\u00cdTICAS","title_en":"Tuesdays of video - FOR CRITICAL JOYS","desc_ca":"DIMARTS DE V\u00cdDEO - SALA BAR\r\nAmb Fernando Gandasegui i Carolina Campos.\r\n\r\nEl poder est\u00e0 fet d\u2019afectes tristos. Els qui l\u2019exerceixen i aquells sobre els quals s\u2019exerceix, rols normalment intercanviables, estan regits per foscos humors biliars. Les necropol\u00edtiques actuals no nom\u00e9s s\u2019articulen mitjan\u00e7ant ideologies econ\u00f2miques, jur\u00eddiques o militars, sin\u00f3 que tamb\u00e9 es duen a terme des del govern de les emocions. La depressi\u00f3, el ressentiment, la por, la solitud o l\u2019estr\u00e8s s\u00f3n estats an\u00edmics adre\u00e7ats a la p\u00e8rdua d\u2019ag\u00e8ncia comuna, el replegament davant l\u2019ordre donat i la desconfian\u00e7a cap a canvis susceptibles de revertir les causes del malestar mateix. D\u2019altra banda, ens venen com a positives emocions resultat d\u2019un perpetu estat d\u2019addicci\u00f3 dopam\u00ednica, per crear aix\u00ed una ficci\u00f3 espectacular de felicitat monetitzable, per\u00f2 el mecanisme ciclot\u00edmic del qual es fa en consumir-se aquesta suposada alegria de la mateixa baixada o afectes del poder.\r\n\r\nDavant aquesta viol\u00e8ncia emocional, i si el poder est\u00e0 fet d\u2019afectes tristos, quins s\u00f3n els afectes del contrapoder? Qualsevol dissid\u00e8ncia, tot \u201cno\u201d o \u201caix\u00ed no\u201d, amaga pot\u00e8ncies fetes d\u2019emocions alegres com la ira, l\u2019empatia o la solidaritat. Aleshores, s\u00f3n possibles avui les alegries cr\u00edtiques? Com es poden articular socialment alegries cr\u00edtiques capaces d\u2019afirmar alternatives politicoemocionals? Com podr\u00edem exercitar-les en com\u00fa? Per a aquesta ocasi\u00f3, Fernando Gandasegui i Carolina Camps ens plantegen l\u2019exercici de les alegries cr\u00edtiques en les arts performatives actuals, camp en qu\u00e8 desenvolupen les seves investigacions.\r\n\r\nEls afectes tristos van aconseguir censurar\u00a0<a href=\"https:\/\/hamacaonline.net\/titles\/rocio\/\" target=\"_blank\" rel=\"noopener noreferrer\">Roc\u00edo<\/a>\u00a0(1980), de Fernando Ruiz Vergara, un dels documentals m\u00e9s valents i un dels retrats m\u00e9s tenebrosos i representatius del poder a Espanya, tant que avui dia continua sense haver rebut just\u00edcia restaurativa. En aquesta sessi\u00f3 es podr\u00e0 veure<i>\u00a0<b>Descartes<\/b><\/i>, una projecci\u00f3 de\u00a0<b>Concha Barquero i Alejandro Alvarado<\/b>\u00a0(2021) a partir de les restes descartades de\u00a0<i>Roc\u00edo<\/i>.","desc_es":"https:\/\/www.santamonica.cat\/es\/exposicions-i-activitats\/dimarts-de-video\/2025\/per-alegries-critiques","desc_en":"https:\/\/www.santamonica.cat\/en\/exposicions-i-activitats\/dimarts-de-video\/2025\/per-alegries-critiques","event_category":440,"event_show_only_own_date":false,"_event_confirmed":true,"_event_public":true,"_event_free":true,"_event_price-min":"","_event_price-max":"","_event_web_ca":"https:\/\/www.santamonica.cat\/ca\/exposicions-i-activitats\/dimarts-de-video\/2025\/per-alegries-critiques","_event_web_es":"","_event_web_en":"","event_contact_email":"","event_apply_email":"","is_online_event":false,"is_art_nou_event":false,"is_bgw_event":false,"date_text":"","register_deadline":null,"altres_organitzadors":""},"abe_event_venue":null,"abe_event_category":"Arts en Viu","start":"2025-09-30 19:00:00","end":"2025-09-30 20:15:00","schedule":"once","schedule_meta":"","frequency":1,"all_day":0,"until":"2025-09-30 19:00:00","include":[],"exclude":[],"_links":{"self":[{"href":"https:\/\/graf.cat\/es\/wp-json\/wp\/v2\/events\/51095","targetHints":{"allow":["GET"]}}],"collection":[{"href":"https:\/\/graf.cat\/es\/wp-json\/wp\/v2\/events"}],"about":[{"href":"https:\/\/graf.cat\/es\/wp-json\/wp\/v2\/types\/event"}],"author":[{"embeddable":true,"href":"https:\/\/graf.cat\/es\/wp-json\/wp\/v2\/users\/19"}],"occurrences":[{"embeddable":true,"href":"https:\/\/graf.cat\/es\/wp-json\/wp\/v2\/events\/51095\/occurrences"}],"acf:term":[{"embeddable":true,"taxonomy":"event-category","href":"https:\/\/graf.cat\/es\/wp-json\/wp\/v2\/event-category\/440"}],"wp:featuredmedia":[{"embeddable":true,"href":"https:\/\/graf.cat\/es\/wp-json\/wp\/v2\/media\/51110"}],"wp:attachment":[{"href":"https:\/\/graf.cat\/es\/wp-json\/wp\/v2\/media?parent=51095"}],"wp:term":[{"taxonomy":"event-venue","embeddable":true,"href":"https:\/\/graf.cat\/es\/wp-json\/wp\/v2\/event-venues?post=51095"},{"taxonomy":"event-tag","embeddable":true,"href":"https:\/\/graf.cat\/es\/wp-json\/wp\/v2\/event-tags?post=51095"}],"curies":[{"name":"wp","href":"https:\/\/api.w.org\/{rel}","templated":true}]}}

Dimarts de Vídeo &#8211; POR ALEGRÍAS CRÍTICAS

Dimarts de Vídeo - POR ALEGRÍAS CRÍTICAS

Martes de Vídeo - POR ALEGRÍAS CRÍTICAS

DIMARTS DE VÍDEO - SALA BAR
Amb Fernando Gandasegui i Carolina Campos.

El poder està fet d’afectes tristos. Els qui l’exerceixen i aquells sobre els quals s’exerceix, rols normalment intercanviables, estan regits per foscos humors biliars. Les necropolítiques actuals no només s’articulen mitjançant ideologies econòmiques, jurídiques o militars, sinó que també es duen a terme des del govern de les emocions. La depressió, el ressentiment, la por, la solitud o l’estrès són estats anímics adreçats a la pèrdua d’agència comuna, el replegament davant l’ordre donat i la desconfiança cap a canvis susceptibles de revertir les causes del malestar mateix. D’altra banda, ens venen com a positives emocions resultat d’un perpetu estat d’addicció dopamínica, per crear així una ficció espectacular de felicitat monetitzable, però el mecanisme ciclotímic del qual es fa en consumir-se aquesta suposada alegria de la mateixa baixada o afectes del poder.

Davant aquesta violència emocional, i si el poder està fet d’afectes tristos, quins són els afectes del contrapoder? Qualsevol dissidència, tot “no” o “així no”, amaga potències fetes d’emocions alegres com la ira, l’empatia o la solidaritat. Aleshores, són possibles avui les alegries crítiques? Com es poden articular socialment alegries crítiques capaces d’afirmar alternatives politicoemocionals? Com podríem exercitar-les en comú? Per a aquesta ocasió, Fernando Gandasegui i Carolina Camps ens plantegen l’exercici de les alegries crítiques en les arts performatives actuals, camp en què desenvolupen les seves investigacions.

Els afectes tristos van aconseguir censurar <a href="https://hamacaonline.net/titles/rocio/" target="_blank" rel="noopener noreferrer">Rocío</a> (1980), de Fernando Ruiz Vergara, un dels documentals més valents i un dels retrats més tenebrosos i representatius del poder a Espanya, tant que avui dia continua sense haver rebut justícia restaurativa. En aquesta sessió es podrà veure<i> <b>Descartes</b></i>, una projecció de <b>Concha Barquero i Alejandro Alvarado</b> (2021) a partir de les restes descartades de <i>Rocío</i>.
